000
CXUS56 KSEW 011044
CLMUIL


CLIMATE REPORT
NATIONAL WEATHER SERVICE SEATTLE WA
244 AM PST WED MAR 1 2017

...................................

...THE QUILLAYUTE WA AIRPORT CLIMATE SUMMARY FOR THE MONTH OF FEBRUARY 2017...

CLIMATE NORMAL PERIOD 1981 TO 2010
CLIMATE RECORD PERIOD 1966 TO 2017

WEATHER         OBSERVED          NORMAL  DEPART  LAST YEAR`S
                 VALUE   DATE(S)  VALUE   FROM    VALUE  DATE(S)
                                          NORMAL
................................................................
TEMPERATURE (F)
RECORD
 HIGH              73   02/09/2016
                        02/26/1992
                        02/28/1990
 LOW               11   02/02/1989
HIGHEST            60   02/14        MM      MM       73  02/09
LOWEST             23   02/25        MM      MM       31  02/23
                                                          02/01
AVG. MAXIMUM     47.0              49.1    -2.1     54.2
AVG. MINIMUM     32.8              35.2    -2.4     40.8
MEAN             39.9              42.1    -2.2     47.5
DAYS MAX >= 90      0               0.0     0.0        0
DAYS MAX <= 32      0               0.1    -0.1        0
DAYS MIN <= 32     15               9.9     5.1        2
DAYS MIN <= 0       0               0.0     0.0        0

PRECIPITATION (INCHES)
RECORD
 MAXIMUM        26.20   1999
 MINIMUM         0.87   1993
TOTALS          11.77             10.35    1.42    15.74
DAILY AVG.       0.42              0.37    0.05     0.54
DAYS >= .01        22              18.4     3.6       22
DAYS >= .10        17              14.5     2.5       18
DAYS >= .50         9               7.2     1.8       10
DAYS >= 1.00        4               3.1     0.9        6
GREATEST
 24 HR. TOTAL    2.61   02/15 TO 02/15

DEGREE_DAYS
HEATING TOTAL     696               640      56      503
 SINCE 7/1       3822              3845     -23     3123
COOLING TOTAL       0                 0       0        0
 SINCE 1/1          0                 0       0        0
.................................................................

WIND (MPH)
AVERAGE WIND SPEED              6.7
HIGHEST WIND SPEED/DIRECTION    29/050    DATE  02/01
HIGHEST GUST SPEED/DIRECTION    47/200    DATE  02/15

SKY COVER
POSSIBLE SUNSHINE (PERCENT)   MM
AVERAGE SKY COVER           0.60
NUMBER OF DAYS FAIR            7
NUMBER OF DAYS PC              9
NUMBER OF DAYS CLOUDY         12

AVERAGE RH (PERCENT)     82

WEATHER CONDITIONS. NUMBER OF DAYS WITH
THUNDERSTORM              0     MIXED PRECIP               0
HEAVY RAIN                5     RAIN                      10
LIGHT RAIN               23     FREEZING RAIN              1
LT FREEZING RAIN          0     HAIL                       0
HEAVY SNOW                0     SNOW                       0
LIGHT SNOW                7     SLEET                      0
FOG                      24     FOG W/VIS <= 1/4 MILE      0
HAZE                      0

-  INDICATES NEGATIVE NUMBERS.
R  INDICATES RECORD WAS SET OR TIED.
MM INDICATES DATA IS MISSING.
T  INDICATES TRACE AMOUNT.

$$
