000
CXUS53 KLSX 011752
CLMUIN


CLIMATE REPORT
NATIONAL WEATHER SERVICE ST LOUIS MO
1243 PM CDT TUE SEP 1 2015

...................................

...THE QUINCY IL CLIMATE SUMMARY FOR THE MONTH OF AUGUST 2015...

CLIMATE NORMAL PERIOD 1981 TO 2010
CLIMATE RECORD PERIOD 1901 TO 2015

WEATHER         OBSERVED          NORMAL  DEPART  LAST YEAR`S
                 VALUE   DATE(S)  VALUE   FROM    VALUE
                                          NORMAL
.............................................................
TEMPERATURE (F)
RECORD
 HIGH             111   08/09/1934
 LOW               42   08/28/1986
                        08/20/1950
HIGHEST            91   08/31                         93
                        08/02
LOWEST             50   08/25                         56
AVG. MAXIMUM     83.0              84.5    -1.5     83.2
AVG. MINIMUM     63.0              64.4    -1.4     67.0
MEAN             73.0              74.4    -1.4     75.1
DAYS MAX >= 90      2               6.3    -4.3        4
DAYS MAX <= 32      0               0.0     0.0        0
DAYS MIN <= 32      0               0.0     0.0        0
DAYS MIN <= 0       0               0.0     0.0        0

PRECIPITATION (INCHES)
RECORD
 MAXIMUM        10.84   1970
 MINIMUM         0.01   2013
TOTALS           2.13              3.63   -1.50     6.17
DAILY AVG.       0.07              0.12   -0.05     0.20
DAYS >= .01         8               9.0    -1.0       14
DAYS >= .10         4               5.5    -1.5        8
DAYS >= .50         2               2.2    -0.2        3
DAYS >= 1.00        1               0.9     0.1        2
GREATEST
 24 HR. TOTAL    1.03   08/17 TO 08/18

DEGREE_DAYS
HEATING TOTAL       1                 5      -4        0
 SINCE 7/1          4                 5      -1        5
COOLING TOTAL     257               297     -40      321
 SINCE 1/1        954               953       1      929
..............................................................

WIND (MPH)
HIGHEST WIND SPEED/DIRECTION    32/260    DATE  08/18
HIGHEST GUST SPEED/DIRECTION    41/260    DATE  08/18

SKY COVER
NUMBER OF DAYS FAIR           27
NUMBER OF DAYS PC              4
NUMBER OF DAYS CLOUDY          0


WEATHER CONDITIONS. NUMBER OF DAYS WITH
THUNDERSTORM              3     MIXED PRECIP               0
HEAVY RAIN                3     RAIN                       3
LIGHT RAIN               10     FREEZING RAIN              0
LT FREEZING RAIN          0     HEAVY SNOW                 0
SNOW                      0     LIGHT SNOW                 0
SLEET                     0     FOG                       14
FOG W/VIS <= 1/4 MILE     1     HAZE                       3

-  INDICATES NEGATIVE NUMBERS.
R  INDICATES RECORD WAS SET OR TIED.
MM INDICATES DATA IS MISSING.
T  INDICATES TRACE AMOUNT.


...MONTHLY...

TIED 25TH COOLEST AUGUST ON RECORD (73.0 DEGREES).


...DAILY...

NO RECORDS OF NOTE.

$$
