000
CXUS53 KLOT 011347
CLMVPZ


CLIMATE REPORT
NATIONAL WEATHER SERVICE CHICAGO IL
840 AM CDT SAT OCT 1 2016

...................................

...THE VALPARAISO CLIMATE SUMMARY FOR THE MONTH OF SEPTEMBER 2016...

CLIMATE NORMAL PERIOD 1981 TO 2010
CLIMATE RECORD PERIOD 1998 TO 2016

WEATHER         OBSERVED          NORMAL  DEPART  LAST YEAR`S
                 VALUE   DATE(S)  VALUE   FROM    VALUE
                                          NORMAL
.............................................................
TEMPERATURE (F)
RECORD
 HIGH              97   09/11/2013
                        09/10/2013
                        07/04/2012
 LOW               36   09/24/2012
HIGHEST            92   09/07        MM      MM       91
LOWEST             47   09/27        MM      MM       46
AVG. MAXIMUM     79.0              74.3     4.7     79.1
AVG. MINIMUM     58.1              52.6     5.5     57.3
MEAN             68.5              63.4     5.1     68.2

PRECIPITATION (INCHES)
RECORD
 MAXIMUM         5.51   2008
 MINIMUM         0.50   2004
TOTALS           1.24              3.21   -1.97     1.16

DEGREE_DAYS
HEATING TOTAL      27               113     -86       44
 SINCE 7/1         35               130     -95       55
COOLING TOTAL     141                66      75      145
 SINCE 1/1        990               702     288      732
..............................................................

WIND (MPH)
AVERAGE WIND SPEED              6.5
HIGHEST WIND SPEED/DIRECTION    28/250    DATE  09/25
HIGHEST GUST SPEED/DIRECTION    43/260    DATE  09/25

AVERAGE RH (PERCENT)     73


-  INDICATES NEGATIVE NUMBERS.
R  INDICATES RECORD WAS SET OR TIED.
MM INDICATES DATA IS MISSING.
T  INDICATES TRACE AMOUNT.

$$
