158
CXUS56 KPQR 011825
CLMVUO


CLIMATE REPORT
NATIONAL WEATHER SERVICE PORTLAND OREGON
1025 AM PST WED MAR 1 2017

...................................

...THE VANCOUVER WA CLIMATE SUMMARY FOR THE MONTH OF FEBRUARY 2017...

CLIMATE NORMAL PERIOD 1981 TO 2010
CLIMATE RECORD PERIOD 1891 TO 2017

WEATHER         OBSERVED          NORMAL  DEPART  LAST YEAR`S
                 VALUE   DATE(S)  VALUE   FROM    VALUE  DATE(S)
                                          NORMAL
................................................................
TEMPERATURE (F)
RECORD
 HIGH              73   02/28/1968
 LOW               -3   02/03/1950
HIGHEST            59                MM      MM       63  02/25
LOWEST             27                MM      MM       30  02/23
                                                          02/21
AVG. MAXIMUM     47.1              51.7    -4.6     55.4
AVG. MINIMUM     34.8              35.3    -0.5     39.8
MEAN             40.9              43.5    -2.6     47.6
DAYS MAX >= 90      0               0.0     0.0        0
DAYS MAX <= 32      0               0.0     0.0        0
DAYS MIN <= 32      8               8.9    -0.9        5
DAYS MIN <= 0       0               0.0     0.0        0

PRECIPITATION (INCHES)
TOTALS          10.38                               3.81
DAYS >= .01        21                                 19
DAYS >= .10        13                                 13
DAYS >= .50         7                                  0
DAYS >= 1.00        5                                  0
GREATEST
 24 HR. TOTAL    2.15   02/05 TO 02/05
                        02/05 TO 02/06

DEGREE_DAYS
HEATING TOTAL     667                                497
 SINCE 7/1       3300                               2830
COOLING TOTAL       0                                  0
 SINCE 1/1          0                                  0
.................................................................

WIND (MPH)
AVERAGE WIND SPEED              5.5
RESULTANT WIND SPEED/DIRECTION   4/118
HIGHEST WIND SPEED/DIRECTION    29/080    DATE  02/02
HIGHEST GUST SPEED/DIRECTION    44/100    DATE  02/02

SKY COVER
POSSIBLE SUNSHINE (PERCENT)   MM
AVERAGE SKY COVER           0.80

AVERAGE RH (PERCENT)     82

WEATHER CONDITIONS. NUMBER OF DAYS WITH
THUNDERSTORM              0     MIXED PRECIP               0
HEAVY RAIN                4     RAIN                       9
LIGHT RAIN               21     FREEZING RAIN              1
LT FREEZING RAIN          1     HAIL                       0
HEAVY SNOW                0     SNOW                       0
LIGHT SNOW                0     SLEET                      0
FOG                      23     FOG W/VIS <= 1/4 MILE      4
HAZE                      1

-  INDICATES NEGATIVE NUMBERS.
R  INDICATES RECORD WAS SET OR TIED.
MM INDICATES DATA IS MISSING.
T  INDICATES TRACE AMOUNT.

$$
