000
CXUS55 KLKN 020517
CLMWMC


CLIMATE REPORT
NATIONAL WEATHER SERVICE ELKO NV
1002 PM PDT TUE APR 1 2014

...................................

...THE WINNEMUCCA AIRPORT NV CLIMATE SUMMARY FOR THE MONTH OF MARCH 2014...

CLIMATE NORMAL PERIOD 1981 TO 2010
CLIMATE RECORD PERIOD 1877 TO 2014

WEATHER         OBSERVED          NORMAL  DEPART  LAST YEAR`S
                 VALUE   DATE(S)  VALUE   FROM    VALUE  DATE(S)
                                          NORMAL
................................................................
TEMPERATURE (F)
RECORD
 HIGH              82   03/29/1879
 LOW               -3   03/02/1971
                        03/01/1971
                        03/12/1954
HIGHEST            73   03/16        71       2       74  03/13
LOWEST             15   03/23        12       3        9  03/24
                        03/18                             03/23
AVG. MAXIMUM     57.5              55.7     1.8     59.6
AVG. MINIMUM     26.7              26.6     0.1     24.2
MEAN             42.1              41.1     1.0     41.9
DAYS MAX >= 90      0               0.0     0.0        0
DAYS MAX <= 32      0               0.0     0.0        0
DAYS MIN <= 32     22              23.8    -1.8       27
DAYS MIN <= 0       0               0.0     0.0        0

PRECIPITATION (INCHES)
RECORD
 MAXIMUM         3.04   1899
 MINIMUM         0.03   2004
TOTALS           1.11              0.83    0.28     0.33
DAILY AVG.       0.04              0.03    0.01     0.01
DAYS >= .01         8               8.2    -0.2        5
DAYS >= .10         5               3.0     2.0        1
DAYS >= .50         0               0.1    -0.1        0
DAYS >= 1.00        0               0.0     0.0        0
GREATEST
 24 HR. TOTAL    0.30   03/29 TO 03/29              0.12
                        03/04 TO 03/04

SNOWFALL (INCHES)
RECORDS
 TOTAL           23.4   1952
TOTALS            0.7               3.2    -2.5        T
SINCE 7/1        22.2              19.2     3.0     21.9
SNOWDEPTH AVG.      0                                  0
DAYS >= TRACE       4               2.7     1.3        2
DAYS >= 1.0         0               1.1    -1.1        0
DAYS >= 5.0         0                                  0
GREATEST
 SNOW DEPTH         T   03/30                          0
 24 HR TOTAL      0.7   MM                             T

DEGREE_DAYS
HEATING TOTAL     703               739     -36      710
 SINCE 7/1       5362              5328      34     5476
COOLING TOTAL       0                 0       0        0
 SINCE 1/1          0                 0       0        0
.................................................................

WIND (MPH)
AVERAGE WIND SPEED              7.8
HIGHEST WIND SPEED/DIRECTION    36/220    DATE  03/17
HIGHEST GUST SPEED/DIRECTION    48/220    DATE  03/06

AVERAGE RH (PERCENT)     52

WEATHER CONDITIONS. NUMBER OF DAYS WITH
THUNDERSTORM              0     MIXED PRECIP               0
HEAVY RAIN                0     RAIN                       3
LIGHT RAIN               14     FREEZING RAIN              0
LT FREEZING RAIN          0     HAIL                       1
HEAVY SNOW                0     SNOW                       0
LIGHT SNOW                4     SLEET                      0
FOG                       5     FOG W/VIS <= 1/4 MILE      0
HAZE                      1

-  INDICATES NEGATIVE NUMBERS.
R  INDICATES RECORD WAS SET OR TIED.
MM INDICATES DATA IS MISSING.
T  INDICATES TRACE AMOUNT.

&&

=================================================================

...37TH WARMEST MARCH ON RECORD IN WINNEMUCCA...
...39TH WETTEST MARCH ON RECORD IN WINNEMUCCA...
...34TH LEAST SNOWY MARCH ON RECORD IN WINNEMUCCA...

THE AVERAGE TEMPERATURE IN WINNEMUCCA DURING MARCH 2014 WAS 42.1
DEGREES...WHICH IS 1.0 DEGREE ABOVE THE 1981-2010 CLIMATOLOGICAL
NORMAL OF 41.1 DEGREES. THIS MAKES MARCH 2014 THE 37TH WARMEST.
THE TOTAL PRECIPITATION WAS 1.11 INCHES...WHICH IS 0.28 INCHES OR
34 PERCENT ABOVE THE 1981-2010 CLIMATOLOGICAL NORMAL OF 0.83
INCHES. THIS MAKES MARCH 2014 THE 39TH WETTEST ON RECORD. THE
TOTAL SNOWFALL WAS 0.7 INCHES...WHICH IS 2.5 INCHES OR 78 PERCENT
BELOW THE 1981-2010 CLIMATOLOGICAL NORMAL OF 3.2 INCHES. THIS
MAKES MARCH 2014 THE 34TH LEAST SNOWY ON RECORD.

NO DAILY RECORDS WERE SET IN WINNEMUCCA DURING MARCH 2014.

$$

RCM
