000
CXUS55 KLKN 030000
CLMWMC


CLIMATE REPORT
NATIONAL WEATHER SERVICE ELKO NV
443 PM PDT TUE SEP 2 2014

...................................

...THE WINNEMUCCA AIRPORT NV CLIMATE SUMMARY FOR THE MONTH OF AUGUST 2014...

CLIMATE NORMAL PERIOD 1981 TO 2010
CLIMATE RECORD PERIOD 1877 TO 2014

WEATHER         OBSERVED          NORMAL  DEPART  LAST YEAR`S
                 VALUE   DATE(S)  VALUE   FROM    VALUE  DATE(S)
                                          NORMAL
................................................................
TEMPERATURE (F)
RECORD
 HIGH             108   08/06/1983
 LOW               26   08/31/1887
HIGHEST            97   08/02       101      -4      100  08/18
LOWEST             39   08/24        36       3       41  08/11
AVG. MAXIMUM     86.9              91.3    -4.4     91.9
AVG. MINIMUM     51.0              48.8     2.2     49.2
MEAN             69.0              70.0    -1.0     70.5
DAYS MAX >= 90     13              19.8    -6.8       22
DAYS MAX <= 32      0               0.0     0.0        0
DAYS MIN <= 32      0               0.1    -0.1        0
DAYS MIN <= 0       0               0.0     0.0        0

PRECIPITATION (INCHES)
RECORD
 MAXIMUM         1.74   1979
 MINIMUM         0.00   1995
                        1969
                        1937
TOTALS           0.49              0.18    0.31     0.15
DAILY AVG.       0.02              0.01    0.01     0.00
DAYS >= .01         6               2.0     4.0        4
DAYS >= .10         1               0.4     0.6        1
DAYS >= .50         0               0.0     0.0        0
DAYS >= 1.00        0               0.0     0.0        0
GREATEST
 24 HR. TOTAL    0.27   08/05 TO 08/05              0.10

SNOWFALL (INCHES)
RECORDS
 TOTAL              T   1990
TOTALS            0.0               0.0     0.0      0.0
SINCE 7/1         0.0               0.0     0.0        T
SNOWDEPTH AVG.      0                                  0
DAYS >= TRACE       0               0.0     0.0        0
DAYS >= 1.0         0               0.0     0.0        0
DAYS >= 5.0         0                                  0
GREATEST
 SNOW DEPTH         0   MM                             0
 24 HR TOTAL      0.0   08/31 TO 08/31               0.0

DEGREE_DAYS
HEATING TOTAL      19                20      -1        0
 SINCE 7/1         19                30     -11        0
COOLING TOTAL     148               177     -29      179
 SINCE 1/1        625               510     115      681
.................................................................

WIND (MPH)
AVERAGE WIND SPEED              6.9
HIGHEST WIND SPEED/DIRECTION    36/010    DATE  08/09
HIGHEST GUST SPEED/DIRECTION    46/010    DATE  08/09

AVERAGE RH (PERCENT)     42

WEATHER CONDITIONS. NUMBER OF DAYS WITH
THUNDERSTORM              0     MIXED PRECIP               0
HEAVY RAIN                1     RAIN                       2
LIGHT RAIN               13     FREEZING RAIN              0
LT FREEZING RAIN          0     HAIL                       0
HEAVY SNOW                0     SNOW                       0
LIGHT SNOW                0     SLEET                      0
FOG                       4     FOG W/VIS <= 1/4 MILE      0
HAZE                     11

-  INDICATES NEGATIVE NUMBERS.
R  INDICATES RECORD WAS SET OR TIED.
MM INDICATES DATA IS MISSING.
T  INDICATES TRACE AMOUNT.

&&

=================================================================

...54TH COOLEST AUGUST ON RECORD IN WINNEMUCCA...
...23RD WETTEST AUGUST ON RECORD IN WINNEMUCCA...

THE AVERAGE TEMPERATURE IN WINNEMUCCA DURING AUGUST 2014 WAS 69.0
DEGREES...WHICH IS 1.0 DEGREE BELOW THE 1981-2010 CLIMATOLOGICAL
NORMAL OF 70.0 DEGREES. THIS MAKES AUGUST 2014 THE 54TH COOLEST
ON RECORD. THE TOTAL PRECIPITATION WAS 0.49 INCHES...WHICH IS
0.31 INCHES OR 172 PERCENT ABOVE THE 1981-2010 CLIMATOLOGICAL
NORMAL OF 0.18 INCHES. THIS MAKES AUGUST 2014 THE 23RD WETTEST
ON RECORD.

NO DAILY RECORDS WERE SET IN WINNEMUCCA DURING AUGUST 2014.

$$

RCM
