777
CXUS56 KMTR 022231
CLMWVI


CLIMATE REPORT
NATIONAL WEATHER SERVICE SAN FRANCISCO BAY AREA
331 PM PDT SAT APR 2 2016

...................................

...THE WATSONVILLE AIRPORT CLIMATE SUMMARY FOR THE MONTH OF MARCH 2016...

CLIMATE NORMAL PERIOD 1981 TO 2010
CLIMATE RECORD PERIOD 1998 TO 2016

WEATHER         OBSERVED          NORMAL   LAST YEAR`S
                 VALUE   DATE(S)  VALUE    VALUE  DATE(S)

.........................................................
TEMPERATURE (F)
HIGHEST            77   03/17        MM        89  03/14
LOWEST             39   03/29        MM        39  03/03
AVG. MAXIMUM     64.3                        72.8
AVG. MINIMUM     46.6                        47.3
MEAN             55.5              53.2      60.0
DAYS MAX >= 90      0                           0
DAYS MAX <= 32      0                           0
DAYS MIN <= 32      0                           0
DAYS MIN <= 0       0                           0

PRECIPITATION (INCHES)
RECORD
 MAXIMUM           MM   MM
 MINIMUM           MM   MM
TOTALS           7.59                        0.67
DAILY AVG.       0.24                        0.02
DAYS >= .01        13                           4
DAYS >= .10         8                           2
DAYS >= .50         5                           0
DAYS >= 1.00        2                           0
GREATEST
 24 HR. TOTAL    3.08   03/05 TO 03/06    03/23 TO 03/23
                                                   03/31 TO 03/31
                                                   03/31 TO 03/31

DEGREE_DAYS
HEATING TOTAL     287                         154
 SINCE 7/1       1764                        1126
COOLING TOTAL       0                           9
 SINCE 1/1          0                          13
..........................................................

WIND (MPH)
AVERAGE WIND SPEED              4.6
RESULTANT WIND SPEED/DIRECTION   2/218
HIGHEST WIND SPEED/DIRECTION    28/180    DATE  03/11
HIGHEST GUST SPEED/DIRECTION    38/190    DATE  03/11

SKY COVER
POSSIBLE SUNSHINE (PERCENT)   MM
AVERAGE SKY COVER           0.50
NUMBER OF DAYS FAIR           12
NUMBER OF DAYS PC             11
NUMBER OF DAYS CLOUDY          8

AVERAGE RH (PERCENT)     78

WEATHER CONDITIONS. NUMBER OF DAYS WITH
THUNDERSTORM              0     MIXED PRECIP               0
HEAVY RAIN                6     RAIN                       7
LIGHT RAIN               14     FREEZING RAIN              0
LT FREEZING RAIN          0     HAIL                       0
HEAVY SNOW                0     SNOW                       0
LIGHT SNOW                0     SLEET                      0
FOG                      18     FOG W/VIS <= 1/4 MILE      2
HAZE                      1

-  INDICATES NEGATIVE NUMBERS.
R  INDICATES RECORD WAS SET OR TIED.
MM INDICATES DATA IS MISSING.
T  INDICATES TRACE AMOUNT.

$$
