324
CXUS56 KPDT 011502
CLMYKM

CLIMATE REPORT
NATIONAL WEATHER SERVICE PENDLETON OREGON
730 AM PDT FRI MAY 1 2015

....................................

...THE YAKIMA WA CLIMATE SUMMARY FOR THE MONTH OF APRIL 2015...

CLIMATE NORMAL PERIOD 1981 TO 2010
CLIMATE RECORD PERIOD 1909 TO 2015

WEATHER         OBSERVED          NORMAL  DEPART  LAST YEAR`S
                 VALUE   DATE(S)  VALUE   FROM    VALUE  DATE(S)
                                          NORMAL

................................................................

TEMPERATURE (F)
RECORD
 HIGH              92   4/24/1977
 LOW               18   4/19/2008
HIGHEST            84   4/28       80         4            80   4/30
LOWEST             26   4/ 4       24         2            27   4/14
AVG. MAXIMUM     68.2            63.8       4.4          67.0
AVG. MINUMUM     35.5            34.4       1.1          37.0
MEAN             51.9            49.1       2.8          52.0
DAYS MAX >= 90      0               0         0             0
DAYS MAX <= 32      0               0         0             0
DAYS MIN <= 32     11              12        -1             M
DAYS MIN <= 0       0               0         0             M


PRECIPITATION (INCHES)
RECORD
 MAXIMUM          1.83   1995
 MINIMUM             T   2015
TOTALS               T            0.55     -0.55          0.46
DAILY AVG.        0.00            0.02     -0.02          0.02
DAYS >=  0.01        0               6        -6             4
DAYS >=  0.10        0               2        -2             2
DAYS >=  0.50        0               0         0             0
DAYS >=  1.00        0               0         0             0
GREATEST
 24 HR. TOTAL        T   4/25



SNOWFALL (INCHES)
RECORD
 MAXIMUM           0.8   2010
 MINIMUM           0.0   2014
TOTALS             0.0             0.0       0.0           0.0
SINCE 7/1          1.6            22.0     -20.4          19.9
DAYS >=  TRACE                       0         0
DAYS >=  1.0         0               0         0             0
GREATEST
 24 HR. TOTAL      0.0   4/30


DEGREE DAYS
HEATING TOTAL      385             477       -92           381
 SINCE 7/1        4421            5680     -1259          5417
COOLING TOTAL        0               0         0             0
 SINCE 1/1           0               0         0             0

.............................................................

WIND (MPH)
AVERAGE WIND SPEED                     6.7
RESULTANT WIND SPEED/DIRECTION         4/270
HIGHEST WIND SPEED/DIRECTION          32/290      DATE          04/11
HIGHEST GUST SPEED/DIRECTION          46/290      DATE          04/11


WEATHER CONDITIONS. NUMBER OF DAYS WITH
THUNDERSTORM               0    MIXED PRECIP                           0
HEAVY RAIN                 0    RAIN                                   0
LIGHT RAIN                 5    FREEZING RAIN                          0
LT FREEZING RAIN           0    HAIL                                   0
HEAVY SNOW                 0    SNOW                                   0
LIGHT SNOW                 0    SLEET                                  0
FOG                        0    FOG W/VIS <=1/4 MILE                   0
HAZE                       2

-  INDICATES NEGATIVE NUMBERS.
R  INDICATES RECORD WAS SET OR TIED.
MM INDICATES DATA IS MISSING.
T  INDICATES TRACE AMOUNT.

$$
