000
CXUS51 KALY 011419
CLSALB

CLIMATE REPORT
NATIONAL WEATHER SERVICE ALBANY NY
1018 AM EDT TUE SEP 1 2015

...................................

...THE ALBANY NY CLIMATE SUMMARY FOR THE SEASON, FROM
6/1/2015 TO 8/31/2015...

CLIMATE NORMAL PERIOD 1981 TO 2010
CLIMATE RECORD PERIOD 1874 TO 2015

WEATHER         OBSERVED          NORMAL  DEPART  LAST YEAR`S
                 VALUE   DATE(S)  VALUE   FROM    VALUE  DATE(S)
                                          NORMAL
................................................................
TEMPERATURE (F)
RECORD
 HIGH             104   07/04/1911
 LOW               34   08/29/1982
HIGHEST            95   07/29                         91  07/23
                                                          07/01
LOWEST             40   06/07                         46  06/01
AVG. MAXIMUM     81.3              80.2     1.1     80.4
AVG. MINIMUM     60.6              59.3     1.3     60.3
MEAN             71.0              69.7     1.3     70.3
DAYS MAX >= 90      6               6.4    -0.4        4
DAYS MAX <= 32      0               0.0     0.0        0
DAYS MIN <= 32      0               0.0     0.0        0
DAYS MIN <= 0       0               0.0     0.0        0

PRECIPITATION (INCHES)
RECORD
 MAXIMUM        27.21   1871
 MINIMUM         4.29   1929
TOTALS          14.42             11.37    3.05    13.22
DAILY AVG.       0.16              0.12    0.04     0.14
DAYS >= .01        34              33.7     0.3       32
DAYS >= .10        24              21.3     2.7       21
DAYS >= .50        11               7.6     3.4        9
DAYS >= 1.00        3               2.5     0.5        4
GREATEST
 24 HR. TOTAL    1.84   08/11 TO 08/11

DEGREE_DAYS
HEATING TOTAL      52                75     -23
 SINCE 7/1          1                23     -22
COOLING TOTAL     625               512     113
 SINCE 1/1        748               543     205

FREEZE DATES
RECORD
 EARLIEST     09/24/1963
 LATEST       05/27/1969
EARLIEST                        10/10
LATEST                          04/28
.................................................................

WIND (MPH)
AVERAGE WIND SPEED              6.4
HIGHEST WIND SPEED/DIRECTION    32/330    DATE  06/12
HIGHEST GUST SPEED/DIRECTION    43/270    DATE  08/15


WEATHER CONDITIONS. NUMBER OF DAYS WITH
THUNDERSTORM             12     MIXED PRECIP               0
HEAVY RAIN               15     RAIN                      14
LIGHT RAIN               46     FREEZING RAIN              0
LT FREEZING RAIN          0     HAIL                       0
HEAVY SNOW                0     SNOW                       0
LIGHT SNOW                0     SLEET                      0
FOG                      46     FOG W/VIS <= 1/4 MILE      2
HAZE                     10

-  INDICATES NEGATIVE NUMBERS.
R  INDICATES RECORD WAS SET OR TIED.
MM INDICATES DATA IS MISSING.
T  INDICATES TRACE AMOUNT.

$$
