000
CXUS53 KDVN 011430
CLSBRL


CLIMATE REPORT
NATIONAL WEATHER SERVICE QUAD CITIES IA IL
930 AM CDT WED JUN 1 2016

...................................

...THE BURLINGTON IA CLIMATE SUMMARY FOR THE SEASON, FROM
3/1/2016 TO 5/31/2016...

CLIMATE NORMAL PERIOD 1981 TO 2010
CLIMATE RECORD PERIOD 1897 TO 2016

WEATHER         OBSERVED          NORMAL  DEPART
                 VALUE   DATE(S)  VALUE   FROM
                                          NORMAL
................................................
TEMPERATURE (F)
RECORD
 HIGH             103   05/31/1934
 LOW              -13   03/05/1960
HIGHEST            86   05/30        79       7
LOWEST             14   03/02        26     -12
AVG. MAXIMUM     63.5              63.5     0.0
AVG. MINIMUM     43.9              42.5     1.4
MEAN             53.6              53.0     0.6
DAYS MAX >= 90      0
DAYS MAX <= 32      0
DAYS MIN <= 32     18
DAYS MIN <= 0       0

PRECIPITATION (INCHES)
TOTALS           9.47             11.40   -1.93
DAILY AVG.       0.10              0.12   -0.02
DAYS >= .01        36
DAYS >= .10        22
DAYS >= .50         7
DAYS >= 1.00        0
GREATEST
 24 HR. TOTAL    0.83   05/09 TO 05/10

DEGREE_DAYS
HEATING TOTAL    1114              1209     -95
 SINCE 7/1       4996              5587    -591
COOLING TOTAL      99               104      -5
 SINCE 1/1         99               103      -4
.................................................

WIND (MPH)
AVERAGE WIND SPEED              9.0
HIGHEST WIND SPEED/DIRECTION    36/240    DATE  04/03
HIGHEST GUST SPEED/DIRECTION    50/320    DATE  04/02

SKY COVER
POSSIBLE SUNSHINE (PERCENT)   MM
AVERAGE SKY COVER           0.40
NUMBER OF DAYS FAIR           44
NUMBER OF DAYS PC             32
NUMBER OF DAYS CLOUDY         16

AVERAGE RH (PERCENT)     71

WEATHER CONDITIONS. NUMBER OF DAYS WITH
THUNDERSTORM             17     HAIL                       0
SLEET                     0     FOG                       48
FOG W/VIS <= 1/4 MILE     6     HAZE                      25

-  INDICATES NEGATIVE NUMBERS.
R  INDICATES RECORD WAS SET OR TIED.
MM INDICATES DATA IS MISSING.
T  INDICATES TRACE AMOUNT.

$$
