000
CXUS53 KDDC 011630
CLSDDC


CLIMATE REPORT
NATIONAL WEATHER SERVICE DODGE CITY KS
1022 AM CST FRI DEC 1 2017

...................................

...THE DODGE CITY KS CLIMATE SUMMARY FOR THE SEASON, FROM
9/1/2017 TO 11/30/2017...

CLIMATE NORMAL PERIOD 1981 TO 2010
CLIMATE RECORD PERIOD 1875 TO 2017

WEATHER         OBSERVED          NORMAL  DEPART  LAST YEAR`S
                 VALUE   DATE(S)  VALUE   FROM    VALUE  DATE(S)
                                          NORMAL
................................................................
TEMPERATURE (F)
RECORD
 HIGH             107   09/01/2011
 LOW              -13   11/27/1887
HIGHEST           101   09/21        MM      MM      101  10/17
LOWEST             17   10/28        MM      MM       14  11/19
AVG. MAXIMUM     73.0              69.3     3.7     76.9
AVG. MINIMUM     44.2              43.3     0.9     46.6
MEAN             58.6              56.3     2.3     61.8
DAYS MAX >= 90     16               8.4     7.6       19
DAYS MAX <= 32      0               1.3    -1.3        0
DAYS MIN <= 32     19              20.6    -1.6       14
DAYS MIN <= 0       0               0.0     0.0        0

PRECIPITATION (INCHES)
RECORD
 MAXIMUM        12.72   1906
 MINIMUM         0.25   1980
TOTALS           1.92              4.17   -2.25     0.77
DAILY AVG.       0.02              0.05   -0.03     0.01
DAYS >= .01         9              16.3    -7.3        7
DAYS >= .10         4               7.7    -3.7        3
DAYS >= .50         1               2.5    -1.5        0
DAYS >= 1.00        0               1.1    -1.1        0
GREATEST
 24 HR. TOTAL    0.98   09/25 TO 09/25           09/08 TO 09/08

SNOWFALL (INCHES)
RECORDS
 TOTAL           26.7   1992
 24 HR TOTAL     12.1   11/24/1992
 SNOW DEPTH        14   11/25/1992
                        11/26/1992
TOTALS            0.0               2.2    -2.2      0.0
 LIQUID EQUIV    0.00              0.20   -0.20     0.00
SINCE 7/1         0.0               2.2    -2.2      0.0
 LIQUID 7/1      0.00              0.20   -0.20     0.00
SNOWDEPTH AVG.      0                MM      MM        0
DAYS >= TRACE       0               1.4    -1.4        0
DAYS >= 1.0         0               0.6    -0.6        0
GREATEST
 SNOW DEPTH         0   MM                             0  MM
 24 HR TOTAL      0.0   MM                       09/08 TO 09/08

DEGREE_DAYS
HEATING TOTAL     854              1009    -155      596
 SINCE 7/1        854              1014    -160      596
COOLING TOTAL     288               216      72      326
 SINCE 1/1       1520              1463      57     1580
.........................................................

WIND (MPH)
AVERAGE WIND SPEED              12.9
RESULTANT WIND SPEED/DIRECTION   4/183
HIGHEST WIND SPEED/DIRECTION    39/360    DATE  10/26
HIGHEST GUST SPEED/DIRECTION    55/010    DATE  10/26

SKY COVER
POSSIBLE SUNSHINE (PERCENT)   MM
AVERAGE SKY COVER           0.20
NUMBER OF DAYS FAIR           61
NUMBER OF DAYS PC             26
NUMBER OF DAYS CLOUDY          4

AVERAGE RH (PERCENT)     58

WEATHER CONDITIONS. NUMBER OF DAYS WITH
THUNDERSTORM              4     MIXED PRECIP               0
HEAVY RAIN                4     RAIN                       4
LIGHT RAIN               15     FREEZING RAIN              0
LT FREEZING RAIN          0     HAIL                       0
HEAVY SNOW                0     SNOW                       0
LIGHT SNOW                0     SLEET                      0
FOG                      31     FOG W/VIS <= 1/4 MILE      4
HAZE                     42

-  INDICATES NEGATIVE NUMBERS.
R  INDICATES RECORD WAS SET OR TIED.
MM INDICATES DATA IS MISSING.
T  INDICATES TRACE AMOUNT.

$$
