000
CXUS53 KDVN 011158
CLSDVN


CLIMATE REPORT
NATIONAL WEATHER SERVICE QUAD CITIES IA IL
649 AM CDT THU SEP 1 2016

...................................

...THE DAVENPORT IA CLIMATE SUMMARY FOR THE SEASON, FROM
6/1/2016 TO 8/31/2016...

CLIMATE NORMAL PERIOD 1981 TO 2010
CLIMATE RECORD PERIOD 9999 TO 9999

WEATHER         OBSERVED          NORMAL  DEPART
                 VALUE   DATE(S)  VALUE   FROM
                                          NORMAL
................................................
TEMPERATURE (F)
HIGHEST            92   07/21        84       8
LOWEST             48   06/08        55      -7
AVG. MAXIMUM     82.9              82.0     0.9
AVG. MINIMUM     63.1              61.1     2.0
MEAN             73.0              71.6     1.4
DAYS MAX >= 90      7
DAYS MAX <= 32      0
DAYS MIN <= 32      0
DAYS MIN <= 0       0

PRECIPITATION (INCHES)
TOTALS          21.92             13.01    8.91
DAILY AVG.       0.24              0.14    0.10
DAYS >= .01        35
DAYS >= .10        24
DAYS >= .50        14
DAYS >= 1.00        7
GREATEST
 24 HR. TOTAL    4.44   08/11 TO 08/12

SNOWFALL (INCHES)
TOTALS            0.0
SINCE 7/1         0.0
SNOWDEPTH AVG.      0
DAYS >= TRACE       0
DAYS >= 1.0         0
GREATEST
 SNOW DEPTH         0   MM
 24 HR TOTAL      0.0   MM

DEGREE_DAYS
HEATING TOTAL       9                39     -30
 SINCE 7/1          4                14     -10
COOLING TOTAL     767               643     124
 SINCE 1/1        852               704     148
.................................................

WIND (MPH)
AVERAGE WIND SPEED              7.1
HIGHEST WIND SPEED/DIRECTION    36/280    DATE  07/13
HIGHEST GUST SPEED/DIRECTION    47/270    DATE  07/13

SKY COVER
POSSIBLE SUNSHINE (PERCENT)   MM
AVERAGE SKY COVER           0.30
NUMBER OF DAYS FAIR           64
NUMBER OF DAYS PC             27
NUMBER OF DAYS CLOUDY          1

AVERAGE RH (PERCENT)     75

WEATHER CONDITIONS. NUMBER OF DAYS WITH
THUNDERSTORM             30     HAIL                       0
SLEET                     0     FOG                       53
FOG W/VIS <= 1/4 MILE     5     HAZE                      11

-  INDICATES NEGATIVE NUMBERS.
R  INDICATES RECORD WAS SET OR TIED.
MM INDICATES DATA IS MISSING.
T  INDICATES TRACE AMOUNT.

$$
