000
CXUS55 KLKN 030716
CLSEKO


CLIMATE REPORT
NATIONAL WEATHER SERVICE ELKO NV
1050 PM PST TUE DEC 2 2014

...................................

...THE ELKO AIRPORT NV CLIMATE SUMMARY FOR THE SEASON, FROM
9/1/2014 TO 11/30/2014...

CLIMATE NORMAL PERIOD 1981 TO 2010
CLIMATE RECORD PERIOD 1888 TO 2014

WEATHER         OBSERVED          NORMAL  DEPART  LAST YEAR`S
                 VALUE   DATE(S)  VALUE   FROM    VALUE
                                          NORMAL
.............................................................
TEMPERATURE (F)
RECORD
 HIGH              99   09/03/1950
 LOW              -16   11/29/1896
HIGHEST            93   09/17        92       1       91
LOWEST              4   11/16         4       0       17
AVG. MAXIMUM     68.0              63.7     4.3     63.8
AVG. MINIMUM     33.1              29.7     3.4     32.9
MEAN             50.5              46.7     3.8     48.3
DAYS MAX >= 90      4               2.0     2.0        1
DAYS MAX <= 32      1               2.2    -1.2        0
DAYS MIN <= 32     44              52.2    -8.2       58
DAYS MIN <= 0       0               0.7    -0.7        0

PRECIPITATION (INCHES)
RECORD
 MAXIMUM         5.73   1900
 MINIMUM         0.45   1933
TOTALS           1.53              2.43   -0.90     2.15
DAILY AVG.          T              0.03   -0.03     0.02
DAYS >= .01        14              17.3    -3.3       17
DAYS >= .10         5               7.8    -2.8        7
DAYS >= .50         1               1.0     0.0        1
DAYS >= 1.00        0               0.0     0.0        0

SNOWFALL (INCHES)
RECORDS
 TOTAL           20.0   1930
TOTALS            1.9               5.7    -3.8      5.7
DAYS >= 1.0         1               2.2    -1.2        2

DEGREE_DAYS
HEATING TOTAL    1340              1686    -346     1560
COOLING TOTAL      45                21      24       66
..............................................................

WIND (MPH)
AVERAGE WIND SPEED              5.4
HIGHEST WIND SPEED/DIRECTION    36/330    DATE  10/11
HIGHEST GUST SPEED/DIRECTION    47/340    DATE  10/11

AVERAGE RH (PERCENT)     48

WEATHER CONDITIONS. NUMBER OF DAYS WITH
THUNDERSTORM              0     MIXED PRECIP               0
HEAVY RAIN                0     RAIN                       3
LIGHT RAIN               13     FREEZING RAIN              0
LT FREEZING RAIN          0     HAIL                       0
HEAVY SNOW                1     SNOW                       2
LIGHT SNOW                8     SLEET                      0
FOG                      12     FOG W/VIS <= 1/4 MILE      2
HAZE                     13

-  INDICATES NEGATIVE NUMBERS.
R  INDICATES RECORD WAS SET OR TIED.
MM INDICATES DATA IS MISSING.
T  INDICATES TRACE AMOUNT.

&&

==============================================================

...3RD WARMEST METEOROLOGICAL AUTUMN ON RECORD IN ELKO...
...42ND DRIEST METEOROLOGICAL AUTUMN ON RECORD IN ELKO...
...39TH LEAST SNOWY METEOROLOGICAL AUTUMN ON RECORD IN ELKO...

THE AVERAGE TEMPERATURE IN ELKO DURING METEOROLOGICAL AUTUMN
(SEPTEMBER, OCTOBER AND NOVEMBER) 2014 WAS 50.5 DEGREES...
WHICH IS 3.8 DEGREES ABOVE THE 1981-2010 CLIMATOLOGICAL NORMAL
OF 46.7 DEGREES. THIS MAKES METEOROLOGICAL AUTUMN 2014 THE 3RD
WARMEST ON RECORD. THE TOTAL PRECIPITATION WAS 1.53 INCHES...
WHICH IS 0.90 INCHES OR 37 PERCENT BELOW THE 1981-2010
CLIMATOLOGICAL NORMAL OF 2.43 INCHES. THIS MAKES
METEOROLOGICAL AUTUMN 2014 THE 42ND DRIEST ON RECORD. THE
TOTAL SNOWFALL WAS 1.9 INCHES...WHICH IS 3.8 INCHES OR 67
PERCENT BELOW THE 1981-2010 CLIMATOLOGICAL NORMAL OF 5.7
INCHES. THIS MAKES METEOROLOGICAL AUTUMN 2014 THE 39TH LEAST
SNOWY ON RECORD.

NO MONTHLY RECORDS WERE SET IN ELKO DURING METEOROLOGICAL AUTUMN 2014.

$$

RCM
