000
CXUS53 KGRB 012035
CLSGRB

CLIMATE REPORT
NATIONAL WEATHER SERVICE GREEN BAY
235 PM TUE MAR 1 2016

...5TH WARMEST AND 3RD WETTEST WINTER ON RECORD AT GREEN BAY...

...THE GREEN BAY WI WINTER CLIMATE SUMMARY FROM 12/1/2015 TO 2/29/2016...

CLIMATE NORMAL PERIOD 1981 TO 2010
CLIMATE RECORD PERIOD 1886 TO 2016

WEATHER         OBSERVED          NORMAL  DEPART  LAST YEAR`S
                 VALUE   DATE(S)  VALUE   FROM    VALUE  DATE(S)
                                          NORMAL
................................................................
TEMPERATURE (F)
RECORD
 HIGH              64   12/05/2001
 LOW              -36   01/21/1888
HIGHEST            55   12/14        50       5       45  12/26
                        12/13                             12/15
LOWEST            -13   02/14       -19       6      -15  02/23
AVG. MAXIMUM     32.3              27.0     5.3     25.1
AVG. MINIMUM     19.3              11.9     7.4     10.5
MEAN             25.8              19.4     6.4     17.8
DAYS MAX >= 90      0               0.0     0.0        0
DAYS MAX <= 32     41              58.8   -17.8       66
DAYS MIN <= 32     76              86.0   -10.0       84
DAYS MIN <= 0      14              18.1    -4.1       27

PRECIPITATION (INCHES)
RECORD
 MAXIMUM         9.07   1922
 MINIMUM         1.34   1987
                        1961
TOTALS           8.19              3.75    4.44     2.65
DAILY AVG.       0.09              0.04    0.05     0.03
DAYS >= .01        33              28.6     4.4       19
DAYS >= .10        17              10.9     6.1       10
DAYS >= .50         4               1.2     2.8        1
DAYS >= 1.00        2               0.2     1.8        0

SNOWFALL (INCHES)
RECORDS
 TOTAL           77.1   2008
 24 HR TOTAL       MM
TOTALS           33.6              36.0    -2.4     20.3
SINCE 7/1        33.8              40.2    -6.4     28.5
DAYS >= TRACE      52              26.6    25.4       51
DAYS >= 1.0         8              10.9    -2.9        7
GREATEST
 SNOW DEPTH        13   12/29                          7  02/20
 24 HR TOTAL     11.5   12/28

DEGREE_DAYS
HEATING TOTAL    3539              4100    -561     4201
 SINCE 7/1       4811              5880   -1069     6038
COOLING TOTAL       0                 0       0        0
 SINCE 1/1          0                 0       0        0

FREEZE DATES
RECORD
 EARLIEST     09/12/1955
 LATEST       06/06/1958
EARLIEST                        10/04
LATEST                          05/05
.................................................................

WIND (MPH)
AVERAGE WIND SPEED              9.6
HIGHEST WIND SPEED/DIRECTION    43/040    DATE  12/28
HIGHEST GUST SPEED/DIRECTION    54/040    DATE  12/28

SKY COVER
POSSIBLE SUNSHINE (PERCENT)   MM
AVERAGE SKY COVER           0.60
NUMBER OF DAYS FAIR           22
NUMBER OF DAYS PC             24
NUMBER OF DAYS CLOUDY         45

AVERAGE RH (PERCENT)     78

WEATHER CONDITIONS. NUMBER OF DAYS WITH
THUNDERSTORM              2     MIXED PRECIP               0
HEAVY RAIN                3     RAIN                       8
LIGHT RAIN               22     FREEZING RAIN              0
LT FREEZING RAIN          4     HAIL                       0
HEAVY SNOW                3     SNOW                       4
LIGHT SNOW               49     SLEET                      1
FOG                      50     FOG W/VIS <= 1/4 MILE      6
HAZE                     11

-  INDICATES NEGATIVE NUMBERS.
R  INDICATES RECORD WAS SET OR TIED.
MM INDICATES DATA IS MISSING.
T  INDICATES TRACE AMOUNT.

$$
ECKBERG
