000
CXUS53 KGRB 052047
CLSGRB

CLIMATE REPORT
NATIONAL WEATHER SERVICE GREEN BAY                                   34
346 PM MON SEP 5 2016


...THE GREEN BAY WI SUMMER CLIMATE SUMMARY FROM 6/1/2016 TO 8/31/2016...

CLIMATE NORMAL PERIOD 1981 TO 2010
CLIMATE RECORD PERIOD 1886 TO 2016

WEATHER         OBSERVED          NORMAL  DEPART  LAST YEAR`S
                 VALUE   DATE(S)  VALUE   FROM    VALUE  DATE(S)
                                          NORMAL
................................................................
TEMPERATURE (F)
RECORD
 HIGH             104   07/13/1936
 LOW               32   06/06/1958
HIGHEST            91   06/11        94      -3       93  08/02
LOWEST             44   06/08        40       4       41  06/02
AVG. MAXIMUM     80.1              77.6     2.5     78.5
AVG. MINIMUM     59.1              56.5     2.6     56.9
MEAN             69.6              67.0     2.6     67.7
DAYS MAX >= 90      3               3.1    -0.1        2
DAYS MAX <= 32      0               0.0     0.0        0
DAYS MIN <= 32      0               0.0     0.0        0
DAYS MIN <= 0       0               0.0     0.0        0

PRECIPITATION (INCHES)
RECORD
 MAXIMUM        20.66   2010
 MINIMUM         4.42   1976
TOTALS          10.44             10.75   -0.31     9.26
DAILY AVG.       0.11              0.12   -0.01     0.10
DAYS >= .01        35              31.1     3.9       25
DAYS >= .10        26              19.4     6.6       18
DAYS >= .50         7               7.2    -0.2        7
DAYS >= 1.00        2               2.7    -0.7        3

SNOWFALL (INCHES)
RECORDS
 TOTAL            0.0   MM
 24 HR TOTAL       MM
TOTALS            0.0               0.0     0.0      0.0
SINCE 7/1         0.0               0.0     0.0      0.0
DAYS >= TRACE       0               0.0     0.0        0
DAYS >= 1.0         0               0.0     0.0        0
GREATEST
 SNOW DEPTH         0   MM                             0  MM
 24 HR TOTAL      0.0   MM

DEGREE_DAYS
HEATING TOTAL      38               155    -117      103
 SINCE 7/1         13                63     -50       50
COOLING TOTAL     489               344     145      374
 SINCE 1/1        522               362     160      402

FREEZE DATES
RECORD
 EARLIEST     09/12/1955
 LATEST       06/06/1958
EARLIEST                        10/04
LATEST                          05/05
.................................................................

WIND (MPH)
AVERAGE WIND SPEED              6.9
HIGHEST WIND SPEED/DIRECTION    41/350    DATE  06/10
HIGHEST GUST SPEED/DIRECTION    53/350    DATE  06/10

SKY COVER
POSSIBLE SUNSHINE (PERCENT)   MM
AVERAGE SKY COVER           0.30
NUMBER OF DAYS FAIR           59
NUMBER OF DAYS PC             27
NUMBER OF DAYS CLOUDY          6

AVERAGE RH (PERCENT)     75

WEATHER CONDITIONS. NUMBER OF DAYS WITH
THUNDERSTORM             20     MIXED PRECIP               0
HEAVY RAIN               13     RAIN                      22
LIGHT RAIN               32     FREEZING RAIN              0
LT FREEZING RAIN          0     HAIL                       0
HEAVY SNOW                0     SNOW                       0
LIGHT SNOW                0     SLEET                      0
FOG                      48     FOG W/VIS <= 1/4 MILE      3
HAZE                     11

-  INDICATES NEGATIVE NUMBERS.
R  INDICATES RECORD WAS SET OR TIED.
MM INDICATES DATA IS MISSING.
T  INDICATES TRACE AMOUNT.
...................................

$$
ECKBERG
