000
CXUS53 KEAX 010658
CLSIRK

STLCLMWS3 000
TTAA00 KEAX 010656


CLIMATE REPORT
NATIONAL WEATHER SERVICE KANSAS CITY/PLEASANT HILL MO
1255 AM CST SAT MAR 1 2014

...................................

...THE KIRKSVILLE CLIMATE SUMMARY FOR THE SEASON, FROM
12/1/2013 TO 2/28/2014...

CLIMATE NORMAL PERIOD 1981 TO 2010
CLIMATE RECORD PERIOD 9999 TO 9999

WEATHER         OBSERVED          NORMAL  DEPART  LAST YEAR`S
                 VALUE   DATE(S)  VALUE   FROM    VALUE  DATE(S)
                                          NORMAL
................................................................
TEMPERATURE (F)
HIGHEST            60   01/12        63      -3       71  12/03
LOWEST            -17R  02/07        -5     -12       -1  02/01
AVG. MAXIMUM     33.1              37.1    -4.0     39.5
AVG. MINIMUM     10.8              19.3    -8.5     20.8
MEAN             21.9              28.2    -6.3     30.2
DAYS MAX >= 90      0               0.0     0.0        0
DAYS MAX <= 32     46              33.3    12.7       27
DAYS MIN <= 32     84              78.6     5.4       77
DAYS MIN <= 0      20               8.1    11.9        1

PRECIPITATION (INCHES)
TOTALS           4.86              4.55    0.31     7.32
DAILY AVG.       0.06              0.05    0.01     0.08
DAYS >= .01        26              20.3     5.7       26
DAYS >= .10        17               9.9     7.1       16
DAYS >= .50         2               2.6    -0.6        5
DAYS >= 1.00        1               0.9     0.1        1
GREATEST
 24 HR. TOTAL    1.54   MM

DEGREE_DAYS
HEATING TOTAL    3703              3312     391     3110
COOLING TOTAL       0                 0       0        0
.................................................................

WIND (MPH)
AVERAGE WIND SPEED              9.6
HIGHEST WIND SPEED/DIRECTION    36/330    DATE  01/26
HIGHEST GUST SPEED/DIRECTION    53/320    DATE  01/26

SKY COVER
POSSIBLE SUNSHINE (PERCENT)   MM
AVERAGE SKY COVER           0.40
NUMBER OF DAYS FAIR           41
NUMBER OF DAYS PC             28
NUMBER OF DAYS CLOUDY         21

AVERAGE RH (PERCENT)     68

WEATHER CONDITIONS. NUMBER OF DAYS WITH
THUNDERSTORM              0     MIXED PRECIP               0
HEAVY RAIN                2     RAIN                       2
LIGHT RAIN               10     FREEZING RAIN              3
LT FREEZING RAIN          4     HAIL                       0
HEAVY SNOW                2     SNOW                      12
LIGHT SNOW               32     SLEET                      0
FOG                      41     FOG W/VIS <= 1/4 MILE      6
HAZE                     33

-  INDICATES NEGATIVE NUMBERS.
R  INDICATES RECORD WAS SET OR TIED.
MM INDICATES DATA IS MISSING.
T  INDICATES TRACE AMOUNT.

$$
