000
CXUS51 KCTP 020114
CLSJST

CLIMATE REPORT
NATIONAL WEATHER SERVICE STATE COLLEGE PA
757 PM EST SUN MAR 1 2015

...................................

...THE JOHNSTOWN CLIMATE SUMMARY FOR THE SEASON, FROM
12/1/2014 TO 2/28/2015...

CLIMATE NORMAL PERIOD 1981 TO 2010
CLIMATE RECORD PERIOD 2000 TO 2015

WEATHER         OBSERVED          NORMAL  DEPART  LAST YEAR`S
                 VALUE   DATE(S)  VALUE   FROM    VALUE  DATE(S)
                                          NORMAL
................................................................
TEMPERATURE (F)
RECORD
 HIGH              80   01/26/1950
 LOW              -20   01/30/1977
HIGHEST            58   01/04        MM      MM       62  12/22
LOWEST            -11   02/16        MM      MM      -14  01/07
AVG. MAXIMUM     30.7              34.2    -3.5     31.1
AVG. MINIMUM     16.6              20.7    -4.1     16.2
MEAN             23.6              27.4    -3.8     23.6
DAYS MAX >= 90      0                MM      MM        0
DAYS MAX <= 32     53                MM      MM       50
DAYS MIN <= 32     83                MM      MM       80
DAYS MIN <= 0      11                MM      MM       13

PRECIPITATION (INCHES)
RECORD
 MAXIMUM        18.07   1937
 MINIMUM         5.87   1968
TOTALS           5.73              7.80   -2.07     7.21
DAILY AVG.       0.06              0.09   -0.03     0.08
DAYS >= .01        42                MM      MM       48
DAYS >= .10        18                MM      MM       18
DAYS >= .50         3                MM      MM        5
DAYS >= 1.00        0                MM      MM        0
GREATEST
 24 HR. TOTAL    0.90


DEGREE_DAYS
HEATING TOTAL    3678              3420     258     3697
 SINCE 7/1       5189              4879     310       MM
COOLING TOTAL       0                 0       0        0
 SINCE 1/1          0                 0       0        0

FREEZE DATES
RECORD
 EARLIEST     08/31/1894
 LATEST       05/27/1915
EARLIEST                        MM
LATEST                          MM
.........................................................

WIND (MPH)
AVERAGE WIND SPEED              11.6
RESULTANT WIND SPEED/DIRECTION   8/263
HIGHEST WIND SPEED/DIRECTION    37/250    DATE  01/09
HIGHEST GUST SPEED/DIRECTION    54/250    DATE  01/09

SKY COVER
POSSIBLE SUNSHINE (PERCENT)   MM
AVERAGE SKY COVER           0.70
NUMBER OF DAYS FAIR           12
NUMBER OF DAYS PC             30
NUMBER OF DAYS CLOUDY         48

AVERAGE RH (PERCENT)     73

WEATHER CONDITIONS. NUMBER OF DAYS WITH
THUNDERSTORM              0     MIXED PRECIP               0
HEAVY RAIN                2     RAIN                       8
LIGHT RAIN               18     FREEZING RAIN              4
LT FREEZING RAIN         13     HAIL                       0
HEAVY SNOW               10     SNOW                      19
LIGHT SNOW               58     SLEET                      1
FOG                      66     FOG W/VIS <= 1/4 MILE     26
HAZE                     36

-  INDICATES NEGATIVE NUMBERS.
R  INDICATES RECORD WAS SET OR TIED.
MM INDICATES DATA IS MISSING.
T  INDICATES TRACE AMOUNT.

$$

CJE
