000
CXUS53 KARX 030047 RRA
CLSLSE

CLIMATE REPORT
NATIONAL WEATHER SERVICE LA CROSSE WI
635 PM CDT WED DEC 2 2015

...2ND WARMEST METEOROLOGICAL AUTUMN IN LA CROSSE WI...

THE AUTUMN OF 2015 WAS UNUSUALLY WARM WITH NEAR-NORMAL PRECIPITATION AT
LA CROSSE, WI.  MORE DETAILS CAN BE FOUND BELOW.

TEMPERATURES...

FROM SEPTEMBER 1 THROUGH NOVEMBER 30 2015...LA CROSSE REGIONAL
AIRPORT HAD AN AVERAGE TEMPERATURE OF 55.1 DEGREES.  THIS WAS 5.5
DEGREES WARMER THAN THE 1981-2010 NORMAL OF 49.6 DEGREES.  THIS
AUTUMN TIED 1963 FOR THE SECOND WARMEST AUTUMN EVER RECORDED. ONLY
1931 WAS WARMER WITH AN AVERAGE OF 55.6 DEGREES.  THE TABLE BELOW
LISTS THE TOP TEN WARMEST AUTUMNS IN LA CROSSE WI.

              WARMEST AUTUMNS
              IN LA CROSSE WI
                 1873-2015

                  AVERAGE
      RANK      TEMPERATURE     YEAR
      ----      -----------     ----
        1       55.6 DEGREES    1931
        2       55.1 DEGREES    2015
                55.1 DEGREES    1963
        4       54.3 DEGREES    1998
        5       54.2 DEGREES    1994
        6       53.4 DEGREES    1922
        7       53.0 DEGREES    1953
        8       52.8 DEGREES    2005
        9       52.7 DEGREES    2007
       10       52.5 DEGREES    2004
                52.5 DEGREES    1948

THE TABLE BELOW CONTAINS THE MONTHLY AVERAGE TEMPERATURES AND THEIR
DEPARTURES FROM NORMAL FOR THE AUTUMN OF 2015.

           AUTUMN 2015 TEMPERATURES
               IN LA CROSSE WI

                  AVERAGE            DEPARTURE
   MONTH        TEMPERATURE         FROM NORMAL
   -----        -----------         -----------
   SEPTEMBER   69.3 DEGREES        +6.5 DEGREES - WARMEST
   OCTOBER     52.9 DEGREES        +2.7 DEGREES
   NOVEMBER    43.1 DEGREES        +7.2 DEGREES - 3RD WARMEST

   AUTUMN      55.1 DEGREES        +5.5 DEGREES - 2ND WARMEST

THE AVERAGE HIGH TEMPERATURE WAS 64.8 DEGREES WHICH WAS 5.8 DEGREES
WARMER THAN 1981-2010 NORMAL OF 59.0 DEGREES.  THIS WAS THE SECOND
WARMEST AVERAGE.  ONLY 1931 WAS WARMER WITH AN AVERAGE OF 65.0
DEGREES.

THE AVERAGE LOW TEMPERATURE WAS 45.5 DEGREES WHICH WAS 5.2 DEGREES
WARMER THAN 1981-2010 NORMAL OF 40.3 DEGREES.  THIS WAS THE THIRD
WARMEST AVERAGE.  ONLY 1931 /46.4 DEGREES/ AND 1963 /45.8 DEGREES/
WERE WARMER.

THE WARMEST HIGH TEMPERATURE WAS 92 DEGREES ON SEPTEMBER 6TH.
THE COLDEST HIGH TEMPERATURE WAS 31 DEGREES ON NOVEMBER 21ST AND
22ND.

THE WARMEST LOW TEMPERATURE WAS 76 DEGREES ON SEPTEMBER 6TH.  THIS
TIED THE WARMEST LOW TEMPERATURE EVER RECORDED IN AN AUTUMN.  THE
ONLY OTHER TIME THAT THIS OCCURRED WAS BACK IN 1937 /SEPTEMBER 2ND/.
THE COLDEST LOW TEMPERATURE WAS 16 DEGREES ON NOVEMBER 28TH.

PRECIPITATION...

FROM SEPTEMBER 1 THROUGH NOVEMBER 30 2015...LA CROSSE REGIONAL
AIRPORT RECEIVED 6.84 INCHES OF PRECIPITATION.  THIS WAS 0.90 INCHES
DRIER THAN THE 1981-2010 NORMAL OF 7.74 INCHES.

THE TABLE BELOW CONTAINS THE MONTHLY PRECIPITATION TOTALS AND THEIR
DEPARTURES FROM NORMAL FOR THE AUTUMN OF 2015.

          AUTUMN 2015 PRECIPITATION
               IN LA CROSSE WI

                PRECIPITATION         DEPARTURE
   MONTH            TOTAL            FROM NORMAL
   -----        ------------         -----------
   SEPTEMBER    2.73 INCHES         -0.83 INCHES
   OCTOBER      2.18 INCHES         +0.01 INCHES
   NOVEMBER     1.93 INCHES         -0.08 INCHES

   AUTUMN       7.74 INCHES         -0.90 INCHES

THE HIGHEST DAILY PRECIPITATION TOTAL WAS 1.15 INCHES ON SEPTEMBER
8TH.  THIS WAS 14.6 PERCENT OF THE AUTUMN PRECIPITATION.

SNOWFALL...

FROM SEPTEMBER 1 THROUGH NOVEMBER 30 2015...LA CROSSE REGIONAL
AIRPORT RECEIVED 0.9 INCHES.  THIS WAS 3.4 INCHES LOWER THAN THEIR
1981-2010 NORMAL OF 4.3 INCHES.

THE TABLE BELOW CONTAINS THE MONTHLY SNOWFALL TOTALS AND THEIR
DEPARTURES FROM NORMAL FOR THE AUTUMN OF 2015.

            AUTUMN 2015 SNOWFALL
               IN LA CROSSE WI

                  SNOWFALL            DEPARTURE
   MONTH            TOTAL            FROM NORMAL
   -----        ------------         -----------
   SEPTEMBER     0.0 INCHES           0.0 INCHES
   OCTOBER       0.0 INCHES          -0.2 INCHES
   NOVEMBER      0.9 INCHES          -3.2 INCHES

   AUTUMN        0.9 INCHES          -3.4 INCHES

THE HIGHEST DAILY SNOWFALL TOTAL WAS 0.7 INCHES ON NOVEMBER 20TH.

..................................

...THE LA CROSSE WI CLIMATE SUMMARY FOR THE SEASON, FROM
9/1/2015 TO 11/30/2015...

CLIMATE NORMAL PERIOD 1981 TO 2010
CLIMATE RECORD PERIOD 1873 TO 2015

WEATHER         OBSERVED          NORMAL  DEPART
                 VALUE   DATE(S)  VALUE   FROM
                                          NORMAL
................................................
TEMPERATURE (F)
RECORD
 HIGH             101   09/06/1922
 LOW              -21   11/29/1875
HIGHEST            92   09/06        MM      MM
LOWEST             16   11/28        MM      MM
AVG. MAXIMUM     64.8              59.0     5.8
AVG. MINIMUM     45.5              40.3     5.2
MEAN             55.1              49.6     5.5
DAYS MAX >= 90      2               0.9     1.1
DAYS MAX <= 32      2               4.5    -2.5
DAYS MIN <= 32     14              25.4   -11.4
DAYS MIN <= 0       0               0.1    -0.1

PRECIPITATION (INCHES)
RECORD
 MAXIMUM           MM   MM
 MINIMUM           MM   MM
TOTALS           6.84              7.74   -0.90
DAILY AVG.       0.07              0.09   -0.02
DAYS >= .01        27              27.9    -0.9
DAYS >= .10        16              15.3     0.7
DAYS >= .50         5               4.4     0.6
DAYS >= 1.00        1               1.7    -0.7
GREATEST
 24 HR. TOTAL    1.53   MM
 STORM TOTAL     1.60
 (MM/DD(HH))            MM

SNOWFALL (INCHES)
RECORDS
 TOTAL             MM   5
 24 HR TOTAL       MM
TOTALS            0.9               4.3    -3.4
 LIQUID EQUIV    0.09              0.40   -0.31
SINCE 7/1         0.9               4.3    -3.4
 LIQUID 7/1      0.09
DAYS >= TRACE       6               3.4     2.6
DAYS >= 1.0         0               1.3    -1.3
GREATEST
 SNOW DEPTH         1   11/21
 24 HR TOTAL      0.7   MM
 STORM TOTAL       MM
 (MM/DD(HH))            MM

DEGREE_DAYS
HEATING TOTAL    1072              1479    -407
 SINCE 7/1         MM              1500      MM
COOLING TOTAL     196                81     115
 SINCE 1/1        887               782     105

FREEZE DATES
RECORD
 EARLIEST     MM
 LATEST       MM
EARLIEST                        MM
LATEST                          MM
.................................................

WIND (MPH)
AVERAGE WIND SPEED              8.8
HIGHEST WIND SPEED/DIRECTION    33/280    DATE  10/12
HIGHEST GUST SPEED/DIRECTION    47/300    DATE  11/12

SKY COVER
POSSIBLE SUNSHINE (PERCENT)   MM
AVERAGE SKY COVER           0.40
NUMBER OF DAYS FAIR           53
NUMBER OF DAYS PC             19
NUMBER OF DAYS CLOUDY         19

AVERAGE RH (PERCENT)     69

WEATHER CONDITIONS. NUMBER OF DAYS WITH
THUNDERSTORM              7     MIXED PRECIP               0
HEAVY RAIN                8     RAIN                      13
LIGHT RAIN               30     FREEZING RAIN              0
LT FREEZING RAIN          1     HAIL                       0
HEAVY SNOW                0     SNOW                       0
LIGHT SNOW                5     SLEET                      0
FOG                      41     FOG W/VIS <= 1/4 MILE      5
HAZE                      8

-  INDICATES NEGATIVE NUMBERS.
R  INDICATES RECORD WAS SET OR TIED.
MM INDICATES DATA IS MISSING.
T  INDICATES TRACE AMOUNT.

$$

BOYNE
