000
CXUS53 KILX 040308 CCA
CLSLWV

CLIMATE REPORT
NATIONAL WEATHER SERVICE LINCOLN IL
921 AM CDT MON SEP 1 2014

...................................

...THE LAWRENCEVILLE IL AIRPORT CLIMATE SUMMARY FOR THE SUMMER
SEASON, FROM 6/1/2014 TO 8/31/2014...

CLIMATE NORMAL PERIOD 1981 TO 2010
CLIMATE RECORD PERIOD 9999 TO 9999

WEATHER         OBSERVED          NORMAL  DEPART  LAST YEAR`S
                 VALUE   DATE(S)  VALUE   FROM    VALUE
                                          NORMAL
.............................................................
TEMPERATURE (F)
RECORD
 HIGH              MM   MM
 LOW               MM   MM
HIGHEST            93   08/26        MM      MM       99
LOWEST             52   06/14        MM      MM       51
AVG. MAXIMUM     84.0              87.0    -3.0     84.1
AVG. MINIMUM     64.6              65.5    -0.9     64.5
MEAN             74.3              76.3    -2.0     74.3
DAYS MAX >= 90     16              31.0   -15.0       20
DAYS MAX <= 32      0               0.0     0.0        0
DAYS MIN <= 32      0               0.0     0.0        0
DAYS MIN <= 0       0               0.0     0.0        0

PRECIPITATION (INCHES)
RECORD
 MAXIMUM           MM   MM
 MINIMUM           MM   MM
TOTALS          13.19             11.79    1.40    16.61
DAILY AVG.       0.14                               0.19
DAYS >= .01        32                MM      MM       29
DAYS >= .10        22                MM      MM       19
DAYS >= .50         8                MM      MM       10
DAYS >= 1.00        4                MM      MM        7
GREATEST
 24 HR. TOTAL    2.41   MM                          2.65

DEGREE_DAYS
HEATING TOTAL       0                 8      -8        8
 SINCE 7/1          0                 1      -1        5
COOLING TOTAL     882              1044    -162      887
 SINCE 1/1       1073              1183    -110     1055

FREEZE DATES
RECORD
 EARLIEST     MM
 LATEST       MM
EARLIEST                        MM
LATEST                          MM
..............................................................

WIND (MPH)
AVERAGE WIND SPEED              6.6
HIGHEST WIND SPEED/DIRECTION    40/300    DATE  07/14
HIGHEST GUST SPEED/DIRECTION    63/290    DATE  07/14

SKY COVER
POSSIBLE SUNSHINE (PERCENT)   MM
AVERAGE SKY COVER           0.30
NUMBER OF DAYS FAIR           58
NUMBER OF DAYS PC             28
NUMBER OF DAYS CLOUDY          6

AVERAGE RH (PERCENT)     75

WEATHER CONDITIONS. NUMBER OF DAYS WITH
THUNDERSTORM             26     MIXED PRECIP               0
HEAVY RAIN               16     RAIN                      21
LIGHT RAIN               41     FREEZING RAIN              0
LT FREEZING RAIN          0     HAIL                       0
HEAVY SNOW                0     SNOW                       0
LIGHT SNOW                0     SLEET                      0
FOG                      72     FOG W/VIS <= 1/4 MILE      8
HAZE                     50

-  INDICATES NEGATIVE NUMBERS.
R  INDICATES RECORD WAS SET OR TIED.
MM INDICATES DATA IS MISSING.
T  INDICATES TRACE AMOUNT.

$$
