000
CXUS51 KOKX 012030
CLSNYC

CLIMATE REPORT
NATIONAL WEATHER SERVICE NEW YORK NY
411 PM EDT MON JUN 1 2015

...................................

...THE CENTRAL PARK NY CLIMATE SUMMARY FOR THE SEASON, FROM
3/1/2015 TO 5/31/2015...

CLIMATE NORMAL PERIOD 1981 TO 2010
CLIMATE RECORD PERIOD 1869 TO 2015

WEATHER         OBSERVED          NORMAL  DEPART  LAST YEAR`S
                 VALUE   DATE(S)  VALUE   FROM    VALUE
                                          NORMAL
.............................................................
TEMPERATURE (F)
RECORD
 HIGH              99   05/19/1962
 LOW                3   03/05/1872
HIGHEST            88   05/26        MM      MM
LOWEST             12   03/06        MM      MM
AVG. MAXIMUM     62.1              60.5     1.6
AVG. MINIMUM     45.1              44.7     0.4
MEAN             53.6              52.6     1.0
DAYS MAX >= 90      0               0.8    -0.8
DAYS MAX <= 32      2               0.9     1.1
DAYS MIN <= 32     17              10.6     6.4
DAYS MIN <= 0       0               0.0     0.0

PRECIPITATION (INCHES)
RECORD
 MAXIMUM        29.15   1983
 MINIMUM         4.95   1885
TOTALS           8.66             13.05   -4.39    15.89
DAILY AVG.       0.09              0.14   -0.05
DAYS >= .01        27              33.5    -6.5
DAYS >= .10        16              21.4    -5.4
DAYS >= .50         6               8.3    -2.3
DAYS >= 1.00        2               3.3    -1.3
GREATEST
 24 HR. TOTAL    1.50   MM
 STORM TOTAL       MM
 (MM/DD(HH))            MM

SNOWFALL (INCHES)
RECORDS
 TOTAL           33.5   1896
 24 HR TOTAL     16.5   03/12/1888 TO 03/12/1888
TOTALS           18.6               4.5    14.1
 LIQUID EQUIV    1.86              0.40    1.46
SINCE 7/1        50.3              25.8    24.5
 LIQUID 7/1      5.03
DAYS >= TRACE       8               2.1     5.9
DAYS >= 1.0         4               1.2     2.8
GREATEST
 SNOW DEPTH        19   03/06
 24 HR TOTAL      7.5   MM
 STORM TOTAL       MM
 (MM/DD(HH))            MM

DEGREE_DAYS
HEATING TOTAL    1182              1208     -26
 SINCE 7/1         MM              4731      MM
COOLING TOTAL     159                69      90
 SINCE 1/1        159                69      90
..............................................................

WIND (MPH)
AVERAGE WIND SPEED              5.6
HIGHEST WIND SPEED/DIRECTION    24/310    DATE  04/04
HIGHEST GUST SPEED/DIRECTION    44/280    DATE  03/30

SKY COVER
POSSIBLE SUNSHINE (PERCENT)   MM
AVERAGE SKY COVER           0.40
NUMBER OF DAYS FAIR           46
NUMBER OF DAYS PC             26
NUMBER OF DAYS CLOUDY         20

AVERAGE RH (PERCENT)     54

WEATHER CONDITIONS. NUMBER OF DAYS WITH
THUNDERSTORM              0     MIXED PRECIP               0
HEAVY RAIN                6     RAIN                      12
LIGHT RAIN               27     FREEZING RAIN              1
LT FREEZING RAIN          1     HAIL                       0
HEAVY SNOW                3     SNOW                       4
LIGHT SNOW                7     SLEET                      0
FOG                      31     FOG W/VIS <= 1/4 MILE      4
HAZE                     32

-  INDICATES NEGATIVE NUMBERS.
R  INDICATES RECORD WAS SET OR TIED.
MM INDICATES DATA IS MISSING.
T  INDICATES TRACE AMOUNT.

$$
