000
CXUS52 KCHS 302220
CLSSAV

CLIMATE REPORT
NATIONAL WEATHER SERVICE CHARLESTON SC
514 PM EST TUE NOV 30 2010


...................................

...THE SAVANNAH GA CLIMATE SUMMARY FOR NOVEMBER 30 2010...
VALID TODAY AS OF 0500 PM LOCAL TIME.

CLIMATE NORMAL PERIOD 1971 TO 2000
CLIMATE RECORD PERIOD 1870 TO 2010


WEATHER ITEM   OBSERVED TIME   RECORD YEAR NORMAL DEPARTURE LAST
                VALUE   (LST)  VALUE       VALUE  FROM      YEAR
                                                  NORMAL
..................................................................
TEMPERATURE (F)
 TODAY
  MAXIMUM         77    259 PM  82    1985  66     11       72
  MINIMUM         63    146 AM  20    1959  43     20       44
  AVERAGE         70                        55     15       58

PRECIPITATION (IN)
  TODAY            0.09          2.88 1902   0.08   0.01      T
  MONTH TO DATE    0.31                      2.40  -2.09     2.31
  SINCE SEP 1      3.92                     10.60  -6.68     8.15
  SINCE JAN 1     34.72                     46.77 -12.05    50.41

SNOWFALL (IN)
  TODAY            0.0
  MONTH TO DATE    0.0
  SINCE SEP 1      0.0
  SINCE JUL 1      0.0
  SNOW DEPTH       0

DEGREE DAYS
 HEATING
  TODAY            0                        11    -11        7
  MONTH TO DATE  212                       213     -1      176
  SINCE SEP 1    230                       276    -46      226
  SINCE JUL 1    230                       276    -46      226
..................................................................


WIND (MPH)
  HIGHEST WIND SPEED    23   HIGHEST WIND DIRECTION     S (160)
  HIGHEST GUST SPEED    30   HIGHEST GUST DIRECTION     S (190)
  AVERAGE WIND SPEED    11.6


SKY COVER
  POSSIBLE SUNSHINE  MM
  AVERAGE SKY COVER 0.8


WEATHER CONDITIONS
 THE FOLLOWING WEATHER WAS RECORDED TODAY.
  RAIN
  LIGHT RAIN
  FOG


RELATIVE HUMIDITY (PERCENT)
 HIGHEST    93          1200 AM
 LOWEST     74           300 PM
 AVERAGE    84

..........................................................


THE SAVANNAH GA CLIMATE NORMALS FOR TOMORROW
                         NORMAL    RECORD    YEAR
 MAXIMUM TEMPERATURE (F)   66        82      1982
 MINIMUM TEMPERATURE (F)   43        23      1955


SUNRISE AND SUNSET
NOVEMBER 30 2010......SUNRISE   707 AM EST   SUNSET   520 PM EST
DECEMBER  1 2010......SUNRISE   708 AM EST   SUNSET   520 PM EST


-  INDICATES NEGATIVE NUMBERS.
R  INDICATES RECORD WAS SET OR TIED.
MM INDICATES DATA IS MISSING.
T  INDICATES TRACE AMOUNT.




$$
