229
CXUS51 KCLE 040504
CLSTOL


CLIMATE REPORT
NATIONAL WEATHER SERVICE CLEVELAND OH
1200 AM EST SAT MAR 4 2017

...................................

...THE TOLEDO OH CLIMATE SUMMARY FOR THE SEASON, FROM
12/1/2016 TO 2/28/2017...

CLIMATE NORMAL PERIOD 1981 TO 2010
CLIMATE RECORD PERIOD 1873 TO 2017

WEATHER         OBSERVED          NORMAL  DEPART
                 VALUE   DATE(S)  VALUE   FROM
                                          NORMAL
................................................
TEMPERATURE (F)
RECORD
 HIGH              71   02/24/2017
                        02/26/2000
                        02/11/1999
 LOW              -20   01/21/1984
HIGHEST            71R  02/24
LOWEST             -6   12/19
AVG. MAXIMUM     39.9              35.0     4.9
AVG. MINIMUM     25.1              20.7     4.4
MEAN             32.5              27.8     4.7
DAYS MAX >= 90      0               0.0
DAYS MAX <= 32     28              35.4
DAYS MIN <= 32     63              76.0
DAYS MIN <= 0       2               5.3

PRECIPITATION (INCHES)
RECORD
 MAXIMUM        13.35   1950
 MINIMUM         2.15   1920
TOTALS           8.25              6.80    1.45
DAYS >= .01        43              36.0
DAYS >= .10        16              17.0
DAYS >= .50         7               3.8
DAYS >= 1.00        1               0.7

SNOWFALL (INCHES)
RECORDS
 TOTAL           73.0   2014
TOTALS           17.0              28.4
DAYS >= TRACE      37
DAYS >= 1.0         1               8.8

DEGREE_DAYS
HEATING TOTAL    2921              3344    -423
COOLING TOTAL       0                 0       0
.................................................

WIND (MPH)
HIGHEST GUST SPEED/DIRECTION    55/240    DATE  01/10

SKY COVER
POSSIBLE SUNSHINE (PERCENT)   MM
NUMBER OF DAYS FAIR           21
NUMBER OF DAYS PC             26
NUMBER OF DAYS CLOUDY         43


WEATHER CONDITIONS. NUMBER OF DAYS WITH
THUNDERSTORM              0     MIXED PRECIP               0
HEAVY RAIN                6     RAIN                      11
LIGHT RAIN               31     FREEZING RAIN              1
LT FREEZING RAIN          2     HAIL                       0
HEAVY SNOW                0     SNOW                       2
LIGHT SNOW               33     SLEET                      0
FOG                      61     FOG W/VIS <= 1/4 MILE      9
HAZE                      9

-  INDICATES NEGATIVE NUMBERS.
R  INDICATES RECORD WAS SET OR TIED.
MM INDICATES DATA IS MISSING.
T  INDICATES TRACE AMOUNT.

$$
