000
CXUS55 KLKN 011919
CLSWMC


CLIMATE REPORT
NATIONAL WEATHER SERVICE ELKO NV
1208 PM PDT FRI SEP 1 2017

...................................

...THE WINNEMUCCA AIRPORT NV CLIMATE SUMMARY FOR THE SEASON, FROM
6/1/2017 TO 8/31/2017...

CLIMATE NORMAL PERIOD 1981 TO 2010
CLIMATE RECORD PERIOD 1877 TO 2017

WEATHER         OBSERVED          NORMAL  DEPART  LAST YEAR`S
                 VALUE   DATE(S)  VALUE   FROM    VALUE
                                          NORMAL
.............................................................
TEMPERATURE (F)
RECORD
 HIGH             109   07/11/2002
 LOW               23   06/04/2001
                        06/06/1954
HIGHEST           104   08/03       104       0      104
                        08/01
                        08/02
LOWEST             37   06/11        31       6       25
AVG. MAXIMUM     93.1              89.2     3.9     91.7
AVG. MINIMUM     52.1              48.7     3.4     48.3
MEAN             72.6              68.9     3.7     70.0
DAYS MAX >= 90     72              50.9    21.1       65
DAYS MAX <= 32      0               0.0     0.0        0
DAYS MIN <= 32      0               1.0    -1.0        2
DAYS MIN <= 0       0               0.0     0.0        0

PRECIPITATION (INCHES)
RECORD
 MAXIMUM         4.49   1913
 MINIMUM            T   1919
TOTALS           1.68              0.99    0.69     0.01
DAILY AVG.       0.02              0.01    0.01        T
DAYS >= .01        11               8.4     2.6        1
DAYS >= .10         3               2.7     0.3        0
DAYS >= .50         1               0.2     0.8        0
DAYS >= 1.00        0               0.0     0.0        0

SNOWFALL (INCHES)
RECORDS
 TOTAL            3.1   1908
TOTALS            0.0                 T     0.0      0.0
DAYS >= 1.0         0               0.0     0.0        0
GREATEST
 SNOW DEPTH         0   MM                             0

DEGREE_DAYS
HEATING TOTAL      73               135     -62       74
COOLING TOTAL     800               499     301      565
..............................................................

WIND (MPH)
AVERAGE WIND SPEED              7.6
HIGHEST WIND SPEED/DIRECTION    41/210    DATE  07/06
HIGHEST GUST SPEED/DIRECTION    59/200    DATE  07/06

AVERAGE RH (PERCENT)     36

WEATHER CONDITIONS. NUMBER OF DAYS WITH
THUNDERSTORM              0     MIXED PRECIP               0
HEAVY RAIN                0     RAIN                       5
LIGHT RAIN               23     FREEZING RAIN              0
LT FREEZING RAIN          0     HAIL                       0
HEAVY SNOW                0     SNOW                       0
LIGHT SNOW                0     SLEET                      0
FOG                       4     FOG W/VIS <= 1/4 MILE      0
HAZE                      6

-  INDICATES NEGATIVE NUMBERS.
R  INDICATES RECORD WAS SET OR TIED.
MM INDICATES DATA IS MISSING.
T  INDICATES TRACE AMOUNT.

&&

=====================================================================

...WARMEST METEOROLOGICAL SUMMER (JUNE - AUGUST) ON RECORD IN
   WINNEMUCCA WITH AN AVERAGE TEMPERATURE OF 72.6 DEGREES...
$$

DS
