851
CXUS51 KALY 011225
CLSALB

ALBCLMALB 000
TTAA00 KALY 011221


CLIMATE REPORT
NATIONAL WEATHER SERVICE ALBANY NY
816 AM EDT WED JUN 1 2016

...................................

...THE ALBANY NY CLIMATE SUMMARY FOR THE SEASON, FROM
3/1/2016 TO 5/31/2016...

CLIMATE NORMAL PERIOD 1981 TO 2010
CLIMATE RECORD PERIOD 1874 TO 2016

WEATHER         OBSERVED          NORMAL  DEPART  LAST YEAR`S
                 VALUE   DATE(S)  VALUE   FROM    VALUE  DATE(S)
                                          NORMAL
................................................................
TEMPERATURE (F)
RECORD
 HIGH              97   05/22/1911
 LOW              -21   03/06/1948
HIGHEST            93   05/28                         89  05/08
LOWEST             14   04/05                          0  03/06
AVG. MAXIMUM     60.1              57.4     2.7     58.7
AVG. MINIMUM     38.6              36.7     1.9     36.8
MEAN             49.4              47.0     2.4     47.8
DAYS MAX >= 90      1               0.4     0.6        0
DAYS MAX <= 32      2               3.7    -1.7        6
DAYS MIN <= 32     26              31.4    -5.4       37
DAYS MIN <= 0       0               0.3    -0.3        1

PRECIPITATION (INCHES)
RECORD
 MAXIMUM        19.54   1983
 MINIMUM         3.46   1860
TOTALS           5.45              9.99   -4.54     4.40
DAILY AVG.       0.06              0.11   -0.05     0.05
DAYS >= .01        28              37.1    -9.1       27
DAYS >= .10        15              21.2    -6.2       14
DAYS >= .50         2               6.8    -4.8        2
DAYS >= 1.00        0               1.6    -1.6        0
GREATEST
 24 HR. TOTAL    0.61   05/30 TO 05/30

SNOWFALL (INCHES)
RECORDS
 24 HR TOTAL     30.4   03/12/1888 TO 03/12/1888
 SNOW DEPTH        28   03/28/1993
TOTALS            6.6              13.4    -6.8      5.3
SNOWDEPTH AVG.      0
DAYS >= TRACE       8               6.9     1.1
DAYS >= 1.0         2               3.0    -1.0
GREATEST
 SNOW DEPTH         4   04/05                         13  03/02
 24 HR TOTAL      4.3   04/04 TO 04/04

DEGREE_DAYS
HEATING TOTAL    1487              1684    -197
 SINCE 7/1         MM              6628      MM
COOLING TOTAL      75                30      45
 SINCE 1/1         75                30      45

FREEZE DATES
RECORD
 EARLIEST     09/24/1963
 LATEST       05/27/1969
EARLIEST                        10/10
LATEST                          04/28
.................................................................

WIND (MPH)
AVERAGE WIND SPEED              8.3
HIGHEST WIND SPEED/DIRECTION    40/280    DATE  03/02
HIGHEST GUST SPEED/DIRECTION    52/280    DATE  04/03


WEATHER CONDITIONS. NUMBER OF DAYS WITH
THUNDERSTORM              5     MIXED PRECIP               0
HEAVY RAIN                4     RAIN                      10
LIGHT RAIN               45     FREEZING RAIN              0
LT FREEZING RAIN          1     HAIL                       0
HEAVY SNOW                1     SNOW                       2
LIGHT SNOW                8     SLEET                      0
FOG                      27     FOG W/VIS <= 1/4 MILE      1
HAZE                      5

-  INDICATES NEGATIVE NUMBERS.
R  INDICATES RECORD WAS SET OR TIED.
MM INDICATES DATA IS MISSING.
T  INDICATES TRACE AMOUNT.

$$
