000
CDUS41 KCLE 310545
CLICAK


CLIMATE REPORT
NATIONAL WEATHER SERVICE CLEVELAND OH
145 AM EDT FRI JUL 31 2015


...................................

...THE AKRON CANTON OH CLIMATE SUMMARY FOR JULY 30 2015...

CLIMATE NORMAL PERIOD 1981 TO 2010
CLIMATE RECORD PERIOD 1887 TO 2015


WEATHER ITEM   OBSERVED TIME   RECORD YEAR NORMAL DEPARTURE LAST
                VALUE   (LST)  VALUE       VALUE  FROM      YEAR
                                                  NORMAL
..................................................................
TEMPERATURE (F)
 YESTERDAY
  MAXIMUM         86    227 PM  96    1941  82      4       73
                                      1913
  MINIMUM         68   1159 PM  46    1904  62      6       55
  AVERAGE         77                        72      5       64

PRECIPITATION (IN)
  YESTERDAY        0.00                      0.13  -0.13     0.59
  MONTH TO DATE    3.86                      3.95  -0.09     4.16
  SINCE JUN 1     12.17                      7.78   4.39    13.44
  SINCE JAN 1     28.58                     23.51   5.07    30.07

SNOWFALL (IN)
  YESTERDAY        0.0                       0.0    0.0      0.0
  MONTH TO DATE    0.0                       0.0    0.0      0.0
  SINCE JUN 1      0.0                       0.0    0.0      0.0
  SINCE JUL 1      0.0                       0.0    0.0      0.0
  SNOW DEPTH       0

DEGREE DAYS
 HEATING
  YESTERDAY        0                         0      0        1
  MONTH TO DATE    0                         0      0       10
  SINCE JUN 1     25                        49    -24       25
  SINCE JUL 1      0                         0      0       10

 COOLING
  YESTERDAY       12                         7      5        0
  MONTH TO DATE  230                       210     20      174
  SINCE JUN 1    416                       345     71      357
  SINCE JAN 1    560                       387    173      433
..................................................................


WIND (MPH)
  HIGHEST WIND SPEED    18   HIGHEST WIND DIRECTION    NW (300)
  HIGHEST GUST SPEED    24   HIGHEST GUST DIRECTION     W (290)
  AVERAGE WIND SPEED     8.9


SKY COVER
  POSSIBLE SUNSHINE  MM
  AVERAGE SKY COVER 0.5


WEATHER CONDITIONS
 THE FOLLOWING WEATHER WAS RECORDED YESTERDAY.
  FOG
  HAZE


RELATIVE HUMIDITY (PERCENT)
 HIGHEST    87           100 AM
 LOWEST     37           500 PM
 AVERAGE    62

..........................................................


THE AKRON CANTON OH CLIMATE NORMALS FOR TODAY
                         NORMAL    RECORD    YEAR
 MAXIMUM TEMPERATURE (F)   82        97      1933
                                             1917
 MINIMUM TEMPERATURE (F)   62        50      1964
                                             1936
                                             1895


SUNRISE AND SUNSET
JULY 31 2015..........SUNRISE   621 AM EDT   SUNSET   843 PM EDT
AUGUST  1 2015........SUNRISE   622 AM EDT   SUNSET   842 PM EDT


-  INDICATES NEGATIVE NUMBERS.
R  INDICATES RECORD WAS SET OR TIED.
MM INDICATES DATA IS MISSING.
T  INDICATES TRACE AMOUNT.




$$
