515
CDUS41 KCLE 130533
CLICAK


CLIMATE REPORT
NATIONAL WEATHER SERVICE CLEVELAND OH
1231 AM EST WED DEC 13 2017


...................................

...THE AKRON CANTON OH CLIMATE SUMMARY FOR DECEMBER 12 2017...

CLIMATE NORMAL PERIOD 1981 TO 2010
CLIMATE RECORD PERIOD 1887 TO 2017


WEATHER ITEM   OBSERVED TIME   RECORD YEAR NORMAL DEPARTURE LAST
                VALUE   (LST)  VALUE       VALUE  FROM      YEAR
                                                  NORMAL
..................................................................
TEMPERATURE (F)
 YESTERDAY
  MAXIMUM         35    222 AM  68    2015  38     -3       37
  MINIMUM         15   1159 PM  -5    1962  25    -10       26
  AVERAGE         25                        31     -6       32

PRECIPITATION (IN)
  YESTERDAY        0.19                      0.09   0.10     0.10
  MONTH TO DATE    0.38                      1.18  -0.80     1.13
  SINCE DEC 1      0.38                      1.18  -0.80     1.13
  SINCE JAN 1     46.96                     37.96   9.00    36.78

SNOWFALL (IN)
  YESTERDAY        2.7                       0.3    2.4       T
  MONTH TO DATE    3.0                       3.4   -0.4      4.4
  SINCE DEC 1      3.0                       3.4   -0.4      4.4
  SINCE JUL 1      3.1                       6.8   -3.7      6.5
  SNOW DEPTH       1

DEGREE DAYS
 HEATING
  YESTERDAY       40                        34      6       33
  MONTH TO DATE  374                       381     -7      389
  SINCE DEC 1    374                       381     -7      389
  SINCE JUL 1   1364                      1640   -276     1267

 COOLING
  YESTERDAY        0                         0      0        0
  MONTH TO DATE    0                         0      0        0
  SINCE DEC 1      0                         0      0        0
  SINCE JAN 1    926                       652    274     1133
..................................................................


WIND (MPH)
  HIGHEST WIND SPEED    28   HIGHEST WIND DIRECTION    NW (310)
  HIGHEST GUST SPEED    35   HIGHEST GUST DIRECTION    NW (310)
  AVERAGE WIND SPEED    13.2


SKY COVER
  POSSIBLE SUNSHINE  MM
  AVERAGE SKY COVER 1.0


WEATHER CONDITIONS
 THE FOLLOWING WEATHER WAS RECORDED YESTERDAY.
  LIGHT SNOW
  FOG
  BLOWING SNOW


RELATIVE HUMIDITY (PERCENT)
 HIGHEST    92           400 AM
 LOWEST     59           100 AM
 AVERAGE    76

..........................................................


THE AKRON CANTON OH CLIMATE NORMALS FOR TODAY
                         NORMAL    RECORD    YEAR
 MAXIMUM TEMPERATURE (F)   38        64      1901
 MINIMUM TEMPERATURE (F)   25        -5      1962


SUNRISE AND SUNSET
DECEMBER 13 2017......SUNRISE   742 AM EST   SUNSET   458 PM EST
DECEMBER 14 2017......SUNRISE   743 AM EST   SUNSET   458 PM EST


-  INDICATES NEGATIVE NUMBERS.
R  INDICATES RECORD WAS SET OR TIED.
MM INDICATES DATA IS MISSING.
T  INDICATES TRACE AMOUNT.




$$
