000
CDUS41 KCLE 022111
CLICAK


CLIMATE REPORT
NATIONAL WEATHER SERVICE CLEVELAND OH
511 PM EDT THU JUL 2 2015


...................................

...THE AKRON CANTON OH CLIMATE SUMMARY FOR JULY 2 2015...
VALID TODAY AS OF 0500 PM LOCAL TIME.

CLIMATE NORMAL PERIOD 1981 TO 2010
CLIMATE RECORD PERIOD 1887 TO 2015


WEATHER ITEM   OBSERVED TIME   RECORD YEAR NORMAL DEPARTURE LAST
                VALUE   (LST)  VALUE       VALUE  FROM      YEAR
                                                  NORMAL
..................................................................
TEMPERATURE (F)
 TODAY
  MAXIMUM         77    335 PM  98    1931  82     -5       85
  MINIMUM         58    436 AM  45    1943  61     -3       69
  AVERAGE         68                        72     -4       77

PRECIPITATION (IN)
  TODAY            0.00                      0.14  -0.14     0.14
  MONTH TO DATE    0.00                      0.27  -0.27     0.15
  SINCE JUN 1      8.31                      4.10   4.21     9.43
  SINCE JAN 1     24.72                     19.83   4.89    26.06

SNOWFALL (IN)
  TODAY            0.0                       0.0    0.0      0.0
  MONTH TO DATE    0.0                       0.0    0.0      0.0
  SINCE JUN 1      0.0                       0.0    0.0      0.0
  SINCE JUL 1      0.0                       0.0    0.0      0.0
  SNOW DEPTH       0

DEGREE DAYS
 HEATING
  TODAY            0                         0      0        0
  MONTH TO DATE    0                         0      0        0
  SINCE JUN 1     25                        49    -24       15
  SINCE JUL 1      0                         0      0        0

 COOLING
  TODAY            3                         7     -4       12
  MONTH TO DATE    7                        14     -7       29
  SINCE JUN 1    193                       149     44      212
  SINCE JAN 1    337                       191    146      288
..................................................................


WIND (MPH)
  HIGHEST WIND SPEED    12   HIGHEST WIND DIRECTION     N (20)
  HIGHEST GUST SPEED    17   HIGHEST GUST DIRECTION    NE (30)


SKY COVER
  POSSIBLE SUNSHINE  MM
  AVERAGE SKY COVER 0.7


WEATHER CONDITIONS
 THE FOLLOWING WEATHER WAS RECORDED TODAY.
  FOG
  HAZE


RELATIVE HUMIDITY (PERCENT)
 HIGHEST    90           300 AM
 LOWEST     46           200 PM
 AVERAGE    68

..........................................................


THE AKRON CANTON OH CLIMATE NORMALS FOR TOMORROW
                         NORMAL    RECORD    YEAR
 MAXIMUM TEMPERATURE (F)   82        97      1911
                                             1898
 MINIMUM TEMPERATURE (F)   61        42      1907


SUNRISE AND SUNSET
JULY  2 2015..........SUNRISE   558 AM EDT   SUNSET   901 PM EDT
JULY  3 2015..........SUNRISE   559 AM EDT   SUNSET   901 PM EDT


-  INDICATES NEGATIVE NUMBERS.
R  INDICATES RECORD WAS SET OR TIED.
MM INDICATES DATA IS MISSING.
T  INDICATES TRACE AMOUNT.




$$
