000
CDUS41 KCLE 150531
CLICAK


CLIMATE REPORT
NATIONAL WEATHER SERVICE CLEVELAND OH
129 AM EDT TUE APR 15 2014


...................................

...THE AKRON CANTON OH CLIMATE SUMMARY FOR APRIL 14 2014...

CLIMATE NORMAL PERIOD 1981 TO 2010
CLIMATE RECORD PERIOD 1887 TO 2014


WEATHER ITEM   OBSERVED TIME   RECORD YEAR NORMAL DEPARTURE LAST
                VALUE   (LST)  VALUE       VALUE  FROM      YEAR
                                                  NORMAL
..................................................................
TEMPERATURE (F)
 YESTERDAY
  MAXIMUM         72    947 AM  82    1941  59     13       59
                                      1887
  MINIMUM         49   1159 PM  13    1950  38     11       29
  AVERAGE         61                        49     12       44

PRECIPITATION (IN)
  YESTERDAY        0.32                      0.12   0.20     0.00
  MONTH TO DATE    2.99                      1.68   1.31     2.65
  SINCE MAR 1      5.57                      4.66   0.91     4.71
  SINCE JAN 1      9.08                      9.58  -0.50     8.90

SNOWFALL (IN)
  YESTERDAY        0.0                       0.1   -0.1      0.0
  MONTH TO DATE    0.0                       2.0   -2.0       T
  SINCE MAR 1      9.7                      10.2   -0.5     10.5
  SINCE JUL 1     69.0                      46.7   22.3     46.9
  SNOW DEPTH       0

DEGREE DAYS
 HEATING
  YESTERDAY        4                        16    -12       21
  MONTH TO DATE  180                       263    -83      258
  SINCE MAR 1   1196                      1114     82     1201
  SINCE JUL 1   6019                      5658    361     5462

 COOLING
  YESTERDAY        0                         0      0        0
  MONTH TO DATE    3                         0      3        0
  SINCE MAR 1      3                         0      3        0
  SINCE JAN 1      3                         0      3        0
..................................................................


WIND (MPH)
  HIGHEST WIND SPEED    30   HIGHEST WIND DIRECTION    SW (220)
  HIGHEST GUST SPEED    30   HIGHEST GUST DIRECTION    SW (220)
  AVERAGE WIND SPEED    18.3


SKY COVER
  POSSIBLE SUNSHINE  MM
  AVERAGE SKY COVER 1.0


WEATHER CONDITIONS
 THE FOLLOWING WEATHER WAS RECORDED YESTERDAY.
  RAIN
  LIGHT RAIN
  FOG


RELATIVE HUMIDITY (PERCENT)
 HIGHEST    93          1000 PM
 LOWEST     39           100 AM
 AVERAGE    66

..........................................................


THE AKRON CANTON OH CLIMATE NORMALS FOR TODAY
                         NORMAL    RECORD    YEAR
 MAXIMUM TEMPERATURE (F)   60        82      2010
 MINIMUM TEMPERATURE (F)   39        18      1943


SUNRISE AND SUNSET
APRIL 15 2014.........SUNRISE   647 AM EDT   SUNSET   805 PM EDT
APRIL 16 2014.........SUNRISE   645 AM EDT   SUNSET   806 PM EDT


-  INDICATES NEGATIVE NUMBERS.
R  INDICATES RECORD WAS SET OR TIED.
MM INDICATES DATA IS MISSING.
T  INDICATES TRACE AMOUNT.




$$
