000
CDUS41 KCLE 190527
CLICAK


CLIMATE REPORT
NATIONAL WEATHER SERVICE CLEVELAND OH
126 AM EDT SUN MAR 19 2017


...................................

...THE AKRON CANTON OH CLIMATE SUMMARY FOR MARCH 18 2017...

CLIMATE NORMAL PERIOD 1981 TO 2010
CLIMATE RECORD PERIOD 1887 TO 2017


WEATHER ITEM   OBSERVED TIME   RECORD YEAR NORMAL DEPARTURE LAST
                VALUE   (LST)  VALUE       VALUE  FROM      YEAR
                                                  NORMAL
..................................................................
TEMPERATURE (F)
 YESTERDAY
  MAXIMUM         40   1022 AM  75    2012  47     -7       56
  MINIMUM         33    341 AM   3    1916  29      4       33
  AVERAGE         37                        38     -1       45

PRECIPITATION (IN)
  YESTERDAY        0.04                      0.10  -0.06     0.00
  MONTH TO DATE    2.72                      1.62   1.10     2.58
  SINCE MAR 1      2.72                      1.62   1.10     2.58
  SINCE JAN 1     11.23                      6.54   4.69     7.17

SNOWFALL (IN)
  YESTERDAY        T                         0.2   -0.2      0.0
  MONTH TO DATE   13.5                       5.5    8.0      2.4
  SINCE MAR 1     13.5                       5.5    8.0      2.4
  SINCE JUL 1     34.7                      42.0   -7.3     25.1
  SNOW DEPTH       1

DEGREE DAYS
 HEATING
  YESTERDAY       28                        27      1       20
  MONTH TO DATE  581                       537     44      361
  SINCE MAR 1    581                       537     44      361
  SINCE JUL 1   4181                      5081   -900     4008

 COOLING
  YESTERDAY        0                         0      0        0
  MONTH TO DATE    0                         0      0        0
  SINCE MAR 1      0                         0      0        0
  SINCE JAN 1      2                         0      2        0
..................................................................


WIND (MPH)
  HIGHEST WIND SPEED    20   HIGHEST WIND DIRECTION     W (280)
  HIGHEST GUST SPEED    27   HIGHEST GUST DIRECTION     W (280)
  AVERAGE WIND SPEED    10.2


SKY COVER
  POSSIBLE SUNSHINE  MM
  AVERAGE SKY COVER 1.0


WEATHER CONDITIONS
 THE FOLLOWING WEATHER WAS RECORDED YESTERDAY.
  RAIN
  LIGHT RAIN
  SNOW
  LIGHT SNOW
  FOG
  FOG W/VISIBILITY <= 1/4 MILE
  HAZE


RELATIVE HUMIDITY (PERCENT)
 HIGHEST    96           700 AM
 LOWEST     79          1100 AM
 AVERAGE    88

..........................................................


THE AKRON CANTON OH CLIMATE NORMALS FOR TODAY
                         NORMAL    RECORD    YEAR
 MAXIMUM TEMPERATURE (F)   48        78      2012
 MINIMUM TEMPERATURE (F)   29         2      1934


SUNRISE AND SUNSET
MARCH 19 2017.........SUNRISE   730 AM EDT   SUNSET   737 PM EDT
MARCH 20 2017.........SUNRISE   729 AM EDT   SUNSET   738 PM EDT


-  INDICATES NEGATIVE NUMBERS.
R  INDICATES RECORD WAS SET OR TIED.
MM INDICATES DATA IS MISSING.
T  INDICATES TRACE AMOUNT.




$$
