000
CDUS41 KCLE 240526
CLICAK


CLIMATE REPORT
NATIONAL WEATHER SERVICE CLEVELAND OH
1226 AM EST SAT JAN 24 2015


...................................

...THE AKRON CANTON OH CLIMATE SUMMARY FOR JANUARY 23 2015...

CLIMATE NORMAL PERIOD 1981 TO 2010
CLIMATE RECORD PERIOD 1887 TO 2015


WEATHER ITEM   OBSERVED TIME   RECORD YEAR NORMAL DEPARTURE LAST
                VALUE   (LST)  VALUE       VALUE  FROM      YEAR
                                                  NORMAL
..................................................................
TEMPERATURE (F)
 YESTERDAY
  MAXIMUM         30    502 PM  73    1906  33     -3       12
  MINIMUM         25    837 PM -15    1963  19      6        3
  AVERAGE         28                        26      2        8

PRECIPITATION (IN)
  YESTERDAY        0.00                      0.08  -0.08     0.02
  MONTH TO DATE    2.76                      1.96   0.80     1.43
  SINCE DEC 1      5.07                      4.80   0.27     4.92
  SINCE JAN 1      2.76                      1.96   0.80     1.43

SNOWFALL (IN)
  YESTERDAY        0.0                       0.4   -0.4      0.6
  MONTH TO DATE   13.0                       9.2    3.8     10.2
  SINCE DEC 1     13.5                      19.4   -5.9     22.7
  SINCE JUL 1     21.5                      22.8   -1.3     33.4
  SNOW DEPTH       3

DEGREE DAYS
 HEATING
  YESTERDAY       37                        39     -2       57
  MONTH TO DATE  925                       895     30      964
  SINCE DEC 1   1847                      1966   -119     1993
  SINCE JUL 1   3130                      3225    -95     3243

 COOLING
  YESTERDAY        0                         0      0        0
  MONTH TO DATE    0                         0      0        0
  SINCE DEC 1      0                         0      0        0
  SINCE JAN 1      0                         0      0        0
..................................................................


WIND (MPH)
  HIGHEST WIND SPEED    13   HIGHEST WIND DIRECTION    SW (220)
  HIGHEST GUST SPEED    16   HIGHEST GUST DIRECTION    SW (210)
  AVERAGE WIND SPEED     5.3


SKY COVER
  POSSIBLE SUNSHINE  MM
  AVERAGE SKY COVER 1.0


WEATHER CONDITIONS
 THE FOLLOWING WEATHER WAS RECORDED YESTERDAY.
  FOG


RELATIVE HUMIDITY (PERCENT)
 HIGHEST    81           100 PM
 LOWEST     69          1200 PM
 AVERAGE    75

..........................................................


THE AKRON CANTON OH CLIMATE NORMALS FOR TODAY
                         NORMAL    RECORD    YEAR
 MAXIMUM TEMPERATURE (F)   33        65      1909
 MINIMUM TEMPERATURE (F)   19       -21      1963


SUNRISE AND SUNSET
JANUARY 24 2015.......SUNRISE   743 AM EST   SUNSET   533 PM EST
JANUARY 25 2015.......SUNRISE   742 AM EST   SUNSET   534 PM EST


-  INDICATES NEGATIVE NUMBERS.
R  INDICATES RECORD WAS SET OR TIED.
MM INDICATES DATA IS MISSING.
T  INDICATES TRACE AMOUNT.




$$
