000
CDUS41 KCLE 210545
CLICAK


CLIMATE REPORT
NATIONAL WEATHER SERVICE CLEVELAND OH
1244 AM EST FRI NOV 21 2014


...................................

...THE AKRON CANTON OH CLIMATE SUMMARY FOR NOVEMBER 20 2014...

CLIMATE NORMAL PERIOD 1981 TO 2010
CLIMATE RECORD PERIOD 1887 TO 2014


WEATHER ITEM   OBSERVED TIME   RECORD YEAR NORMAL DEPARTURE LAST
                VALUE   (LST)  VALUE       VALUE  FROM      YEAR
                                                  NORMAL
..................................................................
TEMPERATURE (F)
 YESTERDAY
  MAXIMUM         29    107 AM  74    1931  47    -18       47
  MINIMUM         20   1159 PM  13    1951  33    -13       24
  AVERAGE         25                        40    -15       36

PRECIPITATION (IN)
  YESTERDAY        T                         0.11  -0.11     0.00
  MONTH TO DATE    1.70                      2.19  -0.49     2.26
  SINCE SEP 1      6.72                      8.47  -1.75    10.75
  SINCE JAN 1     42.51                     35.67   6.84    37.82

SNOWFALL (IN)
  YESTERDAY        T                         0.1   -0.1      0.0
  MONTH TO DATE    6.5                       1.5    5.0      3.2
  SINCE SEP 1      6.5                       1.9    4.6      3.2
  SINCE JUL 1      6.5                       1.9    4.6      3.2
  SNOW DEPTH       4

DEGREE DAYS
 HEATING
  YESTERDAY       40                        25     15       29
  MONTH TO DATE  550                       431    119      437
  SINCE SEP 1    992                       966     26      888
  SINCE JUL 1   1008                       986     22      901

 COOLING
  YESTERDAY        0                         0      0        0
  MONTH TO DATE    0                         0      0        0
  SINCE SEP 1     83                        70     13      105
  SINCE JAN 1    719                       652     67      829
..................................................................


WIND (MPH)
  HIGHEST WIND SPEED    26   HIGHEST WIND DIRECTION    SW (230)
  HIGHEST GUST SPEED    33   HIGHEST GUST DIRECTION    SW (230)
  AVERAGE WIND SPEED    16.7


SKY COVER
  POSSIBLE SUNSHINE  MM
  AVERAGE SKY COVER 0.8


WEATHER CONDITIONS
 THE FOLLOWING WEATHER WAS RECORDED YESTERDAY.
  LIGHT SNOW


RELATIVE HUMIDITY (PERCENT)
 HIGHEST    68           300 AM
 LOWEST     50           200 PM
 AVERAGE    59

..........................................................


THE AKRON CANTON OH CLIMATE NORMALS FOR TODAY
                         NORMAL    RECORD    YEAR
 MAXIMUM TEMPERATURE (F)   47        73      1906
 MINIMUM TEMPERATURE (F)   32        13      1964


SUNRISE AND SUNSET
NOVEMBER 21 2014......SUNRISE   720 AM EST   SUNSET   503 PM EST
NOVEMBER 22 2014......SUNRISE   721 AM EST   SUNSET   502 PM EST


-  INDICATES NEGATIVE NUMBERS.
R  INDICATES RECORD WAS SET OR TIED.
MM INDICATES DATA IS MISSING.
T  INDICATES TRACE AMOUNT.




$$
