293
CDUS41 KCLE 172112
CLICAK


CLIMATE REPORT
NATIONAL WEATHER SERVICE CLEVELAND OH
511 PM EDT MON JUL 17 2017


...................................

...THE AKRON CANTON OH CLIMATE SUMMARY FOR JULY 17 2017...
VALID TODAY AS OF 0500 PM LOCAL TIME.

CLIMATE NORMAL PERIOD 1981 TO 2010
CLIMATE RECORD PERIOD 1887 TO 2017


WEATHER ITEM   OBSERVED TIME   RECORD YEAR NORMAL DEPARTURE LAST
                VALUE   (LST)  VALUE       VALUE  FROM      YEAR
                                                  NORMAL
..................................................................
TEMPERATURE (F)
 TODAY
  MAXIMUM         83    304 PM  99    1931  82      1       86
  MINIMUM         67    532 AM  48    1939  62      5       61
                                      1892
  AVERAGE         75                        72      3       74

PRECIPITATION (IN)
  TODAY            0.00                      0.13  -0.13     0.00
  MONTH TO DATE    2.82                      2.25   0.57     1.06
  SINCE JUN 1      7.55                      6.08   1.47     4.57
  SINCE JAN 1     33.67                     21.81  11.86    19.24

SNOWFALL (IN)
  TODAY            0.0                       0.0    0.0      0.0
  MONTH TO DATE    0.0                       0.0    0.0      0.0
  SINCE JUN 1      0.0                       0.0    0.0      0.0
  SINCE JUL 1      0.0                       0.0    0.0      0.0
  SNOW DEPTH       0

DEGREE DAYS
 HEATING
  TODAY            0                         0      0        0
  MONTH TO DATE    0                         0      0        3
  SINCE JUN 1     23                        49    -26       22
  SINCE JUL 1      0                         0      0        3

 COOLING
  TODAY           10                         7      3        9
  MONTH TO DATE  152                       119     33      150
  SINCE JUN 1    341                       254     87      344
  SINCE JAN 1    405                       296    109      405
..................................................................


WIND (MPH)
  HIGHEST WIND SPEED    10   HIGHEST WIND DIRECTION     N (20)
  HIGHEST GUST SPEED    12   HIGHEST GUST DIRECTION     N (10)


SKY COVER
  POSSIBLE SUNSHINE  MM
  AVERAGE SKY COVER 0.8


WEATHER CONDITIONS
 THE FOLLOWING WEATHER WAS RECORDED TODAY.
  FOG
  HAZE


RELATIVE HUMIDITY (PERCENT)
 HIGHEST    90           100 AM
 LOWEST     51           100 PM
 AVERAGE    71

..........................................................


THE AKRON CANTON OH CLIMATE NORMALS FOR TOMORROW
                         NORMAL    RECORD    YEAR
 MAXIMUM TEMPERATURE (F)   82        96      1930
                                             1904
 MINIMUM TEMPERATURE (F)   62        50      1924


SUNRISE AND SUNSET
JULY 17 2017..........SUNRISE   609 AM EDT   SUNSET   855 PM EDT
JULY 18 2017..........SUNRISE   609 AM EDT   SUNSET   854 PM EDT


-  INDICATES NEGATIVE NUMBERS.
R  INDICATES RECORD WAS SET OR TIED.
MM INDICATES DATA IS MISSING.
T  INDICATES TRACE AMOUNT.




$$
