000
CDUS41 KCLE 220545
CLICAK


CLIMATE REPORT
NATIONAL WEATHER SERVICE CLEVELAND OH
145 AM EDT SAT APR 22 2017


...................................

...THE AKRON CANTON OH CLIMATE SUMMARY FOR APRIL 21 2017...

CLIMATE NORMAL PERIOD 1981 TO 2010
CLIMATE RECORD PERIOD 1887 TO 2017


WEATHER ITEM   OBSERVED TIME   RECORD YEAR NORMAL DEPARTURE LAST
                VALUE   (LST)  VALUE       VALUE  FROM      YEAR
                                                  NORMAL
..................................................................
TEMPERATURE (F)
 YESTERDAY
  MAXIMUM         64    235 AM  83    1987  62      2       68
                                      1985
                                      1954
  MINIMUM         47   1159 PM  22    1904  41      6       57
  AVERAGE         56                        51      5       63

PRECIPITATION (IN)
  YESTERDAY        0.02                      0.12  -0.10     0.11
  MONTH TO DATE    3.54                      2.52   1.02     2.14
  SINCE MAR 1      9.07                      5.50   3.57     6.72
  SINCE JAN 1     17.58                     10.42   7.16    11.31

SNOWFALL (IN)
  YESTERDAY       MM                         0.0   MM        0.0
  MONTH TO DATE    2.5                       2.5    0.0      5.1
  SINCE MAR 1     16.0                      10.7    5.3      7.5
  SINCE JUL 1     37.2                      47.2  -10.0     30.2
  SNOW DEPTH       0

DEGREE DAYS
 HEATING
  YESTERDAY        9                        14     -5        2
  MONTH TO DATE  213                       368   -155      394
  SINCE MAR 1   1016                      1219   -203      996
  SINCE JUL 1   4616                      5763  -1147     4643

 COOLING
  YESTERDAY        0                         0      0        0
  MONTH TO DATE   17                         0     17        0
  SINCE MAR 1     17                         0     17        0
  SINCE JAN 1     19                         0     19        0
..................................................................


WIND (MPH)
  HIGHEST WIND SPEED    23   HIGHEST WIND DIRECTION     N (340)
  HIGHEST GUST SPEED    29   HIGHEST GUST DIRECTION    NW (330)
  AVERAGE WIND SPEED    12.5


SKY COVER
  POSSIBLE SUNSHINE  MM
  AVERAGE SKY COVER 0.8


WEATHER CONDITIONS
 THE FOLLOWING WEATHER WAS RECORDED YESTERDAY.
  THUNDERSTORM
  HEAVY RAIN
  LIGHT RAIN
  FOG
  HAZE


RELATIVE HUMIDITY (PERCENT)
 HIGHEST    84           200 AM
 LOWEST     51           200 PM
 AVERAGE    68

..........................................................


THE AKRON CANTON OH CLIMATE NORMALS FOR TODAY
                         NORMAL    RECORD    YEAR
 MAXIMUM TEMPERATURE (F)   62        85      1985
 MINIMUM TEMPERATURE (F)   41        23      1978


SUNRISE AND SUNSET
APRIL 22 2017.........SUNRISE   636 AM EDT   SUNSET   813 PM EDT
APRIL 23 2017.........SUNRISE   634 AM EDT   SUNSET   814 PM EDT


-  INDICATES NEGATIVE NUMBERS.
R  INDICATES RECORD WAS SET OR TIED.
MM INDICATES DATA IS MISSING.
T  INDICATES TRACE AMOUNT.




$$
