000
CDUS41 KCLE 170529
CLICAK


CLIMATE REPORT
NATIONAL WEATHER SERVICE CLEVELAND OH
1229 AM EST FRI FEB 17 2017


...................................

...THE AKRON CANTON OH CLIMATE SUMMARY FOR FEBRUARY 16 2017...

CLIMATE NORMAL PERIOD 1981 TO 2010
CLIMATE RECORD PERIOD 1887 TO 2017


WEATHER ITEM   OBSERVED TIME   RECORD YEAR NORMAL DEPARTURE LAST
                VALUE   (LST)  VALUE       VALUE  FROM      YEAR
                                                  NORMAL
..................................................................
TEMPERATURE (F)
 YESTERDAY
  MAXIMUM         29    505 PM  63    1954  37     -8       33
                                      1927
                                      1921
  MINIMUM         23   1147 PM -11    1904  21      2       28
  AVERAGE         26                        29     -3       31

PRECIPITATION (IN)
  YESTERDAY        0.03                      0.07  -0.04     0.43
  MONTH TO DATE    1.41                      1.30   0.11     1.68
  SINCE DEC 1     10.55                      6.75   3.80     6.59
  SINCE JAN 1      7.55                      3.91   3.64     2.89

SNOWFALL (IN)
  YESTERDAY        0.8                       0.4    0.4      4.1
  MONTH TO DATE    4.2                       5.9   -1.7     14.1
  SINCE DEC 1     19.1                      28.5   -9.4     20.4
  SINCE JUL 1     21.2                      31.9  -10.7     20.4
  SNOW DEPTH       1

DEGREE DAYS
 HEATING
  YESTERDAY       39                        36      3       34
  MONTH TO DATE  507                       596    -89      596
  SINCE DEC 1   2533                      2873   -340     2416
  SINCE JUL 1   3411                      4132   -721     3296

 COOLING
  YESTERDAY        0                         0      0        0
  MONTH TO DATE    0                         0      0        0
  SINCE DEC 1      0                         0      0        0
  SINCE JAN 1      0                         0      0        0
..................................................................


WIND (MPH)
  HIGHEST WIND SPEED    17   HIGHEST WIND DIRECTION    NW (310)
  HIGHEST GUST SPEED    21   HIGHEST GUST DIRECTION    NW (300)
  AVERAGE WIND SPEED     8.1


SKY COVER
  POSSIBLE SUNSHINE  MM
  AVERAGE SKY COVER 0.8


WEATHER CONDITIONS
 THE FOLLOWING WEATHER WAS RECORDED YESTERDAY.
  LIGHT SNOW
  HAZE


RELATIVE HUMIDITY (PERCENT)
 HIGHEST    81           800 AM
 LOWEST     58           500 PM
 AVERAGE    70

..........................................................


THE AKRON CANTON OH CLIMATE NORMALS FOR TODAY
                         NORMAL    RECORD    YEAR
 MAXIMUM TEMPERATURE (F)   37        60      2006
 MINIMUM TEMPERATURE (F)   22       -13      1979


SUNRISE AND SUNSET
FEBRUARY 17 2017......SUNRISE   717 AM EST   SUNSET   603 PM EST
FEBRUARY 18 2017......SUNRISE   716 AM EST   SUNSET   604 PM EST


-  INDICATES NEGATIVE NUMBERS.
R  INDICATES RECORD WAS SET OR TIED.
MM INDICATES DATA IS MISSING.
T  INDICATES TRACE AMOUNT.




$$
