000
CDUS41 KCLE 050527
CLICAK


CLIMATE REPORT
NATIONAL WEATHER SERVICE CLEVELAND OH
1226 AM EST TUE DEC 5 2017


...................................

...THE AKRON CANTON OH CLIMATE SUMMARY FOR DECEMBER 4 2017...

CLIMATE NORMAL PERIOD 1981 TO 2010
CLIMATE RECORD PERIOD 1887 TO 2017


WEATHER ITEM   OBSERVED TIME   RECORD YEAR NORMAL DEPARTURE LAST
                VALUE   (LST)  VALUE       VALUE  FROM      YEAR
                                                  NORMAL
..................................................................
TEMPERATURE (F)
 YESTERDAY
  MAXIMUM         57   1159 PM  68    1941  41     16       40
  MINIMUM         34    812 AM   4    1940  28      6       32
  AVERAGE         46                        34     12       36

PRECIPITATION (IN)
  YESTERDAY        T                         0.10  -0.10     0.08
  MONTH TO DATE    T                         0.39  -0.39     0.09
  SINCE DEC 1      T                         0.39  -0.39     0.09
  SINCE JAN 1     46.58                     37.17   9.41    35.74

SNOWFALL (IN)
  YESTERDAY        0.0                       0.3   -0.3      0.1
  MONTH TO DATE    0.0                       1.0   -1.0      0.1
  SINCE DEC 1      0.0                       1.0   -1.0      0.1
  SINCE JUL 1      0.1                       4.4   -4.3      2.2
  SNOW DEPTH       0

DEGREE DAYS
 HEATING
  YESTERDAY       19                        31    -12       29
  MONTH TO DATE   95                       121    -26      112
  SINCE DEC 1     95                       121    -26      112
  SINCE JUL 1   1077                      1380   -303      990

 COOLING
  YESTERDAY        0                         0      0        0
  MONTH TO DATE    0                         0      0        0
  SINCE DEC 1      0                         0      0        0
  SINCE JAN 1    926                       652    274     1133
..................................................................


WIND (MPH)
  HIGHEST WIND SPEED    24   HIGHEST WIND DIRECTION     S (190)
  HIGHEST GUST SPEED    32   HIGHEST GUST DIRECTION     S (190)
  AVERAGE WIND SPEED    12.9


SKY COVER
  POSSIBLE SUNSHINE  MM
  AVERAGE SKY COVER 0.7


WEATHER CONDITIONS
 THE FOLLOWING WEATHER WAS RECORDED YESTERDAY.
  NO SIGNIFICANT WEATHER WAS OBSERVED.


RELATIVE HUMIDITY (PERCENT)
 HIGHEST    75           800 AM
 LOWEST     41          1200 PM
 AVERAGE    58

..........................................................


THE AKRON CANTON OH CLIMATE NORMALS FOR TODAY
                         NORMAL    RECORD    YEAR
 MAXIMUM TEMPERATURE (F)   40        69      2001
 MINIMUM TEMPERATURE (F)   27         7      1991


SUNRISE AND SUNSET
DECEMBER  5 2017......SUNRISE   735 AM EST   SUNSET   458 PM EST
DECEMBER  6 2017......SUNRISE   736 AM EST   SUNSET   458 PM EST


-  INDICATES NEGATIVE NUMBERS.
R  INDICATES RECORD WAS SET OR TIED.
MM INDICATES DATA IS MISSING.
T  INDICATES TRACE AMOUNT.




$$
