000
CDUS41 KCLE 080526
CLICAK


CLIMATE REPORT
NATIONAL WEATHER SERVICE CLEVELAND OH
126 AM EDT TUE JUL 8 2014


...................................

...THE AKRON CANTON OH CLIMATE SUMMARY FOR JULY 7 2014...

CLIMATE NORMAL PERIOD 1981 TO 2010
CLIMATE RECORD PERIOD 1887 TO 2014


WEATHER ITEM   OBSERVED TIME   RECORD YEAR NORMAL DEPARTURE LAST
                VALUE   (LST)  VALUE       VALUE  FROM      YEAR
                                                  NORMAL
..................................................................
TEMPERATURE (F)
 YESTERDAY
  MAXIMUM         80    543 PM 101    2012  82     -2       81
  MINIMUM         69    537 AM  47    1990  62      7       67
  AVERAGE         75                        72      3       74

PRECIPITATION (IN)
  YESTERDAY        0.46                      0.13   0.33      T
  MONTH TO DATE    0.62                      0.91  -0.29     1.34
  SINCE JUN 1      9.90                      4.74   5.16     7.25
  SINCE JAN 1     26.53                     20.47   6.06    19.51

SNOWFALL (IN)
  YESTERDAY        0.0                       0.0    0.0      0.0
  MONTH TO DATE    0.0                       0.0    0.0      0.0
  SINCE JUN 1      0.0                       0.0    0.0      0.0
  SINCE JUL 1      0.0                       0.0    0.0      0.0
  SNOW DEPTH       0

DEGREE DAYS
 HEATING
  YESTERDAY        0                         0      0        0
  MONTH TO DATE    0                         0      0        0
  SINCE JUN 1     15                        49    -34       27
  SINCE JUL 1      0                         0      0        0

 COOLING
  YESTERDAY       10                         7      3        9
  MONTH TO DATE   48                        49     -1       69
  SINCE JUN 1    231                       184     47      230
  SINCE JAN 1    307                       226     81      336
..................................................................


WIND (MPH)
  HIGHEST WIND SPEED    24   HIGHEST WIND DIRECTION    SW (220)
  HIGHEST GUST SPEED    32   HIGHEST GUST DIRECTION    SW (230)
  AVERAGE WIND SPEED    11.8


SKY COVER
  POSSIBLE SUNSHINE  MM
  AVERAGE SKY COVER 0.7


WEATHER CONDITIONS
 THE FOLLOWING WEATHER WAS RECORDED YESTERDAY.
  THUNDERSTORM
  RAIN
  LIGHT RAIN
  FOG
  HAZE


RELATIVE HUMIDITY (PERCENT)
 HIGHEST    84          1100 PM
 LOWEST     61           300 AM
 AVERAGE    73

..........................................................


THE AKRON CANTON OH CLIMATE NORMALS FOR TODAY
                         NORMAL    RECORD    YEAR
 MAXIMUM TEMPERATURE (F)   82        99      1988
 MINIMUM TEMPERATURE (F)   62        47      1954


SUNRISE AND SUNSET
JULY  8 2014..........SUNRISE   602 AM EDT   SUNSET   900 PM EDT
JULY  9 2014..........SUNRISE   602 AM EDT   SUNSET   859 PM EDT


-  INDICATES NEGATIVE NUMBERS.
R  INDICATES RECORD WAS SET OR TIED.
MM INDICATES DATA IS MISSING.
T  INDICATES TRACE AMOUNT.




$$
