000
CDUS41 KCLE 210546
CLICAK


CLIMATE REPORT
NATIONAL WEATHER SERVICE CLEVELAND OH
145 AM EDT THU APR 21 2016


...................................

...THE AKRON CANTON OH CLIMATE SUMMARY FOR APRIL 20 2016...

CLIMATE NORMAL PERIOD 1981 TO 2010
CLIMATE RECORD PERIOD 1887 TO 2016


WEATHER ITEM   OBSERVED TIME   RECORD YEAR NORMAL DEPARTURE LAST
                VALUE   (LST)  VALUE       VALUE  FROM      YEAR
                                                  NORMAL
..................................................................
TEMPERATURE (F)
 YESTERDAY
  MAXIMUM         72    419 PM  82    1985  62     10       68
                                      1915
  MINIMUM         43    544 AM  22    1904  40      3       46
  AVERAGE         58                        51      7       57

PRECIPITATION (IN)
  YESTERDAY        0.00                      0.12  -0.12     0.29
  MONTH TO DATE    2.03                      2.40  -0.37     3.60
  SINCE MAR 1      6.61                      5.38   1.23     6.36
  SINCE JAN 1     11.20                     10.30   0.90    11.84

SNOWFALL (IN)
  YESTERDAY        0.0                       0.1   -0.1      0.0
  MONTH TO DATE    5.1                       2.5    2.6       T
  SINCE MAR 1      7.5                      10.7   -3.2      6.9
  SINCE JUL 1     30.2                      47.2  -17.0     59.8
  SNOW DEPTH       0

DEGREE DAYS
 HEATING
  YESTERDAY        7                        14     -7        8
  MONTH TO DATE  392                       354     38      207
  SINCE MAR 1    994                      1205   -211     1135
  SINCE JUL 1   4641                      5749  -1108     5978

 COOLING
  YESTERDAY        0                         0      0        0
  MONTH TO DATE    0                         0      0        2
  SINCE MAR 1      0                         0      0        2
  SINCE JAN 1      0                         0      0        2
..................................................................


WIND (MPH)
  HIGHEST WIND SPEED    20   HIGHEST WIND DIRECTION     E (110)
  HIGHEST GUST SPEED    25   HIGHEST GUST DIRECTION     E (110)
  AVERAGE WIND SPEED    10.0


SKY COVER
  POSSIBLE SUNSHINE  MM
  AVERAGE SKY COVER 0.4


WEATHER CONDITIONS
 THE FOLLOWING WEATHER WAS RECORDED YESTERDAY.
  NO SIGNIFICANT WEATHER WAS OBSERVED.


RELATIVE HUMIDITY (PERCENT)
 HIGHEST    49           600 AM
 LOWEST     19           500 PM
 AVERAGE    34

..........................................................


THE AKRON CANTON OH CLIMATE NORMALS FOR TODAY
                         NORMAL    RECORD    YEAR
 MAXIMUM TEMPERATURE (F)   62        83      1987
                                             1985
                                             1954
 MINIMUM TEMPERATURE (F)   41        22      1904


SUNRISE AND SUNSET
APRIL 21 2016.........SUNRISE   637 AM EDT   SUNSET   812 PM EDT
APRIL 22 2016.........SUNRISE   636 AM EDT   SUNSET   813 PM EDT


-  INDICATES NEGATIVE NUMBERS.
R  INDICATES RECORD WAS SET OR TIED.
MM INDICATES DATA IS MISSING.
T  INDICATES TRACE AMOUNT.




$$
