000
CDUS41 KCLE 172121
CLICAK


CLIMATE REPORT
NATIONAL WEATHER SERVICE CLEVELAND OH
520 PM EDT FRI MAR 17 2017


...................................

...THE AKRON CANTON OH CLIMATE SUMMARY FOR MARCH 17 2017...
VALID TODAY AS OF 0500 PM LOCAL TIME.

CLIMATE NORMAL PERIOD 1981 TO 2010
CLIMATE RECORD PERIOD 1887 TO 2017


WEATHER ITEM   OBSERVED TIME   RECORD YEAR NORMAL DEPARTURE LAST
                VALUE   (LST)  VALUE       VALUE  FROM      YEAR
                                                  NORMAL
..................................................................
TEMPERATURE (F)
 TODAY
  MAXIMUM         38   1025 AM  77    2012  47     -9       58
  MINIMUM         22    645 AM  -2    1900  29     -7       37
  AVERAGE         30                        38     -8       48

PRECIPITATION (IN)
  TODAY            0.16                      0.10   0.06     0.00
  MONTH TO DATE    2.56                      1.52   1.04     2.58
  SINCE MAR 1      2.56                      1.52   1.04     2.58
  SINCE JAN 1     11.07                      6.44   4.63     7.17

SNOWFALL (IN)
  TODAY            1.6                       0.3    1.3      0.0
  MONTH TO DATE   12.4                       5.3    7.1      2.4
  SINCE MAR 1     12.4                       5.3    7.1      2.4
  SINCE JUL 1     33.6                      41.8   -8.2     25.1
  SNOW DEPTH       T

DEGREE DAYS
 HEATING
  TODAY           35                        27      8       17
  MONTH TO DATE  553                       510     43      341
  SINCE MAR 1    553                       510     43      341
  SINCE JUL 1   4153                      5054   -901     3988

 COOLING
  TODAY            0                         0      0        0
  MONTH TO DATE    0                         0      0        0
  SINCE MAR 1      0                         0      0        0
  SINCE JAN 1      2                         0      2        0
..................................................................


WIND (MPH)
  HIGHEST WIND SPEED    21   HIGHEST WIND DIRECTION     S (200)
  HIGHEST GUST SPEED    26   HIGHEST GUST DIRECTION    SW (210)


SKY COVER
  POSSIBLE SUNSHINE  MM
  AVERAGE SKY COVER 0.5


WEATHER CONDITIONS
 THE FOLLOWING WEATHER WAS RECORDED TODAY.
  HEAVY SNOW
  SNOW
  LIGHT SNOW
  FOG
  FOG W/VISIBILITY <= 1/4 MILE
  HAZE


RELATIVE HUMIDITY (PERCENT)
 HIGHEST    92           400 PM
 LOWEST     44          1000 AM
 AVERAGE    68

..........................................................


THE AKRON CANTON OH CLIMATE NORMALS FOR TOMORROW
                         NORMAL    RECORD    YEAR
 MAXIMUM TEMPERATURE (F)   47        75      2012
 MINIMUM TEMPERATURE (F)   29         3      1916


SUNRISE AND SUNSET
MARCH 17 2017.........SUNRISE   734 AM EDT   SUNSET   735 PM EDT
MARCH 18 2017.........SUNRISE   732 AM EDT   SUNSET   736 PM EDT


-  INDICATES NEGATIVE NUMBERS.
R  INDICATES RECORD WAS SET OR TIED.
MM INDICATES DATA IS MISSING.
T  INDICATES TRACE AMOUNT.




$$
