000
CDUS41 KCLE 162113
CLICAK


CLIMATE REPORT
NATIONAL WEATHER SERVICE CLEVELAND OH
512 PM EDT FRI JUN 16 2017


...................................

...THE AKRON CANTON OH CLIMATE SUMMARY FOR JUNE 16 2017...
VALID TODAY AS OF 0500 PM LOCAL TIME.

CLIMATE NORMAL PERIOD 1981 TO 2010
CLIMATE RECORD PERIOD 1887 TO 2017


WEATHER ITEM   OBSERVED TIME   RECORD YEAR NORMAL DEPARTURE LAST
                VALUE   (LST)  VALUE       VALUE  FROM      YEAR
                                                  NORMAL
..................................................................
TEMPERATURE (F)
 TODAY
  MAXIMUM         91    258 PM  94    1913  78     13       81
  MINIMUM         67    449 AM  39    1908  58      9       66
  AVERAGE         79                        68     11       74

PRECIPITATION (IN)
  TODAY            0.00                      0.12  -0.12     1.84
  MONTH TO DATE    0.64                      2.03  -1.39     2.62
  SINCE JUN 1      0.64                      2.03  -1.39     2.62
  SINCE JAN 1     26.76                     17.76   9.00    17.29

SNOWFALL (IN)
  TODAY            0.0                       0.0    0.0      0.0
  MONTH TO DATE    0.0                       0.0    0.0      0.0
  SINCE JUN 1      0.0                       0.0    0.0      0.0
  SINCE JUL 1     37.2                      47.5  -10.3     30.2
  SNOW DEPTH       0

DEGREE DAYS
 HEATING
  TODAY            0                         1     -1        0
  MONTH TO DATE   18                        39    -21       17
  SINCE JUN 1     18                        39    -21       17
  SINCE JUL 1   4891                      6140  -1249     4998

 COOLING
  TODAY           14                         5      9        9
  MONTH TO DATE  100                        54     46       90
  SINCE JUN 1    100                        54     46       90
  SINCE JAN 1    164                        96     68      151
..................................................................


WIND (MPH)
  HIGHEST WIND SPEED    10   HIGHEST WIND DIRECTION     N (350)
  HIGHEST GUST SPEED    13   HIGHEST GUST DIRECTION    NE (30)


SKY COVER
  POSSIBLE SUNSHINE  MM
  AVERAGE SKY COVER 0.5


WEATHER CONDITIONS
 THE FOLLOWING WEATHER WAS RECORDED TODAY.
  FOG
  HAZE


RELATIVE HUMIDITY (PERCENT)
 HIGHEST    87           500 AM
 LOWEST     30           300 PM
 AVERAGE    59

..........................................................


THE AKRON CANTON OH CLIMATE NORMALS FOR TOMORROW
                         NORMAL    RECORD    YEAR
 MAXIMUM TEMPERATURE (F)   79        94      1957
 MINIMUM TEMPERATURE (F)   58        40      1980


SUNRISE AND SUNSET
JUNE 16 2017..........SUNRISE   553 AM EDT   SUNSET   900 PM EDT
JUNE 17 2017..........SUNRISE   553 AM EDT   SUNSET   900 PM EDT


-  INDICATES NEGATIVE NUMBERS.
R  INDICATES RECORD WAS SET OR TIED.
MM INDICATES DATA IS MISSING.
T  INDICATES TRACE AMOUNT.




$$
