000
CDUS41 KCLE 110532
CLICAK


CLIMATE REPORT
NATIONAL WEATHER SERVICE CLEVELAND OH
1230 AM EST SUN FEB 11 2018


...................................

...THE AKRON CANTON OH CLIMATE SUMMARY FOR FEBRUARY 10 2018...

CLIMATE NORMAL PERIOD 1981 TO 2010
CLIMATE RECORD PERIOD 1887 TO 2018


WEATHER ITEM   OBSERVED TIME   RECORD YEAR NORMAL DEPARTURE LAST
                VALUE   (LST)  VALUE       VALUE  FROM      YEAR
                                                  NORMAL
..................................................................
TEMPERATURE (F)
 YESTERDAY
  MAXIMUM         44   1235 PM  63    1932  36      8       32
  MINIMUM         29    932 PM -20    1899  20      9       10
  AVERAGE         37                        28      9       21

PRECIPITATION (IN)
  YESTERDAY        0.12                      0.08   0.04     0.00
  MONTH TO DATE    0.83                      0.82   0.01     1.12
  SINCE DEC 1      4.92                      6.27  -1.35    10.26
  SINCE JAN 1      3.02                      3.43  -0.41     7.26

SNOWFALL (IN)
  YESTERDAY        0.0                       0.3   -0.3      0.0
  MONTH TO DATE   10.4                       3.7    6.7      2.7
  SINCE DEC 1     36.6                      26.3   10.3     17.6
  SINCE JUL 1     36.7                      29.7    7.0     19.7
  SNOW DEPTH       4

DEGREE DAYS
 HEATING
  YESTERDAY       28                        37     -9       44
  MONTH TO DATE  412                       377     35      332
  SINCE DEC 1   2767                      2654    113     2358
  SINCE JUL 1   3757                      3913   -156     3236

 COOLING
  YESTERDAY        0                         0      0        0
  MONTH TO DATE    0                         0      0        0
  SINCE DEC 1      0                         0      0        0
  SINCE JAN 1      0                         0      0        0
..................................................................


WIND (MPH)
  HIGHEST WIND SPEED    15   HIGHEST WIND DIRECTION     N (10)
  HIGHEST GUST SPEED    19   HIGHEST GUST DIRECTION     N (360)
  AVERAGE WIND SPEED     6.5


SKY COVER
  POSSIBLE SUNSHINE  MM
  AVERAGE SKY COVER 1.0


WEATHER CONDITIONS
 THE FOLLOWING WEATHER WAS RECORDED YESTERDAY.
  LIGHT RAIN
  LT FREEZING RAIN
  FOG
  FOG W/VISIBILITY <= 1/4 MILE


RELATIVE HUMIDITY (PERCENT)
 HIGHEST    92           900 PM
 LOWEST     67          1200 PM
 AVERAGE    80

..........................................................


THE AKRON CANTON OH CLIMATE NORMALS FOR TODAY
                         NORMAL    RECORD    YEAR
 MAXIMUM TEMPERATURE (F)   36        71      1932
 MINIMUM TEMPERATURE (F)   21       -11      1899


SUNRISE AND SUNSET
FEBRUARY 11 2018......SUNRISE   725 AM EST   SUNSET   555 PM EST
FEBRUARY 12 2018......SUNRISE   724 AM EST   SUNSET   557 PM EST


-  INDICATES NEGATIVE NUMBERS.
R  INDICATES RECORD WAS SET OR TIED.
MM INDICATES DATA IS MISSING.
T  INDICATES TRACE AMOUNT.




$$
