000
CDUS41 KCLE 242211
CLICAK


CLIMATE REPORT
NATIONAL WEATHER SERVICE CLEVELAND OH
511 PM EST FRI FEB 24 2017


...................................

...THE AKRON CANTON OH CLIMATE SUMMARY FOR FEBRUARY 24 2017...
VALID TODAY AS OF 0500 PM LOCAL TIME.

CLIMATE NORMAL PERIOD 1981 TO 2010
CLIMATE RECORD PERIOD 1887 TO 2017


WEATHER ITEM   OBSERVED TIME   RECORD YEAR NORMAL DEPARTURE LAST
                VALUE   (LST)  VALUE       VALUE  FROM      YEAR
                                                  NORMAL
..................................................................
TEMPERATURE (F)
 TODAY
  MAXIMUM         76R   337 PM  68    1961  39     37       53
  MINIMUM         57    746 AM -10    2015  23     34       38
  AVERAGE         67                        31     36       46

PRECIPITATION (IN)
  TODAY            0.00                      0.09  -0.09     1.37
  MONTH TO DATE    1.69                      1.96  -0.27     3.06
  SINCE DEC 1     10.83                      7.41   3.42     7.97
  SINCE JAN 1      7.83                      4.57   3.26     4.27

SNOWFALL (IN)
  TODAY            0.0                       0.4   -0.4      0.0
  MONTH TO DATE    4.2                       8.9   -4.7     14.3
  SINCE DEC 1     19.1                      31.5  -12.4     20.6
  SINCE JUL 1     21.2                      34.9  -13.7     20.6
  SNOW DEPTH       0

DEGREE DAYS
 HEATING
  TODAY            0                        34    -34       19
  MONTH TO DATE  599                       875   -276      813
  SINCE DEC 1   2625                      3152   -527     2633
  SINCE JUL 1   3503                      4411   -908     3513

 COOLING
  TODAY            2                         0      2        0
  MONTH TO DATE    2                         0      2        0
  SINCE DEC 1      2                         0      2        0
  SINCE JAN 1      2                         0      2        0
..................................................................


WIND (MPH)
  HIGHEST WIND SPEED    28   HIGHEST WIND DIRECTION    SW (220)
  HIGHEST GUST SPEED    35   HIGHEST GUST DIRECTION    SW (230)


SKY COVER
  POSSIBLE SUNSHINE  MM
  AVERAGE SKY COVER 0.7


WEATHER CONDITIONS
 THE FOLLOWING WEATHER WAS RECORDED TODAY.
  FOG


RELATIVE HUMIDITY (PERCENT)
 HIGHEST    86           100 AM
 LOWEST     41           400 PM
 AVERAGE    64

..........................................................


THE AKRON CANTON OH CLIMATE NORMALS FOR TOMORROW
                         NORMAL    RECORD    YEAR
 MAXIMUM TEMPERATURE (F)   39        68      2000
 MINIMUM TEMPERATURE (F)   23        -6      1914
                                             1900


SUNRISE AND SUNSET
FEBRUARY 24 2017......SUNRISE   707 AM EST   SUNSET   611 PM EST
FEBRUARY 25 2017......SUNRISE   705 AM EST   SUNSET   613 PM EST


-  INDICATES NEGATIVE NUMBERS.
R  INDICATES RECORD WAS SET OR TIED.
MM INDICATES DATA IS MISSING.
T  INDICATES TRACE AMOUNT.




$$
