000
CDUS41 KCLE 020531
CLICAK


CLIMATE REPORT
NATIONAL WEATHER SERVICE CLEVELAND OH
1229 AM EST MON MAR 2 2015


...................................

...THE AKRON CANTON OH CLIMATE SUMMARY FOR MARCH 1 2015...

CLIMATE NORMAL PERIOD 1981 TO 2010
CLIMATE RECORD PERIOD 1887 TO 2015


WEATHER ITEM   OBSERVED TIME   RECORD YEAR NORMAL DEPARTURE LAST
                VALUE   (LST)  VALUE       VALUE  FROM      YEAR
                                                  NORMAL
..................................................................
TEMPERATURE (F)
 YESTERDAY
  MAXIMUM         33    526 PM  66    1972  41     -8       47
  MINIMUM         19    234 AM   2    1980  24     -5       20
  AVERAGE         26                        32     -6       34

PRECIPITATION (IN)
  YESTERDAY        0.40                      0.09   0.31      T
  MONTH TO DATE    0.40                      0.09   0.31      T
  SINCE MAR 1      0.40                      0.09   0.31      T
  SINCE JAN 1      5.88                      5.01   0.87     3.51

SNOWFALL (IN)
  YESTERDAY        5.7                       0.3    5.4       T
  MONTH TO DATE    5.7                       0.3    5.4       T
  SINCE MAR 1      5.7                       0.3    5.4       T
  SINCE JUL 1     58.6                      36.8   21.8     59.3
  SNOW DEPTH      10

DEGREE DAYS
 HEATING
  YESTERDAY       39                        33      6       31
  MONTH TO DATE   39                        33      6       31
  SINCE MAR 1     39                        33      6       31
  SINCE JUL 1   4882                      4577    305     4854

 COOLING
  YESTERDAY        0                         0      0        0
  MONTH TO DATE    0                         0      0        0
  SINCE MAR 1      0                         0      0        0
  SINCE JAN 1      0                         0      0        0
..................................................................


WIND (MPH)
  HIGHEST WIND SPEED    15   HIGHEST WIND DIRECTION    NW (300)
  HIGHEST GUST SPEED    19   HIGHEST GUST DIRECTION     S (170)
  AVERAGE WIND SPEED     7.4


SKY COVER
  POSSIBLE SUNSHINE  MM
  AVERAGE SKY COVER 1.0


WEATHER CONDITIONS
 THE FOLLOWING WEATHER WAS RECORDED YESTERDAY.
  LIGHT SNOW
  FOG
  HAZE


RELATIVE HUMIDITY (PERCENT)
 HIGHEST    92           100 PM
 LOWEST     73           100 AM
 AVERAGE    83

..........................................................


THE AKRON CANTON OH CLIMATE NORMALS FOR TODAY
                         NORMAL    RECORD    YEAR
 MAXIMUM TEMPERATURE (F)   41        69      1991
 MINIMUM TEMPERATURE (F)   24        -3      1980


SUNRISE AND SUNSET
MARCH  2 2015.........SUNRISE   659 AM EST   SUNSET   618 PM EST
MARCH  3 2015.........SUNRISE   657 AM EST   SUNSET   619 PM EST


-  INDICATES NEGATIVE NUMBERS.
R  INDICATES RECORD WAS SET OR TIED.
MM INDICATES DATA IS MISSING.
T  INDICATES TRACE AMOUNT.




$$
