000
CDUS41 KCLE 300527
CLICAK


CLIMATE REPORT
NATIONAL WEATHER SERVICE CLEVELAND OH
126 AM EDT THU JUL 30 2015


...................................

...THE AKRON CANTON OH CLIMATE SUMMARY FOR JULY 29 2015...

CLIMATE NORMAL PERIOD 1981 TO 2010
CLIMATE RECORD PERIOD 1887 TO 2015


WEATHER ITEM   OBSERVED TIME   RECORD YEAR NORMAL DEPARTURE LAST
                VALUE   (LST)  VALUE       VALUE  FROM      YEAR
                                                  NORMAL
..................................................................
TEMPERATURE (F)
 YESTERDAY
  MAXIMUM         91    341 PM  94    1941  82      9       71
                                      1940
                                      1917
  MINIMUM         69    458 AM  47    1904  62      7       51
  AVERAGE         80                        72      8       61

PRECIPITATION (IN)
  YESTERDAY        0.01                      0.12  -0.11     0.00
  MONTH TO DATE    3.86                      3.82   0.04     3.57
  SINCE JUN 1     12.17                      7.65   4.52    12.85
  SINCE JAN 1     28.58                     23.38   5.20    29.48

SNOWFALL (IN)
  YESTERDAY        0.0                       0.0    0.0      0.0
  MONTH TO DATE    0.0                       0.0    0.0      0.0
  SINCE JUN 1      0.0                       0.0    0.0      0.0
  SINCE JUL 1      0.0                       0.0    0.0      0.0
  SNOW DEPTH       0

DEGREE DAYS
 HEATING
  YESTERDAY        0                         0      0        4
  MONTH TO DATE    0                         0      0        9
  SINCE JUN 1     25                        49    -24       24
  SINCE JUL 1      0                         0      0        9

 COOLING
  YESTERDAY       15                         7      8        0
  MONTH TO DATE  218                       203     15      174
  SINCE JUN 1    404                       338     66      357
  SINCE JAN 1    548                       380    168      433
..................................................................


WIND (MPH)
  HIGHEST WIND SPEED    16   HIGHEST WIND DIRECTION    NW (300)
  HIGHEST GUST SPEED    21   HIGHEST GUST DIRECTION    NW (300)
  AVERAGE WIND SPEED     5.2


SKY COVER
  POSSIBLE SUNSHINE  MM
  AVERAGE SKY COVER 0.4


WEATHER CONDITIONS
 THE FOLLOWING WEATHER WAS RECORDED YESTERDAY.
  LIGHT RAIN
  HAZE


RELATIVE HUMIDITY (PERCENT)
 HIGHEST    84           300 AM
 LOWEST     41          1200 PM
 AVERAGE    63

..........................................................


THE AKRON CANTON OH CLIMATE NORMALS FOR TODAY
                         NORMAL    RECORD    YEAR
 MAXIMUM TEMPERATURE (F)   82        96      1941
                                             1913
 MINIMUM TEMPERATURE (F)   62        46      1904


SUNRISE AND SUNSET
JULY 30 2015..........SUNRISE   620 AM EDT   SUNSET   844 PM EDT
JULY 31 2015..........SUNRISE   621 AM EDT   SUNSET   843 PM EDT


-  INDICATES NEGATIVE NUMBERS.
R  INDICATES RECORD WAS SET OR TIED.
MM INDICATES DATA IS MISSING.
T  INDICATES TRACE AMOUNT.




$$
