609
CDUS41 KCLE 140527
CLICAK


CLIMATE REPORT
NATIONAL WEATHER SERVICE CLEVELAND OH
126 AM EDT MON AUG 14 2017


...................................

...THE AKRON CANTON OH CLIMATE SUMMARY FOR AUGUST 13 2017...

CLIMATE NORMAL PERIOD 1981 TO 2010
CLIMATE RECORD PERIOD 1887 TO 2017


WEATHER ITEM   OBSERVED TIME   RECORD YEAR NORMAL DEPARTURE LAST
                VALUE   (LST)  VALUE       VALUE  FROM      YEAR
                                                  NORMAL
..................................................................
TEMPERATURE (F)
 YESTERDAY
  MAXIMUM         81    441 PM  97    1918  81      0       93
  MINIMUM         55    607 AM  45    1941  61     -6       72
  AVERAGE         68                        71     -3       83

PRECIPITATION (IN)
  YESTERDAY        0.00                      0.11  -0.11     0.22
  MONTH TO DATE    0.47                      1.54  -1.07     1.04
  SINCE JUN 1      8.27                      9.45  -1.18     6.61
  SINCE JAN 1     34.39                     25.18   9.21    21.28

SNOWFALL (IN)
  YESTERDAY        0.0                       0.0    0.0      0.0
  MONTH TO DATE    0.0                       0.0    0.0      0.0
  SINCE JUN 1      0.0                       0.0    0.0      0.0
  SINCE JUL 1      0.0                       0.0    0.0      0.0
  SNOW DEPTH       0

DEGREE DAYS
 HEATING
  YESTERDAY        0                         0      0        0
  MONTH TO DATE    0                         0      0        0
  SINCE JUN 1     23                        55    -32       22
  SINCE JUL 1      0                         6     -6        3

 COOLING
  YESTERDAY        3                         6     -3       18
  MONTH TO DATE   79                        87     -8      178
  SINCE JUN 1    558                       444    114      701
  SINCE JAN 1    622                       486    136      762
..................................................................


WIND (MPH)
  HIGHEST WIND SPEED    10   HIGHEST WIND DIRECTION     N (20)
  HIGHEST GUST SPEED    13   HIGHEST GUST DIRECTION    NE (50)
  AVERAGE WIND SPEED     4.9


SKY COVER
  POSSIBLE SUNSHINE  MM
  AVERAGE SKY COVER 0.4


WEATHER CONDITIONS
 THE FOLLOWING WEATHER WAS RECORDED YESTERDAY.
  FOG
  FOG W/VISIBILITY <= 1/4 MILE


RELATIVE HUMIDITY (PERCENT)
 HIGHEST    93           400 AM
 LOWEST     36           200 PM
 AVERAGE    65

..........................................................


THE AKRON CANTON OH CLIMATE NORMALS FOR TODAY
                         NORMAL    RECORD    YEAR
 MAXIMUM TEMPERATURE (F)   81        94      1944
 MINIMUM TEMPERATURE (F)   61        45      1964


SUNRISE AND SUNSET
AUGUST 14 2017........SUNRISE   635 AM EDT   SUNSET   825 PM EDT
AUGUST 15 2017........SUNRISE   636 AM EDT   SUNSET   824 PM EDT


-  INDICATES NEGATIVE NUMBERS.
R  INDICATES RECORD WAS SET OR TIED.
MM INDICATES DATA IS MISSING.
T  INDICATES TRACE AMOUNT.




$$
