000
CDUS41 KCLE 170539
CLICAK


CLIMATE REPORT
NATIONAL WEATHER SERVICE CLEVELAND OH
1238 AM EST MON NOV 17 2014


...................................

...THE AKRON CANTON OH CLIMATE SUMMARY FOR NOVEMBER 16 2014...

CLIMATE NORMAL PERIOD 1981 TO 2010
CLIMATE RECORD PERIOD 1887 TO 2014


WEATHER ITEM   OBSERVED TIME   RECORD YEAR NORMAL DEPARTURE LAST
                VALUE   (LST)  VALUE       VALUE  FROM      YEAR
                                                  NORMAL
..................................................................
TEMPERATURE (F)
 YESTERDAY
  MAXIMUM         36    714 PM  70    1931  49    -13       60
  MINIMUM         30    536 AM   4    1933  34     -4       41
  AVERAGE         33                        42     -9       51

PRECIPITATION (IN)
  YESTERDAY        0.04                      0.11  -0.07     0.00
  MONTH TO DATE    1.13                      1.73  -0.60     1.30
  SINCE SEP 1      6.15                      8.01  -1.86     9.79
  SINCE JAN 1     41.94                     35.21   6.73    36.86

SNOWFALL (IN)
  YESTERDAY        0.4                       0.1    0.3      0.0
  MONTH TO DATE    0.4                       1.1   -0.7      3.2
  SINCE SEP 1      0.4                       1.5   -1.1      3.2
  SINCE JUL 1      0.4                       1.5   -1.1      3.2
  SNOW DEPTH       0

DEGREE DAYS
 HEATING
  YESTERDAY       32                        23      9       14
  MONTH TO DATE  377                       333     44      348
  SINCE SEP 1    819                       868    -49      799
  SINCE JUL 1    835                       888    -53      812

 COOLING
  YESTERDAY        0                         0      0        0
  MONTH TO DATE    0                         0      0        0
  SINCE SEP 1     83                        70     13      105
  SINCE JAN 1    719                       652     67      829
..................................................................


WIND (MPH)
  HIGHEST WIND SPEED    14   HIGHEST WIND DIRECTION    SW (220)
  HIGHEST GUST SPEED    16   HIGHEST GUST DIRECTION    SW (220)
  AVERAGE WIND SPEED     5.5


SKY COVER
  POSSIBLE SUNSHINE  MM
  AVERAGE SKY COVER 1.0


WEATHER CONDITIONS
 THE FOLLOWING WEATHER WAS RECORDED YESTERDAY.
  LIGHT SNOW
  FOG
  HAZE


RELATIVE HUMIDITY (PERCENT)
 HIGHEST    89          1000 PM
 LOWEST     58           100 AM
 AVERAGE    74

..........................................................


THE AKRON CANTON OH CLIMATE NORMALS FOR TODAY
                         NORMAL    RECORD    YEAR
 MAXIMUM TEMPERATURE (F)   49        72      1958
                                             1931
 MINIMUM TEMPERATURE (F)   34         9      1933


SUNRISE AND SUNSET
NOVEMBER 17 2014......SUNRISE   715 AM EST   SUNSET   506 PM EST
NOVEMBER 18 2014......SUNRISE   717 AM EST   SUNSET   505 PM EST


-  INDICATES NEGATIVE NUMBERS.
R  INDICATES RECORD WAS SET OR TIED.
MM INDICATES DATA IS MISSING.
T  INDICATES TRACE AMOUNT.




$$
