000
CDUS41 KCLE 210537
CLICAK


CLIMATE REPORT
NATIONAL WEATHER SERVICE CLEVELAND OH
125 AM EDT FRI APR 21 2017


...................................

...THE AKRON CANTON OH CLIMATE SUMMARY FOR APRIL 20 2017...

CLIMATE NORMAL PERIOD 1981 TO 2010
CLIMATE RECORD PERIOD 1887 TO 2017


WEATHER ITEM   OBSERVED TIME   RECORD YEAR NORMAL DEPARTURE LAST
                VALUE   (LST)  VALUE       VALUE  FROM      YEAR
                                                  NORMAL
..................................................................
TEMPERATURE (F)
 YESTERDAY
  MAXIMUM         81    334 PM  82    1985  62     19       72
                                      1915
  MINIMUM         58    447 AM  22    1904  40     18       43
  AVERAGE         70                        51     19       58

PRECIPITATION (IN)
  YESTERDAY        0.45                      0.12   0.33     0.00
  MONTH TO DATE    3.52                      2.40   1.12     2.03
  SINCE MAR 1      9.05                      5.38   3.67     6.61
  SINCE JAN 1     17.56                     10.30   7.26    11.20

SNOWFALL (IN)
  YESTERDAY        0.0                       0.1   -0.1      0.0
  MONTH TO DATE    2.5                       2.5    0.0      5.1
  SINCE MAR 1     16.0                      10.7    5.3      7.5
  SINCE JUL 1     37.2                      47.2  -10.0     30.2
  SNOW DEPTH       0

DEGREE DAYS
 HEATING
  YESTERDAY        0                        14    -14        7
  MONTH TO DATE  204                       354   -150      392
  SINCE MAR 1   1007                      1205   -198      994
  SINCE JUL 1   4607                      5749  -1142     4641

 COOLING
  YESTERDAY        5                         0      5        0
  MONTH TO DATE   17                         0     17        0
  SINCE MAR 1     17                         0     17        0
  SINCE JAN 1     19                         0     19        0
..................................................................


WIND (MPH)
  HIGHEST WIND SPEED    24   HIGHEST WIND DIRECTION    SW (230)
  HIGHEST GUST SPEED    31   HIGHEST GUST DIRECTION    SW (210)
  AVERAGE WIND SPEED    11.7


SKY COVER
  POSSIBLE SUNSHINE  MM
  AVERAGE SKY COVER 0.8


WEATHER CONDITIONS
 THE FOLLOWING WEATHER WAS RECORDED YESTERDAY.
  THUNDERSTORM
  HEAVY RAIN
  RAIN
  LIGHT RAIN
  FOG
  HAZE


RELATIVE HUMIDITY (PERCENT)
 HIGHEST    90          1200 AM
 LOWEST     43           600 PM
 AVERAGE    67

..........................................................


THE AKRON CANTON OH CLIMATE NORMALS FOR TODAY
                         NORMAL    RECORD    YEAR
 MAXIMUM TEMPERATURE (F)   62        83      1987
                                             1985
                                             1954
 MINIMUM TEMPERATURE (F)   41        22      1904


SUNRISE AND SUNSET
APRIL 21 2017.........SUNRISE   637 AM EDT   SUNSET   812 PM EDT
APRIL 22 2017.........SUNRISE   636 AM EDT   SUNSET   813 PM EDT


-  INDICATES NEGATIVE NUMBERS.
R  INDICATES RECORD WAS SET OR TIED.
MM INDICATES DATA IS MISSING.
T  INDICATES TRACE AMOUNT.




$$
