000
CDUS41 KCLE 120545
CLICAK


CLIMATE REPORT
NATIONAL WEATHER SERVICE CLEVELAND OH
145 AM EDT MON JUN 12 2017


...................................

...THE AKRON CANTON OH CLIMATE SUMMARY FOR JUNE 11 2017...

CLIMATE NORMAL PERIOD 1981 TO 2010
CLIMATE RECORD PERIOD 1887 TO 2017


WEATHER ITEM   OBSERVED TIME   RECORD YEAR NORMAL DEPARTURE LAST
                VALUE   (LST)  VALUE       VALUE  FROM      YEAR
                                                  NORMAL
..................................................................
TEMPERATURE (F)
 YESTERDAY
  MAXIMUM         87    448 PM  95    1933  77     10       93
  MINIMUM         65    521 AM  32    1972  57      8       69
  AVERAGE         76                        67      9       81

PRECIPITATION (IN)
  YESTERDAY        0.00                      0.12  -0.12      T
  MONTH TO DATE    0.53                      1.41  -0.88     0.74
  SINCE JUN 1      0.53                      1.41  -0.88     0.74
  SINCE JAN 1     26.65                     17.14   9.51    15.41

SNOWFALL (IN)
  YESTERDAY        0.0                       0.0    0.0      0.0
  MONTH TO DATE    0.0                       0.0    0.0      0.0
  SINCE JUN 1      0.0                       0.0    0.0      0.0
  SINCE JUL 1     37.2                      47.5  -10.3     30.2
  SNOW DEPTH       0

DEGREE DAYS
 HEATING
  YESTERDAY        0                         2     -2        0
  MONTH TO DATE   18                        31    -13       14
  SINCE JUN 1     18                        31    -13       14
  SINCE JUL 1   4891                      6132  -1241     4995

 COOLING
  YESTERDAY       11                         4      7       16
  MONTH TO DATE   33                        33      0       65
  SINCE JUN 1     33                        33      0       65
  SINCE JAN 1     97                        75     22      126
..................................................................


WIND (MPH)
  HIGHEST WIND SPEED    20   HIGHEST WIND DIRECTION     W (260)
  HIGHEST GUST SPEED    25   HIGHEST GUST DIRECTION     W (250)
  AVERAGE WIND SPEED    10.3


SKY COVER
  POSSIBLE SUNSHINE  MM
  AVERAGE SKY COVER 0.1


WEATHER CONDITIONS
 THE FOLLOWING WEATHER WAS RECORDED YESTERDAY.
  NO SIGNIFICANT WEATHER WAS OBSERVED.


RELATIVE HUMIDITY (PERCENT)
 HIGHEST    78           500 AM
 LOWEST     34           400 PM
 AVERAGE    56

..........................................................


THE AKRON CANTON OH CLIMATE NORMALS FOR TODAY
                         NORMAL    RECORD    YEAR
 MAXIMUM TEMPERATURE (F)   77        91      1984
                                             1967
                                             1961
 MINIMUM TEMPERATURE (F)   57        40      1906


SUNRISE AND SUNSET
JUNE 12 2017..........SUNRISE   553 AM EDT   SUNSET   858 PM EDT
JUNE 13 2017..........SUNRISE   553 AM EDT   SUNSET   859 PM EDT


-  INDICATES NEGATIVE NUMBERS.
R  INDICATES RECORD WAS SET OR TIED.
MM INDICATES DATA IS MISSING.
T  INDICATES TRACE AMOUNT.




$$
