000
CDUS41 KCLE 192111
CLICAK


CLIMATE REPORT
NATIONAL WEATHER SERVICE CLEVELAND OH
510 PM EDT MON SEP 19 2016


...................................

...THE AKRON CANTON OH CLIMATE SUMMARY FOR SEPTEMBER 19 2016...
VALID TODAY AS OF 0500 PM LOCAL TIME.

CLIMATE NORMAL PERIOD 1981 TO 2010
CLIMATE RECORD PERIOD 1887 TO 2016


WEATHER ITEM   OBSERVED TIME   RECORD YEAR NORMAL DEPARTURE LAST
                VALUE   (LST)  VALUE       VALUE  FROM      YEAR
                                                  NORMAL
..................................................................
TEMPERATURE (F)
 TODAY
  MAXIMUM         84    216 PM  90    1932  72     12       79
                                      1908
  MINIMUM         61    654 AM  39    1956  52      9       56
                                      1916
                                      1903
  AVERAGE         73                        62     11       68

PRECIPITATION (IN)
  TODAY            0.00                      0.11  -0.11     0.56
  MONTH TO DATE    4.35                      2.24   2.11     2.74
  SINCE SEP 1      4.35                      2.24   2.11     2.74
  SINCE JAN 1     27.95                     29.44  -1.49    32.08

SNOWFALL (IN)
  TODAY            0.0                       0.0    0.0      0.0
  MONTH TO DATE    0.0                       0.0    0.0      0.0
  SINCE SEP 1      0.0                       0.0    0.0      0.0
  SINCE JUL 1      0.0                       0.0    0.0      0.0
  SNOW DEPTH       0

DEGREE DAYS
 HEATING
  TODAY            0                         5     -5        0
  MONTH TO DATE    1                        46    -45       17
  SINCE SEP 1      1                        46    -45       17
  SINCE JUL 1      4                        66    -62       26

 COOLING
  TODAY            8                         2      6        3
  MONTH TO DATE  119                        54     65      150
  SINCE SEP 1    119                        54     65      150
  SINCE JAN 1   1073                       636    437      934
..................................................................


WIND (MPH)
  HIGHEST WIND SPEED     9   HIGHEST WIND DIRECTION     N (20)
  HIGHEST GUST SPEED    12   HIGHEST GUST DIRECTION     N (360)


SKY COVER
  POSSIBLE SUNSHINE  MM
  AVERAGE SKY COVER 0.7


WEATHER CONDITIONS
 THE FOLLOWING WEATHER WAS RECORDED TODAY.
  FOG
  FOG W/VISIBILITY <= 1/4 MILE


RELATIVE HUMIDITY (PERCENT)
 HIGHEST   100           500 AM
 LOWEST     43           100 PM
 AVERAGE    72

..........................................................


THE AKRON CANTON OH CLIMATE NORMALS FOR TOMORROW
                         NORMAL    RECORD    YEAR
 MAXIMUM TEMPERATURE (F)   71        90      1978
                                             1940
                                             1931
 MINIMUM TEMPERATURE (F)   52        34      1956


SUNRISE AND SUNSET
SEPTEMBER 19 2016.....SUNRISE   711 AM EDT   SUNSET   727 PM EDT
SEPTEMBER 20 2016.....SUNRISE   712 AM EDT   SUNSET   725 PM EDT


-  INDICATES NEGATIVE NUMBERS.
R  INDICATES RECORD WAS SET OR TIED.
MM INDICATES DATA IS MISSING.
T  INDICATES TRACE AMOUNT.




$$
