000
CDUS41 KCLE 082220
CLICAK


CLIMATE REPORT
NATIONAL WEATHER SERVICE CLEVELAND OH
514 PM EST FRI DEC 8 2017


...................................

...THE AKRON CANTON OH CLIMATE SUMMARY FOR DECEMBER 8 2017...
VALID TODAY AS OF 0500 PM LOCAL TIME.

CLIMATE NORMAL PERIOD 1981 TO 2010
CLIMATE RECORD PERIOD 1887 TO 2017


WEATHER ITEM   OBSERVED TIME   RECORD YEAR NORMAL DEPARTURE LAST
                VALUE   (LST)  VALUE       VALUE  FROM      YEAR
                                                  NORMAL
..................................................................
TEMPERATURE (F)
 TODAY
  MAXIMUM         30    321 PM  67    1966  39     -9       32
  MINIMUM         18    752 AM   6    1977  26     -8       22
                                      1942
  AVERAGE         24                        33     -9       27

PRECIPITATION (IN)
  TODAY            T                         0.10  -0.10      T
  MONTH TO DATE    0.16                      0.79  -0.63     0.59
  SINCE DEC 1      0.16                      0.79  -0.63     0.59
  SINCE JAN 1     46.74                     37.57   9.17    36.24

SNOWFALL (IN)
  TODAY            T                         0.3   -0.3       T
  MONTH TO DATE    T                         2.1   -2.1      0.1
  SINCE DEC 1      T                         2.1   -2.1      0.1
  SINCE JUL 1      0.1                       5.5   -5.4      2.2
  SNOW DEPTH       0

DEGREE DAYS
 HEATING
  TODAY           41                        32      9       38
  MONTH TO DATE  224                       248    -24      240
  SINCE DEC 1    224                       248    -24      240
  SINCE JUL 1   1214                      1507   -293     1118

 COOLING
  TODAY            0                         0      0        0
  MONTH TO DATE    0                         0      0        0
  SINCE DEC 1      0                         0      0        0
  SINCE JAN 1    926                       652    274     1133
..................................................................


WIND (MPH)
  HIGHEST WIND SPEED    20   HIGHEST WIND DIRECTION    SW (210)
  HIGHEST GUST SPEED    27   HIGHEST GUST DIRECTION    SW (230)


SKY COVER
  POSSIBLE SUNSHINE  MM
  AVERAGE SKY COVER 0.6


WEATHER CONDITIONS
 THE FOLLOWING WEATHER WAS RECORDED TODAY.
  LIGHT SNOW


RELATIVE HUMIDITY (PERCENT)
 HIGHEST    80           800 AM
 LOWEST     46           100 PM
 AVERAGE    63

..........................................................


THE AKRON CANTON OH CLIMATE NORMALS FOR TOMORROW
                         NORMAL    RECORD    YEAR
 MAXIMUM TEMPERATURE (F)   39        62      1952
 MINIMUM TEMPERATURE (F)   26        -7      1917


SUNRISE AND SUNSET
DECEMBER  8 2017......SUNRISE   738 AM EST   SUNSET   458 PM EST
DECEMBER  9 2017......SUNRISE   739 AM EST   SUNSET   458 PM EST


-  INDICATES NEGATIVE NUMBERS.
R  INDICATES RECORD WAS SET OR TIED.
MM INDICATES DATA IS MISSING.
T  INDICATES TRACE AMOUNT.




$$
