000
CDUS41 KCLE 040527
CLICAK


CLIMATE REPORT
NATIONAL WEATHER SERVICE CLEVELAND OH
126 AM EDT FRI JUL 4 2014


...................................

...THE AKRON CANTON OH CLIMATE SUMMARY FOR JULY 3 2014...

CLIMATE NORMAL PERIOD 1981 TO 2010
CLIMATE RECORD PERIOD 1887 TO 2014


WEATHER ITEM   OBSERVED TIME   RECORD YEAR NORMAL DEPARTURE LAST
                VALUE   (LST)  VALUE       VALUE  FROM      YEAR
                                                  NORMAL
..................................................................
TEMPERATURE (F)
 YESTERDAY
  MAXIMUM         79    225 PM  97    1911  82     -3       85
                                      1898
  MINIMUM         58   1159 PM  42    1907  61     -3       70
  AVERAGE         69                        72     -3       78

PRECIPITATION (IN)
  YESTERDAY        0.01                      0.13  -0.12     0.04
  MONTH TO DATE    0.16                      0.40  -0.24     1.05
  SINCE JUN 1      9.44                      4.23   5.21     6.96
  SINCE JAN 1     26.07                     19.96   6.11    19.22

SNOWFALL (IN)
  YESTERDAY        0.0                       0.0    0.0      0.0
  MONTH TO DATE    0.0                       0.0    0.0      0.0
  SINCE JUN 1      0.0                       0.0    0.0      0.0
  SINCE JUL 1      0.0                       0.0    0.0      0.0
  SNOW DEPTH       0

DEGREE DAYS
 HEATING
  YESTERDAY        0                         0      0        0
  MONTH TO DATE    0                         0      0        0
  SINCE JUN 1     15                        49    -34       27
  SINCE JUL 1      0                         0      0        0

 COOLING
  YESTERDAY        4                         7     -3       13
  MONTH TO DATE   33                        21     12       28
  SINCE JUN 1    216                       156     60      189
  SINCE JAN 1    292                       198     94      295
..................................................................


WIND (MPH)
  HIGHEST WIND SPEED    16   HIGHEST WIND DIRECTION     W (290)
  HIGHEST GUST SPEED    16   HIGHEST GUST DIRECTION     W (290)
  AVERAGE WIND SPEED     6.6


SKY COVER
  POSSIBLE SUNSHINE  MM
  AVERAGE SKY COVER 0.8


WEATHER CONDITIONS
 THE FOLLOWING WEATHER WAS RECORDED YESTERDAY.
  LIGHT RAIN
  FOG
  HAZE


RELATIVE HUMIDITY (PERCENT)
 HIGHEST    87           200 AM
 LOWEST     47           200 PM
 AVERAGE    67

..........................................................


THE AKRON CANTON OH CLIMATE NORMALS FOR TODAY
                         NORMAL    RECORD    YEAR
 MAXIMUM TEMPERATURE (F)   82        99      1911
 MINIMUM TEMPERATURE (F)   62        41      1904


SUNRISE AND SUNSET
JULY  4 2014..........SUNRISE   559 AM EDT   SUNSET   901 PM EDT
JULY  5 2014..........SUNRISE   600 AM EDT   SUNSET   901 PM EDT


-  INDICATES NEGATIVE NUMBERS.
R  INDICATES RECORD WAS SET OR TIED.
MM INDICATES DATA IS MISSING.
T  INDICATES TRACE AMOUNT.




$$
