000
CDUS41 KCLE 180545
CLICAK


CLIMATE REPORT
NATIONAL WEATHER SERVICE CLEVELAND OH
145 AM EDT SUN SEP 18 2016


...................................

...THE AKRON CANTON OH CLIMATE SUMMARY FOR SEPTEMBER 17 2016...

CLIMATE NORMAL PERIOD 1981 TO 2010
CLIMATE RECORD PERIOD 1887 TO 2016


WEATHER ITEM   OBSERVED TIME   RECORD YEAR NORMAL DEPARTURE LAST
                VALUE   (LST)  VALUE       VALUE  FROM      YEAR
                                                  NORMAL
..................................................................
TEMPERATURE (F)
 YESTERDAY
  MAXIMUM         81    205 PM  90    1955  73      8       83
  MINIMUM         69   1159 PM  35    1959  53     16       60
  AVERAGE         75                        63     12       72

PRECIPITATION (IN)
  YESTERDAY        0.71                      0.12   0.59     0.00
  MONTH TO DATE    3.12                      2.02   1.10     2.18
  SINCE SEP 1      3.12                      2.02   1.10     2.18
  SINCE JAN 1     26.72                     29.22  -2.50    31.52

SNOWFALL (IN)
  YESTERDAY        0.0                       0.0    0.0      0.0
  MONTH TO DATE    0.0                       0.0    0.0      0.0
  SINCE SEP 1      0.0                       0.0    0.0      0.0
  SINCE JUL 1      0.0                       0.0    0.0      0.0
  SNOW DEPTH       0

DEGREE DAYS
 HEATING
  YESTERDAY        0                         4     -4        0
  MONTH TO DATE    1                        37    -36       17
  SINCE SEP 1      1                        37    -36       17
  SINCE JUL 1      4                        57    -53       26

 COOLING
  YESTERDAY       10                         2      8        7
  MONTH TO DATE  104                        50     54      141
  SINCE SEP 1    104                        50     54      141
  SINCE JAN 1   1058                       632    426      925
..................................................................


WIND (MPH)
  HIGHEST WIND SPEED    23   HIGHEST WIND DIRECTION    SW (210)
  HIGHEST GUST SPEED    29   HIGHEST GUST DIRECTION    SW (210)
  AVERAGE WIND SPEED    10.3


SKY COVER
  POSSIBLE SUNSHINE  MM
  AVERAGE SKY COVER 0.9


WEATHER CONDITIONS
 THE FOLLOWING WEATHER WAS RECORDED YESTERDAY.
  THUNDERSTORM
  HEAVY RAIN
  RAIN
  LIGHT RAIN
  FOG


RELATIVE HUMIDITY (PERCENT)
 HIGHEST    90           400 AM
 LOWEST     67           100 PM
 AVERAGE    79

..........................................................


THE AKRON CANTON OH CLIMATE NORMALS FOR TODAY
                         NORMAL    RECORD    YEAR
 MAXIMUM TEMPERATURE (F)   72        91      1955
                                             1895
 MINIMUM TEMPERATURE (F)   53        37      1959


SUNRISE AND SUNSET
SEPTEMBER 18 2016.....SUNRISE   710 AM EDT   SUNSET   729 PM EDT
SEPTEMBER 19 2016.....SUNRISE   711 AM EDT   SUNSET   727 PM EDT


-  INDICATES NEGATIVE NUMBERS.
R  INDICATES RECORD WAS SET OR TIED.
MM INDICATES DATA IS MISSING.
T  INDICATES TRACE AMOUNT.




$$
