836
CDUS41 KCLE 242114
CLICAK


CLIMATE REPORT
NATIONAL WEATHER SERVICE CLEVELAND OH
513 PM EDT TUE MAY 24 2016


...................................

...THE AKRON CANTON OH CLIMATE SUMMARY FOR MAY 24 2016...
VALID TODAY AS OF 0500 PM LOCAL TIME.

CLIMATE NORMAL PERIOD 1981 TO 2010
CLIMATE RECORD PERIOD 1887 TO 2016


WEATHER ITEM   OBSERVED TIME   RECORD YEAR NORMAL DEPARTURE LAST
                VALUE   (LST)  VALUE       VALUE  FROM      YEAR
                                                  NORMAL
..................................................................
TEMPERATURE (F)
 TODAY
  MAXIMUM         81    352 PM  88    1912  71     10       82
  MINIMUM         51    427 AM  30    1956  51      0       53
  AVERAGE         66                        61      5       68

PRECIPITATION (IN)
  TODAY            0.00                      0.14  -0.14     0.00
  MONTH TO DATE    1.97                      3.28  -1.31     0.47
  SINCE MAR 1     10.05                      9.81   0.24     7.07
  SINCE JAN 1     14.64                     14.73  -0.09    12.55

SNOWFALL (IN)
  TODAY            0.0                       0.0    0.0      0.0
  MONTH TO DATE    T                         0.1   -0.1      0.0
  SINCE MAR 1      7.5                      11.0   -3.5      6.9
  SINCE JUL 1     30.2                      47.5  -17.3     59.8
  SNOW DEPTH       0

DEGREE DAYS
 HEATING
  TODAY            0                         6     -6        0
  MONTH TO DATE  221                       194     27      101
  SINCE MAR 1   1334                      1526   -192     1431
  SINCE JUL 1   4981                      6070  -1089     6274

 COOLING
  TODAY            1                         2     -1        3
  MONTH TO DATE    2                        21    -19       89
  SINCE MAR 1      2                        27    -25       91
  SINCE JAN 1      2                        27    -25       91
..................................................................


WIND (MPH)
  HIGHEST WIND SPEED    16   HIGHEST WIND DIRECTION     W (280)
  HIGHEST GUST SPEED    21   HIGHEST GUST DIRECTION     W (290)


SKY COVER
  POSSIBLE SUNSHINE  MM
  AVERAGE SKY COVER 0.0


WEATHER CONDITIONS
 THE FOLLOWING WEATHER WAS RECORDED TODAY.
  NO SIGNIFICANT WEATHER WAS OBSERVED.


RELATIVE HUMIDITY (PERCENT)
 HIGHEST    83           500 AM
 LOWEST     30           300 PM
 AVERAGE    57

..........................................................


THE AKRON CANTON OH CLIMATE NORMALS FOR TOMORROW
                         NORMAL    RECORD    YEAR
 MAXIMUM TEMPERATURE (F)   72        88      2012
                                             1914
                                             1904
 MINIMUM TEMPERATURE (F)   51        29      2013


SUNRISE AND SUNSET
MAY 24 2016...........SUNRISE   600 AM EDT   SUNSET   845 PM EDT
MAY 25 2016...........SUNRISE   600 AM EDT   SUNSET   846 PM EDT


-  INDICATES NEGATIVE NUMBERS.
R  INDICATES RECORD WAS SET OR TIED.
MM INDICATES DATA IS MISSING.
T  INDICATES TRACE AMOUNT.




$$
