000
CDUS41 KCLE 120526
CLICAK


CLIMATE REPORT
NATIONAL WEATHER SERVICE CLEVELAND OH
125 AM EDT THU OCT 12 2017


...................................

...THE AKRON CANTON OH CLIMATE SUMMARY FOR OCTOBER 11 2017...

CLIMATE NORMAL PERIOD 1981 TO 2010
CLIMATE RECORD PERIOD 1887 TO 2017


WEATHER ITEM   OBSERVED TIME   RECORD YEAR NORMAL DEPARTURE LAST
                VALUE   (LST)  VALUE       VALUE  FROM      YEAR
                                                  NORMAL
..................................................................
TEMPERATURE (F)
 YESTERDAY
  MAXIMUM         74    330 PM  87    1928  63     11       64
  MINIMUM         60   1159 PM  25    1964  44     16       41
  AVERAGE         67                        53     14       53

PRECIPITATION (IN)
  YESTERDAY        0.53                      0.09   0.44     0.00
  MONTH TO DATE    2.29                      1.02   1.27     0.04
  SINCE SEP 1      4.31                      4.47  -0.16     6.58
  SINCE JAN 1     38.98                     31.67   7.31    30.18

SNOWFALL (IN)
  YESTERDAY        0.0                       0.0    0.0      0.0
  MONTH TO DATE    0.0                       0.0    0.0      0.0
  SINCE SEP 1      0.0                       0.0    0.0      0.0
  SINCE JUL 1      0.0                       0.0    0.0      0.0
  SNOW DEPTH       0

DEGREE DAYS
 HEATING
  YESTERDAY        0                        12    -12       12
  MONTH TO DATE   12                       114   -102       63
  SINCE SEP 1     81                       233   -152       93
  SINCE JUL 1     87                       253   -166       96

 COOLING
  YESTERDAY        2                         0      2        0
  MONTH TO DATE   33                         3     30        4
  SINCE SEP 1    182                        67    115      159
  SINCE JAN 1    924                       649    275     1113
..................................................................


WIND (MPH)
  HIGHEST WIND SPEED    16   HIGHEST WIND DIRECTION    NW (330)
  HIGHEST GUST SPEED    22   HIGHEST GUST DIRECTION    NW (310)
  AVERAGE WIND SPEED     7.0


SKY COVER
  POSSIBLE SUNSHINE  MM
  AVERAGE SKY COVER 0.9


WEATHER CONDITIONS
 THE FOLLOWING WEATHER WAS RECORDED YESTERDAY.
  HEAVY RAIN
  RAIN
  LIGHT RAIN
  FOG


RELATIVE HUMIDITY (PERCENT)
 HIGHEST    93           700 PM
 LOWEST     68          1200 AM
 AVERAGE    81

..........................................................


THE AKRON CANTON OH CLIMATE NORMALS FOR TODAY
                         NORMAL    RECORD    YEAR
 MAXIMUM TEMPERATURE (F)   62        86      1928
 MINIMUM TEMPERATURE (F)   44        27      1906


SUNRISE AND SUNSET
OCTOBER 12 2017.......SUNRISE   734 AM EDT   SUNSET   649 PM EDT
OCTOBER 13 2017.......SUNRISE   735 AM EDT   SUNSET   648 PM EDT


-  INDICATES NEGATIVE NUMBERS.
R  INDICATES RECORD WAS SET OR TIED.
MM INDICATES DATA IS MISSING.
T  INDICATES TRACE AMOUNT.




$$
