000
CDUS41 KCLE 262130
CLICAK


CLIMATE REPORT
NATIONAL WEATHER SERVICE CLEVELAND OH
530 PM EDT SAT JUL 26 2014


...................................

...THE AKRON CANTON OH CLIMATE SUMMARY FOR JULY 26 2014...
VALID TODAY AS OF 0500 PM LOCAL TIME.

CLIMATE NORMAL PERIOD 1981 TO 2010
CLIMATE RECORD PERIOD 1887 TO 2014


WEATHER ITEM   OBSERVED TIME   RECORD YEAR NORMAL DEPARTURE LAST
                VALUE   (LST)  VALUE       VALUE  FROM      YEAR
                                                  NORMAL
..................................................................
TEMPERATURE (F)
 TODAY
  MAXIMUM         83    233 PM  98    1930  82      1       79
  MINIMUM         64    547 AM  44    1904  62      2       54
  AVERAGE         74                        72      2       67

PRECIPITATION (IN)
  TODAY            0.01                      0.13  -0.12     0.00
  MONTH TO DATE    2.74                      3.44  -0.70     6.83
  SINCE JUN 1     12.02                      7.27   4.75    12.74
  SINCE JAN 1     28.65                     23.00   5.65    25.00

SNOWFALL (IN)
  TODAY            0.0                       0.0    0.0      0.0
  MONTH TO DATE    0.0                       0.0    0.0      0.0
  SINCE JUN 1      0.0                       0.0    0.0      0.0
  SINCE JUL 1      0.0                       0.0    0.0      0.0
  SNOW DEPTH       0

DEGREE DAYS
 HEATING
  TODAY            0                         0      0        0
  MONTH TO DATE    2                         0      2        3
  SINCE JUN 1     17                        49    -32       30
  SINCE JUL 1      2                         0      2        3

 COOLING
  TODAY            9                         7      2        2
  MONTH TO DATE  170                       182    -12      264
  SINCE JUN 1    353                       317     36      425
  SINCE JAN 1    429                       359     70      531
..................................................................


WIND (MPH)
  HIGHEST WIND SPEED    17   HIGHEST WIND DIRECTION    SW (220)
  HIGHEST GUST SPEED    24   HIGHEST GUST DIRECTION    SW (220)


SKY COVER
  POSSIBLE SUNSHINE  MM
  AVERAGE SKY COVER 0.4


WEATHER CONDITIONS
 THE FOLLOWING WEATHER WAS RECORDED TODAY.
  LIGHT RAIN
  FOG


RELATIVE HUMIDITY (PERCENT)
 HIGHEST    87           500 AM
 LOWEST     45          1200 PM
 AVERAGE    66

..........................................................


THE AKRON CANTON OH CLIMATE NORMALS FOR TOMORROW
                         NORMAL    RECORD    YEAR
 MAXIMUM TEMPERATURE (F)   82        98      1941
 MINIMUM TEMPERATURE (F)   62        47      1946


SUNRISE AND SUNSET
JULY 26 2014..........SUNRISE   616 AM EDT   SUNSET   848 PM EDT
JULY 27 2014..........SUNRISE   617 AM EDT   SUNSET   847 PM EDT


-  INDICATES NEGATIVE NUMBERS.
R  INDICATES RECORD WAS SET OR TIED.
MM INDICATES DATA IS MISSING.
T  INDICATES TRACE AMOUNT.




$$
