000
CDUS41 KCLE 230545
CLICAK


CLIMATE REPORT
NATIONAL WEATHER SERVICE CLEVELAND OH
145 AM EDT TUE MAY 23 2017


...................................

...THE AKRON CANTON OH CLIMATE SUMMARY FOR MAY 22 2017...

CLIMATE NORMAL PERIOD 1981 TO 2010
CLIMATE RECORD PERIOD 1887 TO 2017


WEATHER ITEM   OBSERVED TIME   RECORD YEAR NORMAL DEPARTURE LAST
                VALUE   (LST)  VALUE       VALUE  FROM      YEAR
                                                  NORMAL
..................................................................
TEMPERATURE (F)
 YESTERDAY
  MAXIMUM         67   1250 AM  91    1941  71     -4       71
  MINIMUM         53    811 AM  34    2002  50      3       45
                                      1935
                                      1895
  AVERAGE         60                        61     -1       58

PRECIPITATION (IN)
  YESTERDAY        0.07                      0.14  -0.07      T
  MONTH TO DATE    5.79                      2.99   2.80     1.97
  SINCE MAR 1     15.90                      9.52   6.38    10.05
  SINCE JAN 1     24.41                     14.44   9.97    14.64

SNOWFALL (IN)
  YESTERDAY        0.0                       0.0    0.0      0.0
  MONTH TO DATE    0.0                       0.1   -0.1       T
  SINCE MAR 1     16.0                      11.0    5.0      7.5
  SINCE JUL 1     37.2                      47.5  -10.3     30.2
  SNOW DEPTH       0

DEGREE DAYS
 HEATING
  YESTERDAY        5                         6     -1        7
  MONTH TO DATE  181                       182     -1      217
  SINCE MAR 1   1259                      1514   -255     1330
  SINCE JUL 1   4859                      6058  -1199     4977

 COOLING
  YESTERDAY        0                         2     -2        0
  MONTH TO DATE   26                        17      9        1
  SINCE MAR 1     48                        23     25        1
  SINCE JAN 1     50                        23     27        1
..................................................................


WIND (MPH)
  HIGHEST WIND SPEED    20   HIGHEST WIND DIRECTION     W (260)
  HIGHEST GUST SPEED    26   HIGHEST GUST DIRECTION    NW (300)
  AVERAGE WIND SPEED     9.0


SKY COVER
  POSSIBLE SUNSHINE  MM
  AVERAGE SKY COVER 0.7


WEATHER CONDITIONS
 THE FOLLOWING WEATHER WAS RECORDED YESTERDAY.
  RAIN
  LIGHT RAIN
  FOG


RELATIVE HUMIDITY (PERCENT)
 HIGHEST    87           100 AM
 LOWEST     48           200 PM
 AVERAGE    68

..........................................................


THE AKRON CANTON OH CLIMATE NORMALS FOR TODAY
                         NORMAL    RECORD    YEAR
 MAXIMUM TEMPERATURE (F)   71        92      1991
 MINIMUM TEMPERATURE (F)   51        32      1967


SUNRISE AND SUNSET
MAY 23 2017...........SUNRISE   601 AM EDT   SUNSET   844 PM EDT
MAY 24 2017...........SUNRISE   601 AM EDT   SUNSET   845 PM EDT


-  INDICATES NEGATIVE NUMBERS.
R  INDICATES RECORD WAS SET OR TIED.
MM INDICATES DATA IS MISSING.
T  INDICATES TRACE AMOUNT.




$$
