000
CDUS41 KCLE 042111
CLICAK


CLIMATE REPORT
NATIONAL WEATHER SERVICE CLEVELAND OH
511 PM EDT WED OCT 4 2017


...................................

...THE AKRON CANTON OH CLIMATE SUMMARY FOR OCTOBER 4 2017...
VALID TODAY AS OF 0500 PM LOCAL TIME.

CLIMATE NORMAL PERIOD 1981 TO 2010
CLIMATE RECORD PERIOD 1887 TO 2017


WEATHER ITEM   OBSERVED TIME   RECORD YEAR NORMAL DEPARTURE LAST
                VALUE   (LST)  VALUE       VALUE  FROM      YEAR
                                                  NORMAL
..................................................................
TEMPERATURE (F)
 TODAY
  MAXIMUM         84    202 PM  86    1951  65     19       74
                                      1922
                                      1919
  MINIMUM         58    609 AM  28    1974  46     12       52
  AVERAGE         71                        56     15       63

PRECIPITATION (IN)
  TODAY            0.00                      0.09  -0.09     0.00
  MONTH TO DATE    0.00                      0.37  -0.37      T
  SINCE SEP 1      2.02                      3.82  -1.80     6.54
  SINCE JAN 1     36.69                     31.02   5.67    30.14

SNOWFALL (IN)
  TODAY            0.0                       0.0    0.0      0.0
  MONTH TO DATE    0.0                       0.0    0.0      0.0
  SINCE SEP 1      0.0                       0.0    0.0      0.0
  SINCE JUL 1      0.0                       0.0    0.0      0.0
  SNOW DEPTH       0

DEGREE DAYS
 HEATING
  TODAY            0                        10    -10        2
  MONTH TO DATE   12                        37    -25       14
  SINCE SEP 1     81                       156    -75       44
  SINCE JUL 1     87                       176    -89       47

 COOLING
  TODAY            6                         0      6        0
  MONTH TO DATE    8                         3      5        0
  SINCE SEP 1    157                        67     90      155
  SINCE JAN 1    899                       649    250     1109
..................................................................


WIND (MPH)
  HIGHEST WIND SPEED    18   HIGHEST WIND DIRECTION     W (250)
  HIGHEST GUST SPEED    24   HIGHEST GUST DIRECTION    SW (230)


SKY COVER
  POSSIBLE SUNSHINE  MM
  AVERAGE SKY COVER 0.4


WEATHER CONDITIONS
 THE FOLLOWING WEATHER WAS RECORDED TODAY.
  NO SIGNIFICANT WEATHER WAS OBSERVED.


RELATIVE HUMIDITY (PERCENT)
 HIGHEST    72           600 AM
 LOWEST     42          1200 PM
 AVERAGE    57

..........................................................


THE AKRON CANTON OH CLIMATE NORMALS FOR TOMORROW
                         NORMAL    RECORD    YEAR
 MAXIMUM TEMPERATURE (F)   65        89      1922
 MINIMUM TEMPERATURE (F)   46        30      1965


SUNRISE AND SUNSET
OCTOBER  4 2017.......SUNRISE   726 AM EDT   SUNSET   702 PM EDT
OCTOBER  5 2017.......SUNRISE   727 AM EDT   SUNSET   701 PM EDT


-  INDICATES NEGATIVE NUMBERS.
R  INDICATES RECORD WAS SET OR TIED.
MM INDICATES DATA IS MISSING.
T  INDICATES TRACE AMOUNT.




$$
