715
CDUS41 KCLE 190526
CLICAK


CLIMATE REPORT
NATIONAL WEATHER SERVICE CLEVELAND OH
125 AM EDT FRI MAY 19 2017


...................................

...THE AKRON CANTON OH CLIMATE SUMMARY FOR MAY 18 2017...

CLIMATE NORMAL PERIOD 1981 TO 2010
CLIMATE RECORD PERIOD 1887 TO 2017


WEATHER ITEM   OBSERVED TIME   RECORD YEAR NORMAL DEPARTURE LAST
                VALUE   (LST)  VALUE       VALUE  FROM      YEAR
                                                  NORMAL
..................................................................
TEMPERATURE (F)
 YESTERDAY
  MAXIMUM         84    326 PM  92    1962  70     14       65
  MINIMUM         68   1106 PM  34    1941  49     19       47
                                      1925
  AVERAGE         76                        59     17       56

PRECIPITATION (IN)
  YESTERDAY        0.08                      0.14  -0.06     0.03
  MONTH TO DATE    3.31                      2.42   0.89     1.40
  SINCE MAR 1     13.42                      8.95   4.47     9.48
  SINCE JAN 1     21.93                     13.87   8.06    14.07

SNOWFALL (IN)
  YESTERDAY        0.0                       0.0    0.0      0.0
  MONTH TO DATE    0.0                       0.1   -0.1       T
  SINCE MAR 1     16.0                      11.0    5.0      7.5
  SINCE JUL 1     37.2                      47.5  -10.3     30.2
  SNOW DEPTH       0

DEGREE DAYS
 HEATING
  YESTERDAY        0                         7     -7        9
  MONTH TO DATE  171                       157     14      183
  SINCE MAR 1   1249                      1489   -240     1296
  SINCE JUL 1   4849                      6033  -1184     4943

 COOLING
  YESTERDAY       11                         1     10        0
  MONTH TO DATE   25                        12     13        1
  SINCE MAR 1     47                        18     29        1
  SINCE JAN 1     49                        18     31        1
..................................................................


WIND (MPH)
  HIGHEST WIND SPEED    26   HIGHEST WIND DIRECTION    SW (230)
  HIGHEST GUST SPEED    34   HIGHEST GUST DIRECTION    SW (240)
  AVERAGE WIND SPEED    15.6


SKY COVER
  POSSIBLE SUNSHINE  MM
  AVERAGE SKY COVER 0.8


WEATHER CONDITIONS
 THE FOLLOWING WEATHER WAS RECORDED YESTERDAY.
  THUNDERSTORM
  LIGHT RAIN


RELATIVE HUMIDITY (PERCENT)
 HIGHEST    58           900 AM
 LOWEST     46          1200 AM
 AVERAGE    52

..........................................................


THE AKRON CANTON OH CLIMATE NORMALS FOR TODAY
                         NORMAL    RECORD    YEAR
 MAXIMUM TEMPERATURE (F)   70        91      1911
 MINIMUM TEMPERATURE (F)   49        32      2002


SUNRISE AND SUNSET
MAY 19 2017...........SUNRISE   604 AM EDT   SUNSET   841 PM EDT
MAY 20 2017...........SUNRISE   604 AM EDT   SUNSET   842 PM EDT


-  INDICATES NEGATIVE NUMBERS.
R  INDICATES RECORD WAS SET OR TIED.
MM INDICATES DATA IS MISSING.
T  INDICATES TRACE AMOUNT.




$$
