468
CDUS41 KCLE 211941
CLICAK


CLIMATE REPORT
NATIONAL WEATHER SERVICE CLEVELAND OH
340 PM EDT SAT MAY 21 2016


...................................

...THE AKRON CANTON OH CLIMATE SUMMARY FOR MAY 20 2016...

CLIMATE NORMAL PERIOD 1981 TO 2010
CLIMATE RECORD PERIOD 1887 TO 2016


WEATHER ITEM   OBSERVED TIME   RECORD YEAR NORMAL DEPARTURE LAST
                VALUE   (LST)  VALUE       VALUE  FROM      YEAR
                                                  NORMAL
..................................................................
TEMPERATURE (F)
 YESTERDAY
  MAXIMUM         72    449 PM  91    1934  70      2       56
  MINIMUM         42    348 AM  33    1905  50     -8       44
                                      1888
  AVERAGE         57                        60     -3       50

PRECIPITATION (IN)
  YESTERDAY        T                         0.14  -0.14      T
  MONTH TO DATE    1.40                      2.70  -1.30     0.45
  SINCE MAR 1      9.48                      9.23   0.25     7.05
  SINCE JAN 1     14.07                     14.15  -0.08    12.53

SNOWFALL (IN)
  YESTERDAY        0.0                       0.0    0.0      0.0
  MONTH TO DATE    T                         0.1   -0.1      0.0
  SINCE MAR 1      7.5                      11.0   -3.5      6.9
  SINCE JUL 1     30.2                      47.5  -17.3     59.8
  SNOW DEPTH       0

DEGREE DAYS
 HEATING
  YESTERDAY        8                         6      2       15
  MONTH TO DATE  201                       170     31       72
  SINCE MAR 1   1314                      1502   -188     1402
  SINCE JUL 1   4961                      6046  -1085     6245

 COOLING
  YESTERDAY        0                         1     -1        0
  MONTH TO DATE    1                        14    -13       86
  SINCE MAR 1      1                        20    -19       88
  SINCE JAN 1      1                        20    -19       88
..................................................................


WIND (MPH)
  HIGHEST WIND SPEED    16   HIGHEST WIND DIRECTION    SE (140)
  HIGHEST GUST SPEED    22   HIGHEST GUST DIRECTION     E (110)
  AVERAGE WIND SPEED     8.5


SKY COVER
  POSSIBLE SUNSHINE  MM
  AVERAGE SKY COVER 0.6


WEATHER CONDITIONS
 THE FOLLOWING WEATHER WAS RECORDED YESTERDAY.
  LIGHT RAIN


RELATIVE HUMIDITY (PERCENT)
 HIGHEST    76           300 AM
 LOWEST     35          1100 AM
 AVERAGE    56

..........................................................


THE AKRON CANTON OH CLIMATE NORMALS FOR TODAY
                         NORMAL    RECORD    YEAR
 MAXIMUM TEMPERATURE (F)   71        91      1934
 MINIMUM TEMPERATURE (F)   50        31      1895


SUNRISE AND SUNSET
MAY 21 2016...........SUNRISE   603 AM EDT   SUNSET   843 PM EDT
MAY 22 2016...........SUNRISE   602 AM EDT   SUNSET   844 PM EDT


-  INDICATES NEGATIVE NUMBERS.
R  INDICATES RECORD WAS SET OR TIED.
MM INDICATES DATA IS MISSING.
T  INDICATES TRACE AMOUNT.




$$
