431
CDUS41 KCLE 152218
CLICAK


CLIMATE REPORT
NATIONAL WEATHER SERVICE CLEVELAND OH
517 PM EST THU FEB 15 2018


...................................

...THE AKRON CANTON OH CLIMATE SUMMARY FOR FEBRUARY 15 2018...
VALID TODAY AS OF 0500 PM LOCAL TIME.

CLIMATE NORMAL PERIOD 1981 TO 2010
CLIMATE RECORD PERIOD 1887 TO 2018


WEATHER ITEM   OBSERVED TIME   RECORD YEAR NORMAL DEPARTURE LAST
                VALUE   (LST)  VALUE       VALUE  FROM      YEAR
                                                  NORMAL
..................................................................
TEMPERATURE (F)
 TODAY
  MAXIMUM         63    147 PM  66    1954  37     26       41
  MINIMUM         45   1232 AM  -8    1943  21     24       26
  AVERAGE         54                        29     25       34

PRECIPITATION (IN)
  TODAY            0.08                      0.09  -0.01     0.07
  MONTH TO DATE    1.43                      1.23   0.20     1.38
  SINCE DEC 1      5.52                      6.68  -1.16    10.52
  SINCE JAN 1      3.62                      3.84  -0.22     7.52

SNOWFALL (IN)
  TODAY            0.0                       0.4   -0.4      0.7
  MONTH TO DATE   10.4                       5.5    4.9      3.4
  SINCE DEC 1     36.6                      28.1    8.5     18.3
  SINCE JUL 1     36.7                      31.5    5.2     20.4
  SNOW DEPTH       0

DEGREE DAYS
 HEATING
  TODAY           11                        36    -25       31
  MONTH TO DATE  557                       560     -3      468
  SINCE DEC 1   2912                      2837     75     2494
  SINCE JUL 1   3902                      4096   -194     3372

 COOLING
  TODAY            0                         0      0        0
  MONTH TO DATE    0                         0      0        0
  SINCE DEC 1      0                         0      0        0
  SINCE JAN 1      0                         0      0        0
..................................................................


WIND (MPH)
  HIGHEST WIND SPEED    24   HIGHEST WIND DIRECTION    SW (230)
  HIGHEST GUST SPEED    30   HIGHEST GUST DIRECTION    SW (220)


SKY COVER
  POSSIBLE SUNSHINE  MM
  AVERAGE SKY COVER 1.0


WEATHER CONDITIONS
 THE FOLLOWING WEATHER WAS RECORDED TODAY.
  LIGHT RAIN
  FOG
  FOG W/VISIBILITY <= 1/4 MILE


RELATIVE HUMIDITY (PERCENT)
 HIGHEST    93           300 AM
 LOWEST     72           100 PM
 AVERAGE    83

..........................................................


THE AKRON CANTON OH CLIMATE NORMALS FOR TOMORROW
                         NORMAL    RECORD    YEAR
 MAXIMUM TEMPERATURE (F)   37        63      1954
                                             1927
                                             1921
 MINIMUM TEMPERATURE (F)   21       -11      1904


SUNRISE AND SUNSET
FEBRUARY 15 2018......SUNRISE   720 AM EST   SUNSET   600 PM EST
FEBRUARY 16 2018......SUNRISE   719 AM EST   SUNSET   602 PM EST


-  INDICATES NEGATIVE NUMBERS.
R  INDICATES RECORD WAS SET OR TIED.
MM INDICATES DATA IS MISSING.
T  INDICATES TRACE AMOUNT.




$$
