000
CDUS41 KCLE 062114
CLICAK


CLIMATE REPORT
NATIONAL WEATHER SERVICE CLEVELAND OH
512 PM EDT THU JUL 6 2017


...................................

...THE AKRON CANTON OH CLIMATE SUMMARY FOR JULY 6 2017...
VALID TODAY AS OF 0500 PM LOCAL TIME.

CLIMATE NORMAL PERIOD 1981 TO 2010
CLIMATE RECORD PERIOD 1887 TO 2017


WEATHER ITEM   OBSERVED TIME   RECORD YEAR NORMAL DEPARTURE LAST
                VALUE   (LST)  VALUE       VALUE  FROM      YEAR
                                                  NORMAL
..................................................................
TEMPERATURE (F)
 TODAY
  MAXIMUM         83   1101 AM  99    2012  82      1       88
  MINIMUM         65    500 AM  43    1979  62      3       63
  AVERAGE         74                        72      2       76

PRECIPITATION (IN)
  TODAY            T                         0.12  -0.12      T
  MONTH TO DATE    0.23                      0.78  -0.55     0.07
  SINCE JUN 1      4.96                      4.61   0.35     3.58
  SINCE JAN 1     31.08                     20.34  10.74    18.25

SNOWFALL (IN)
  TODAY            0.0                       0.0    0.0      0.0
  MONTH TO DATE    0.0                       0.0    0.0      0.0
  SINCE JUN 1      0.0                       0.0    0.0      0.0
  SINCE JUL 1      0.0                       0.0    0.0      0.0
  SNOW DEPTH       0

DEGREE DAYS
 HEATING
  TODAY            0                         0      0        0
  MONTH TO DATE    0                         0      0        3
  SINCE JUN 1     23                        49    -26       22
  SINCE JUL 1      0                         0      0        3

 COOLING
  TODAY            9                         7      2       11
  MONTH TO DATE   56                        42     14       30
  SINCE JUN 1    245                       177     68      224
  SINCE JAN 1    309                       219     90      285
..................................................................


WIND (MPH)
  HIGHEST WIND SPEED     8   HIGHEST WIND DIRECTION     W (270)
  HIGHEST GUST SPEED    10   HIGHEST GUST DIRECTION     W (270)


SKY COVER
  POSSIBLE SUNSHINE  MM
  AVERAGE SKY COVER 0.8


WEATHER CONDITIONS
 THE FOLLOWING WEATHER WAS RECORDED TODAY.
  LIGHT RAIN


RELATIVE HUMIDITY (PERCENT)
 HIGHEST    81           500 AM
 LOWEST     51          1000 AM
 AVERAGE    66

..........................................................


THE AKRON CANTON OH CLIMATE NORMALS FOR TOMORROW
                         NORMAL    RECORD    YEAR
 MAXIMUM TEMPERATURE (F)   82       101      2012
 MINIMUM TEMPERATURE (F)   62        47      1990


SUNRISE AND SUNSET
JULY  6 2017..........SUNRISE   601 AM EDT   SUNSET   900 PM EDT
JULY  7 2017..........SUNRISE   601 AM EDT   SUNSET   900 PM EDT


-  INDICATES NEGATIVE NUMBERS.
R  INDICATES RECORD WAS SET OR TIED.
MM INDICATES DATA IS MISSING.
T  INDICATES TRACE AMOUNT.




$$
