000
CDUS41 KCLE 252213
CLICAK


CLIMATE REPORT
NATIONAL WEATHER SERVICE CLEVELAND OH
512 PM EST FRI NOV 25 2016


...................................

...THE AKRON CANTON OH CLIMATE SUMMARY FOR NOVEMBER 25 2016...
VALID TODAY AS OF 0500 PM LOCAL TIME.

CLIMATE NORMAL PERIOD 1981 TO 2010
CLIMATE RECORD PERIOD 1887 TO 2016


WEATHER ITEM   OBSERVED TIME   RECORD YEAR NORMAL DEPARTURE LAST
                VALUE   (LST)  VALUE       VALUE  FROM      YEAR
                                                  NORMAL
..................................................................
TEMPERATURE (F)
 TODAY
  MAXIMUM         43   1250 AM  64    1987  45     -2       59
  MINIMUM         38   1124 AM   8    2005  31      7       33
                                      1950
  AVERAGE         41                        38      3       46

PRECIPITATION (IN)
  TODAY            T                         0.11  -0.11     0.00
  MONTH TO DATE    1.38                      2.76  -1.38     1.24
  SINCE SEP 1     11.68                      9.04   2.64     7.67
  SINCE JAN 1     35.28                     36.24  -0.96    37.01

SNOWFALL (IN)
  TODAY            0.0                       0.2   -0.2      0.0
  MONTH TO DATE    2.1                       2.2   -0.1       T
  SINCE SEP 1      2.1                       2.6   -0.5       T
  SINCE JUL 1      2.1                       2.6   -0.5       T
  SNOW DEPTH       0

DEGREE DAYS
 HEATING
  TODAY           24                        27     -3       19
  MONTH TO DATE  471                       562    -91      399
  SINCE SEP 1    778                      1097   -319      768
  SINCE JUL 1    781                      1117   -336      777

 COOLING
  TODAY            0                         0      0        0
  MONTH TO DATE    3                         0      3        5
  SINCE SEP 1    179                        70    109      174
  SINCE JAN 1   1133                       652    481      958
..................................................................


WIND (MPH)
  HIGHEST WIND SPEED    12   HIGHEST WIND DIRECTION     W (270)
  HIGHEST GUST SPEED    14   HIGHEST GUST DIRECTION     W (290)


SKY COVER
  POSSIBLE SUNSHINE  MM
  AVERAGE SKY COVER 1.0


WEATHER CONDITIONS
 THE FOLLOWING WEATHER WAS RECORDED TODAY.
  LIGHT RAIN
  FOG
  HAZE


RELATIVE HUMIDITY (PERCENT)
 HIGHEST    89          1200 AM
 LOWEST     76           500 PM
 AVERAGE    83

..........................................................


THE AKRON CANTON OH CLIMATE NORMALS FOR TOMORROW
                         NORMAL    RECORD    YEAR
 MAXIMUM TEMPERATURE (F)   44        70      1896
 MINIMUM TEMPERATURE (F)   31         8      1950


SUNRISE AND SUNSET
NOVEMBER 25 2016......SUNRISE   725 AM EST   SUNSET   500 PM EST
NOVEMBER 26 2016......SUNRISE   726 AM EST   SUNSET   500 PM EST


-  INDICATES NEGATIVE NUMBERS.
R  INDICATES RECORD WAS SET OR TIED.
MM INDICATES DATA IS MISSING.
T  INDICATES TRACE AMOUNT.




$$
