773
CDUS41 KCLE 152215
CLICAK


CLIMATE REPORT
NATIONAL WEATHER SERVICE CLEVELAND OH
514 PM EST SUN JAN 15 2017


...................................

...THE AKRON CANTON OH CLIMATE SUMMARY FOR JANUARY 15 2017...
VALID TODAY AS OF 0500 PM LOCAL TIME.

CLIMATE NORMAL PERIOD 1981 TO 2010
CLIMATE RECORD PERIOD 1887 TO 2017


WEATHER ITEM   OBSERVED TIME   RECORD YEAR NORMAL DEPARTURE LAST
                VALUE   (LST)  VALUE       VALUE  FROM      YEAR
                                                  NORMAL
..................................................................
TEMPERATURE (F)
 TODAY
  MAXIMUM         34    345 PM  63    1932  33      1       48
  MINIMUM         21    743 AM -11    1972  19      2       38
  AVERAGE         28                        26      2       43

PRECIPITATION (IN)
  TODAY            0.00                      0.08  -0.08     0.15
  MONTH TO DATE    3.77                      1.29   2.48     1.07
  SINCE DEC 1      6.77                      4.13   2.64     4.77
  SINCE JAN 1      3.77                      1.29   2.48     1.07

SNOWFALL (IN)
  TODAY            0.0                       0.4   -0.4      0.0
  MONTH TO DATE    3.8                       5.9   -2.1      3.8
  SINCE DEC 1     11.3                      16.1   -4.8      4.0
  SINCE JUL 1     13.4                      19.5   -6.1      4.0
  SNOW DEPTH       0

DEGREE DAYS
 HEATING
  TODAY           37                        39     -2       22
  MONTH TO DATE  547                       583    -36      550
  SINCE DEC 1   1613                      1654    -41     1202
  SINCE JUL 1   2491                      2913   -422     2082

 COOLING
  TODAY            0                         0      0        0
  MONTH TO DATE    0                         0      0        0
  SINCE DEC 1      0                         0      0        0
  SINCE JAN 1      0                         0      0        0
..................................................................


WIND (MPH)
  HIGHEST WIND SPEED     9   HIGHEST WIND DIRECTION    NW (320)
  HIGHEST GUST SPEED    11   HIGHEST GUST DIRECTION    NW (320)


SKY COVER
  POSSIBLE SUNSHINE  MM
  AVERAGE SKY COVER 0.5


WEATHER CONDITIONS
 THE FOLLOWING WEATHER WAS RECORDED TODAY.
  FOG
  HAZE


RELATIVE HUMIDITY (PERCENT)
 HIGHEST    84           700 AM
 LOWEST     56           400 PM
 AVERAGE    70

..........................................................


THE AKRON CANTON OH CLIMATE NORMALS FOR TOMORROW
                         NORMAL    RECORD    YEAR
 MAXIMUM TEMPERATURE (F)   33        55      1953
 MINIMUM TEMPERATURE (F)   19       -16      1982


SUNRISE AND SUNSET
JANUARY 15 2017.......SUNRISE   748 AM EST   SUNSET   523 PM EST
JANUARY 16 2017.......SUNRISE   748 AM EST   SUNSET   524 PM EST


-  INDICATES NEGATIVE NUMBERS.
R  INDICATES RECORD WAS SET OR TIED.
MM INDICATES DATA IS MISSING.
T  INDICATES TRACE AMOUNT.




$$
