000
CDUS41 KCLE 070529
CLICAK


CLIMATE REPORT
NATIONAL WEATHER SERVICE CLEVELAND OH
1228 AM EST WED FEB 7 2018


...................................

...THE AKRON CANTON OH CLIMATE SUMMARY FOR FEBRUARY 6 2018...

CLIMATE NORMAL PERIOD 1981 TO 2010
CLIMATE RECORD PERIOD 1887 TO 2018


WEATHER ITEM   OBSERVED TIME   RECORD YEAR NORMAL DEPARTURE LAST
                VALUE   (LST)  VALUE       VALUE  FROM      YEAR
                                                  NORMAL
..................................................................
TEMPERATURE (F)
 YESTERDAY
  MAXIMUM         27   1253 PM  55    1938  35     -8       53
  MINIMUM         20    904 AM -12    1918  20      0       23
  AVERAGE         24                        27     -3       38

PRECIPITATION (IN)
  YESTERDAY        0.06                      0.08  -0.02     0.12
  MONTH TO DATE    0.25                      0.49  -0.24     0.12
  SINCE DEC 1      4.34                      5.94  -1.60     9.26
  SINCE JAN 1      2.44                      3.10  -0.66     6.26

SNOWFALL (IN)
  YESTERDAY        1.1                       0.4    0.7      0.0
  MONTH TO DATE    3.6                       2.3    1.3       T
  SINCE DEC 1     29.8                      24.9    4.9     14.9
  SINCE JUL 1     29.9                      28.3    1.6     17.0
  SNOW DEPTH       2

DEGREE DAYS
 HEATING
  YESTERDAY       41                        38      3       27
  MONTH TO DATE  255                       228     27      209
  SINCE DEC 1   2610                      2505    105     2235
  SINCE JUL 1   3600                      3764   -164     3113

 COOLING
  YESTERDAY        0                         0      0        0
  MONTH TO DATE    0                         0      0        0
  SINCE DEC 1      0                         0      0        0
  SINCE JAN 1      0                         0      0        0
..................................................................


WIND (MPH)
  HIGHEST WIND SPEED    13   HIGHEST WIND DIRECTION    NW (310)
  HIGHEST GUST SPEED    15   HIGHEST GUST DIRECTION     W (260)
  AVERAGE WIND SPEED     5.5


SKY COVER
  POSSIBLE SUNSHINE  MM
  AVERAGE SKY COVER 0.9


WEATHER CONDITIONS
 THE FOLLOWING WEATHER WAS RECORDED YESTERDAY.
  SNOW
  LIGHT SNOW
  FOG


RELATIVE HUMIDITY (PERCENT)
 HIGHEST    84           300 AM
 LOWEST     60           700 PM
 AVERAGE    72

..........................................................


THE AKRON CANTON OH CLIMATE NORMALS FOR TODAY
                         NORMAL    RECORD    YEAR
 MAXIMUM TEMPERATURE (F)   35        61      1925
 MINIMUM TEMPERATURE (F)   20        -5      1895


SUNRISE AND SUNSET
FEBRUARY  7 2018......SUNRISE   730 AM EST   SUNSET   550 PM EST
FEBRUARY  8 2018......SUNRISE   729 AM EST   SUNSET   552 PM EST


-  INDICATES NEGATIVE NUMBERS.
R  INDICATES RECORD WAS SET OR TIED.
MM INDICATES DATA IS MISSING.
T  INDICATES TRACE AMOUNT.




$$
