054
CDUS41 KCLE 160701
CLICAK


CLIMATE REPORT
NATIONAL WEATHER SERVICE CLEVELAND OH
301 AM EDT THU MAR 16 2017


...................................

...THE AKRON CANTON OH CLIMATE SUMMARY FOR MARCH 15 2017...

CLIMATE NORMAL PERIOD 1981 TO 2010
CLIMATE RECORD PERIOD 1887 TO 2017


WEATHER ITEM   OBSERVED TIME   RECORD YEAR NORMAL DEPARTURE LAST
                VALUE   (LST)  VALUE       VALUE  FROM      YEAR
                                                  NORMAL
..................................................................
TEMPERATURE (F)
 YESTERDAY
  MAXIMUM         26    357 PM  78    1990  46    -20       56
  MINIMUM         15    457 AM   4    1993  28    -13       48
  AVERAGE         21                        37    -16       52

PRECIPITATION (IN)
  YESTERDAY        0.03                      0.09  -0.06     0.01
  MONTH TO DATE    2.36                      1.33   1.03     2.58
  SINCE MAR 1      2.36                      1.33   1.03     2.58
  SINCE JAN 1     10.87                      6.25   4.62     7.17

SNOWFALL (IN)
  YESTERDAY        0.6                       0.3    0.3      0.0
  MONTH TO DATE   10.0                       4.8    5.2      2.4
  SINCE MAR 1     10.0                       4.8    5.2      2.4
  SINCE JUL 1     31.2                      41.3  -10.1     25.1
  SNOW DEPTH       4

DEGREE DAYS
 HEATING
  YESTERDAY       44                        28     16       13
  MONTH TO DATE  481                       455     26      313
  SINCE MAR 1    481                       455     26      313
  SINCE JUL 1   4081                      4999   -918     3960

 COOLING
  YESTERDAY        0                         0      0        0
  MONTH TO DATE    0                         0      0        0
  SINCE MAR 1      0                         0      0        0
  SINCE JAN 1      2                         0      2        0
..................................................................


WIND (MPH)
  HIGHEST WIND SPEED    30   HIGHEST WIND DIRECTION    NW (310)
  HIGHEST GUST SPEED    37   HIGHEST GUST DIRECTION    NW (300)
  AVERAGE WIND SPEED    16.2


SKY COVER
  POSSIBLE SUNSHINE  MM
  AVERAGE SKY COVER 0.8


WEATHER CONDITIONS
 THE FOLLOWING WEATHER WAS RECORDED YESTERDAY.
  LIGHT SNOW
  HAZE
  BLOWING SNOW


RELATIVE HUMIDITY (PERCENT)
 HIGHEST    80          1200 AM
 LOWEST     42           600 PM
 AVERAGE    61

..........................................................


THE AKRON CANTON OH CLIMATE NORMALS FOR TODAY
                         NORMAL    RECORD    YEAR
 MAXIMUM TEMPERATURE (F)   46        77      1945
 MINIMUM TEMPERATURE (F)   28         5      1911


SUNRISE AND SUNSET
MARCH 16 2017.........SUNRISE   735 AM EDT   SUNSET   734 PM EDT
MARCH 17 2017.........SUNRISE   734 AM EDT   SUNSET   735 PM EDT


-  INDICATES NEGATIVE NUMBERS.
R  INDICATES RECORD WAS SET OR TIED.
MM INDICATES DATA IS MISSING.
T  INDICATES TRACE AMOUNT.




$$
