000
CDUS41 KCLE 110528
CLICAK


CLIMATE REPORT
NATIONAL WEATHER SERVICE CLEVELAND OH
127 AM EDT THU SEP 11 2014


...................................

...THE AKRON CANTON OH CLIMATE SUMMARY FOR SEPTEMBER 10 2014...

CLIMATE NORMAL PERIOD 1981 TO 2010
CLIMATE RECORD PERIOD 1887 TO 2014


WEATHER ITEM   OBSERVED TIME   RECORD YEAR NORMAL DEPARTURE LAST
                VALUE   (LST)  VALUE       VALUE  FROM      YEAR
                                                  NORMAL
..................................................................
TEMPERATURE (F)
 YESTERDAY
  MAXIMUM         81    327 PM  93    2013  75      6       93
                                      1983
                                      1964
  MINIMUM         66    521 AM  39    1914  56     10       72
  AVERAGE         74                        65      9       83

PRECIPITATION (IN)
  YESTERDAY        0.13                      0.12   0.01     0.00
  MONTH TO DATE    0.43                      1.18  -0.75     0.65
  SINCE SEP 1      0.43                      1.18  -0.75     0.65
  SINCE JAN 1     36.22                     28.38   7.84    27.72

SNOWFALL (IN)
  YESTERDAY        0.0                       0.0    0.0      0.0
  MONTH TO DATE    0.0                       0.0    0.0      0.0
  SINCE SEP 1      0.0                       0.0    0.0      0.0
  SINCE JUL 1      0.0                       0.0    0.0      0.0
  SNOW DEPTH       0

DEGREE DAYS
 HEATING
  YESTERDAY        0                         2     -2        0
  MONTH TO DATE    2                        15    -13        9
  SINCE SEP 1      2                        15    -13        9
  SINCE JUL 1     18                        35    -17       22

 COOLING
  YESTERDAY        9                         3      6       18
  MONTH TO DATE   67                        35     32       46
  SINCE SEP 1     67                        35     32       46
  SINCE JAN 1    703                       617     86      770
..................................................................


WIND (MPH)
  HIGHEST WIND SPEED    28   HIGHEST WIND DIRECTION    SW (210)
  HIGHEST GUST SPEED    38   HIGHEST GUST DIRECTION    SW (210)
  AVERAGE WIND SPEED    13.7


SKY COVER
  POSSIBLE SUNSHINE  MM
  AVERAGE SKY COVER 0.9


WEATHER CONDITIONS
 THE FOLLOWING WEATHER WAS RECORDED YESTERDAY.
  LIGHT RAIN
  FOG


RELATIVE HUMIDITY (PERCENT)
 HIGHEST    87           300 AM
 LOWEST     67          1100 AM
 AVERAGE    77

..........................................................


THE AKRON CANTON OH CLIMATE NORMALS FOR TODAY
                         NORMAL    RECORD    YEAR
 MAXIMUM TEMPERATURE (F)   75        94      1931
                                             1925
 MINIMUM TEMPERATURE (F)   55        38      1995


SUNRISE AND SUNSET
SEPTEMBER 11 2014.....SUNRISE   702 AM EDT   SUNSET   742 PM EDT
SEPTEMBER 12 2014.....SUNRISE   703 AM EDT   SUNSET   740 PM EDT


-  INDICATES NEGATIVE NUMBERS.
R  INDICATES RECORD WAS SET OR TIED.
MM INDICATES DATA IS MISSING.
T  INDICATES TRACE AMOUNT.




$$
