000
CDUS41 KCLE 150526
CLICAK


CLIMATE REPORT
NATIONAL WEATHER SERVICE CLEVELAND OH
125 AM EDT FRI APR 15 2016


...................................

...THE AKRON CANTON OH CLIMATE SUMMARY FOR APRIL 14 2016...

CLIMATE NORMAL PERIOD 1981 TO 2010
CLIMATE RECORD PERIOD 1887 TO 2016


WEATHER ITEM   OBSERVED TIME   RECORD YEAR NORMAL DEPARTURE LAST
                VALUE   (LST)  VALUE       VALUE  FROM      YEAR
                                                  NORMAL
..................................................................
TEMPERATURE (F)
 YESTERDAY
  MAXIMUM         63    506 PM  82    1941  59      4       62
                                      1887
  MINIMUM         30    604 AM  13    1950  38     -8       46
  AVERAGE         47                        49     -2       54

PRECIPITATION (IN)
  YESTERDAY        0.00                      0.12  -0.12     0.00
  MONTH TO DATE    2.03                      1.68   0.35     2.91
  SINCE MAR 1      6.61                      4.66   1.95     5.67
  SINCE JAN 1     11.20                      9.58   1.62    11.15

SNOWFALL (IN)
  YESTERDAY        0.0                       0.1   -0.1      0.0
  MONTH TO DATE    5.1                       2.0    3.1       T
  SINCE MAR 1      7.5                      10.2   -2.7      6.9
  SINCE JUL 1     30.2                      46.7  -16.5     59.8
  SNOW DEPTH       0

DEGREE DAYS
 HEATING
  YESTERDAY       18                        16      2       11
  MONTH TO DATE  357                       263     94      169
  SINCE MAR 1    959                      1114   -155     1097
  SINCE JUL 1   4606                      5658  -1052     5940

 COOLING
  YESTERDAY        0                         0      0        0
  MONTH TO DATE    0                         0      0        2
  SINCE MAR 1      0                         0      0        2
  SINCE JAN 1      0                         0      0        2
..................................................................


WIND (MPH)
  HIGHEST WIND SPEED    14   HIGHEST WIND DIRECTION    NE (50)
  HIGHEST GUST SPEED    20   HIGHEST GUST DIRECTION     E (90)
  AVERAGE WIND SPEED     8.4


SKY COVER
  POSSIBLE SUNSHINE  MM
  AVERAGE SKY COVER 0.0


WEATHER CONDITIONS
 THE FOLLOWING WEATHER WAS RECORDED YESTERDAY.
  NO SIGNIFICANT WEATHER WAS OBSERVED.


RELATIVE HUMIDITY (PERCENT)
 HIGHEST    85           600 AM
 LOWEST     27           100 PM
 AVERAGE    56

..........................................................


THE AKRON CANTON OH CLIMATE NORMALS FOR TODAY
                         NORMAL    RECORD    YEAR
 MAXIMUM TEMPERATURE (F)   60        82      2010
 MINIMUM TEMPERATURE (F)   39        18      1943


SUNRISE AND SUNSET
APRIL 15 2016.........SUNRISE   646 AM EDT   SUNSET   806 PM EDT
APRIL 16 2016.........SUNRISE   644 AM EDT   SUNSET   807 PM EDT


-  INDICATES NEGATIVE NUMBERS.
R  INDICATES RECORD WAS SET OR TIED.
MM INDICATES DATA IS MISSING.
T  INDICATES TRACE AMOUNT.




$$
