000
CDUS41 KCLE 180526
CLICAK


CLIMATE REPORT
NATIONAL WEATHER SERVICE CLEVELAND OH
1226 AM EST WED FEB 18 2015


...................................

...THE AKRON CANTON OH CLIMATE SUMMARY FOR FEBRUARY 17 2015...

CLIMATE NORMAL PERIOD 1981 TO 2010
CLIMATE RECORD PERIOD 1887 TO 2015


WEATHER ITEM   OBSERVED TIME   RECORD YEAR NORMAL DEPARTURE LAST
                VALUE   (LST)  VALUE       VALUE  FROM      YEAR
                                                  NORMAL
..................................................................
TEMPERATURE (F)
 YESTERDAY
  MAXIMUM         19    559 PM  60    2006  37    -18       32
  MINIMUM         -5    636 AM -13    1979  22    -27       -4
  AVERAGE          7                        29    -22       14

PRECIPITATION (IN)
  YESTERDAY        T                         0.08  -0.08     0.07
  MONTH TO DATE    1.38                      1.38   0.00     0.90
  SINCE DEC 1      7.18                      6.83   0.35     6.31
  SINCE JAN 1      4.87                      3.99   0.88     2.82

SNOWFALL (IN)
  YESTERDAY        T                         0.3   -0.3      0.7
  MONTH TO DATE   12.6                       6.2    6.4     12.1
  SINCE DEC 1     34.4                      28.8    5.6     43.7
  SINCE JUL 1     42.4                      32.2   10.2     54.4
  SNOW DEPTH       6

DEGREE DAYS
 HEATING
  YESTERDAY       58                        36     22       51
  MONTH TO DATE  777                       632    145      775
  SINCE DEC 1   2964                      2909     55     3170
  SINCE JUL 1   4247                      4168     79     4420

 COOLING
  YESTERDAY        0                         0      0        0
  MONTH TO DATE    0                         0      0        0
  SINCE DEC 1      0                         0      0        0
  SINCE JAN 1      0                         0      0        0
..................................................................


WIND (MPH)
  HIGHEST WIND SPEED    18   HIGHEST WIND DIRECTION    SW (230)
  HIGHEST GUST SPEED    22   HIGHEST GUST DIRECTION    SW (220)
  AVERAGE WIND SPEED     8.5


SKY COVER
  POSSIBLE SUNSHINE  MM
  AVERAGE SKY COVER 0.5


WEATHER CONDITIONS
 THE FOLLOWING WEATHER WAS RECORDED YESTERDAY.
  LIGHT SNOW


RELATIVE HUMIDITY (PERCENT)
 HIGHEST    83           900 AM
 LOWEST     33           100 PM
 AVERAGE    58

..........................................................


THE AKRON CANTON OH CLIMATE NORMALS FOR TODAY
                         NORMAL    RECORD    YEAR
 MAXIMUM TEMPERATURE (F)   37        60      1981
 MINIMUM TEMPERATURE (F)   22        -8      1936


SUNRISE AND SUNSET
FEBRUARY 18 2015......SUNRISE   716 AM EST   SUNSET   604 PM EST
FEBRUARY 19 2015......SUNRISE   715 AM EST   SUNSET   605 PM EST


-  INDICATES NEGATIVE NUMBERS.
R  INDICATES RECORD WAS SET OR TIED.
MM INDICATES DATA IS MISSING.
T  INDICATES TRACE AMOUNT.




$$
