000
CDUS41 KCLE 150531
CLICAK


CLIMATE REPORT
NATIONAL WEATHER SERVICE CLEVELAND OH
130 AM EDT WED MAR 15 2017


...................................

...THE AKRON CANTON OH CLIMATE SUMMARY FOR MARCH 14 2017...

CLIMATE NORMAL PERIOD 1981 TO 2010
CLIMATE RECORD PERIOD 1887 TO 2017


WEATHER ITEM   OBSERVED TIME   RECORD YEAR NORMAL DEPARTURE LAST
                VALUE   (LST)  VALUE       VALUE  FROM      YEAR
                                                  NORMAL
..................................................................
TEMPERATURE (F)
 YESTERDAY
  MAXIMUM         25    330 AM  77    1990  46    -21       72
  MINIMUM         16   1159 PM   7    1895  28    -12       52
  AVERAGE         21                        37    -16       62

PRECIPITATION (IN)
  YESTERDAY        0.23                      0.10   0.13     0.63
  MONTH TO DATE    2.33                      1.24   1.09     2.57
  SINCE MAR 1      2.33                      1.24   1.09     2.57
  SINCE JAN 1     10.84                      6.16   4.68     7.16

SNOWFALL (IN)
  YESTERDAY        4.3                       0.2    4.1      0.0
  MONTH TO DATE    9.4                       4.5    4.9      2.4
  SINCE MAR 1      9.4                       4.5    4.9      2.4
  SINCE JUL 1     30.6                      41.0  -10.4     25.1
  SNOW DEPTH       3

DEGREE DAYS
 HEATING
  YESTERDAY       44                        28     16        3
  MONTH TO DATE  437                       427     10      300
  SINCE MAR 1    437                       427     10      300
  SINCE JUL 1   4037                      4971   -934     3947

 COOLING
  YESTERDAY        0                         0      0        0
  MONTH TO DATE    0                         0      0        0
  SINCE MAR 1      0                         0      0        0
  SINCE JAN 1      2                         0      2        0
..................................................................


WIND (MPH)
  HIGHEST WIND SPEED    28   HIGHEST WIND DIRECTION    NW (330)
  HIGHEST GUST SPEED    41   HIGHEST GUST DIRECTION     N (350)
  AVERAGE WIND SPEED    18.4


SKY COVER
  POSSIBLE SUNSHINE  MM
  AVERAGE SKY COVER 1.0


WEATHER CONDITIONS
 THE FOLLOWING WEATHER WAS RECORDED YESTERDAY.
  LIGHT SNOW
  FOG
  BLOWING SNOW


RELATIVE HUMIDITY (PERCENT)
 HIGHEST    88          1200 AM
 LOWEST     62          1100 AM
 AVERAGE    75

..........................................................


THE AKRON CANTON OH CLIMATE NORMALS FOR TODAY
                         NORMAL    RECORD    YEAR
 MAXIMUM TEMPERATURE (F)   46        78      1990
 MINIMUM TEMPERATURE (F)   28         4      1993


SUNRISE AND SUNSET
MARCH 15 2017.........SUNRISE   737 AM EDT   SUNSET   733 PM EDT
MARCH 16 2017.........SUNRISE   735 AM EDT   SUNSET   734 PM EDT


-  INDICATES NEGATIVE NUMBERS.
R  INDICATES RECORD WAS SET OR TIED.
MM INDICATES DATA IS MISSING.
T  INDICATES TRACE AMOUNT.




$$
