000
CDUS41 KCLE 190546
CLICAK


CLIMATE REPORT
NATIONAL WEATHER SERVICE CLEVELAND OH
145 AM EDT FRI AUG 19 2016


...................................

...THE AKRON CANTON OH CLIMATE SUMMARY FOR AUGUST 18 2016...

CLIMATE NORMAL PERIOD 1981 TO 2010
CLIMATE RECORD PERIOD 1887 TO 2016


WEATHER ITEM   OBSERVED TIME   RECORD YEAR NORMAL DEPARTURE LAST
                VALUE   (LST)  VALUE       VALUE  FROM      YEAR
                                                  NORMAL
..................................................................
TEMPERATURE (F)
 YESTERDAY
  MAXIMUM         86    335 PM  93    1922  80      6       85
  MINIMUM         67    620 AM  47    1981  61      6       71
  AVERAGE         77                        70      7       78

PRECIPITATION (IN)
  YESTERDAY        0.00                      0.12  -0.12      T
  MONTH TO DATE    2.10                      2.10   0.00     0.06
  SINCE JUN 1      7.67                     10.01  -2.34    12.23
  SINCE JAN 1     22.34                     25.74  -3.40    28.64

SNOWFALL (IN)
  YESTERDAY        0.0                       0.0    0.0      0.0
  MONTH TO DATE    0.0                       0.0    0.0      0.0
  SINCE JUN 1      0.0                       0.0    0.0      0.0
  SINCE JUL 1      0.0                       0.0    0.0      0.0
  SNOW DEPTH       0

DEGREE DAYS
 HEATING
  YESTERDAY        0                         0      0        0
  MONTH TO DATE    0                         0      0        0
  SINCE JUN 1     22                        55    -33       25
  SINCE JUL 1      3                         6     -3        0

 COOLING
  YESTERDAY       12                         6      6       13
  MONTH TO DATE  234                       117    117      144
  SINCE JUN 1    757                       474    283      570
  SINCE JAN 1    818                       516    302      714
..................................................................


WIND (MPH)
  HIGHEST WIND SPEED    13   HIGHEST WIND DIRECTION    NW (300)
  HIGHEST GUST SPEED    16   HIGHEST GUST DIRECTION     W (290)
  AVERAGE WIND SPEED     5.9


SKY COVER
  POSSIBLE SUNSHINE  MM
  AVERAGE SKY COVER 0.5


WEATHER CONDITIONS
 THE FOLLOWING WEATHER WAS RECORDED YESTERDAY.
  FOG


RELATIVE HUMIDITY (PERCENT)
 HIGHEST    93           600 AM
 LOWEST     44           300 PM
 AVERAGE    69

..........................................................


THE AKRON CANTON OH CLIMATE NORMALS FOR TODAY
                         NORMAL    RECORD    YEAR
 MAXIMUM TEMPERATURE (F)   80        95      1916
 MINIMUM TEMPERATURE (F)   61        47      1964
                                             1953
                                             1943


SUNRISE AND SUNSET
AUGUST 19 2016........SUNRISE   640 AM EDT   SUNSET   818 PM EDT
AUGUST 20 2016........SUNRISE   641 AM EDT   SUNSET   816 PM EDT


-  INDICATES NEGATIVE NUMBERS.
R  INDICATES RECORD WAS SET OR TIED.
MM INDICATES DATA IS MISSING.
T  INDICATES TRACE AMOUNT.




$$
