000
CDUS41 KCLE 110528
CLICAK


CLIMATE REPORT
NATIONAL WEATHER SERVICE CLEVELAND OH
127 AM EDT SUN SEP 11 2016


...................................

...THE AKRON CANTON OH CLIMATE SUMMARY FOR SEPTEMBER 10 2016...

CLIMATE NORMAL PERIOD 1981 TO 2010
CLIMATE RECORD PERIOD 1887 TO 2016


WEATHER ITEM   OBSERVED TIME   RECORD YEAR NORMAL DEPARTURE LAST
                VALUE   (LST)  VALUE       VALUE  FROM      YEAR
                                                  NORMAL
..................................................................
TEMPERATURE (F)
 YESTERDAY
  MAXIMUM         88    322 PM  93    2013  75     13       81
                                      1983
                                      1964
  MINIMUM         65   1159 PM  39    1914  56      9       60
  AVERAGE         77                        65     12       71

PRECIPITATION (IN)
  YESTERDAY        0.72                      0.12   0.60      T
  MONTH TO DATE    2.13                      1.18   0.95     0.34
  SINCE SEP 1      2.13                      1.18   0.95     0.34
  SINCE JAN 1     25.73                     28.38  -2.65    29.68

SNOWFALL (IN)
  YESTERDAY        0.0                       0.0    0.0      0.0
  MONTH TO DATE    0.0                       0.0    0.0      0.0
  SINCE SEP 1      0.0                       0.0    0.0      0.0
  SINCE JUL 1      0.0                       0.0    0.0      0.0
  SNOW DEPTH       0

DEGREE DAYS
 HEATING
  YESTERDAY        0                         2     -2        0
  MONTH TO DATE    0                        15    -15        0
  SINCE SEP 1      0                        15    -15        0
  SINCE JUL 1      3                        35    -32        9

 COOLING
  YESTERDAY       12                         3      9        6
  MONTH TO DATE   84                        35     49      124
  SINCE SEP 1     84                        35     49      124
  SINCE JAN 1   1038                       617    421      908
..................................................................


WIND (MPH)
  HIGHEST WIND SPEED    30   HIGHEST WIND DIRECTION     W (280)
  HIGHEST GUST SPEED    40   HIGHEST GUST DIRECTION     W (290)
  AVERAGE WIND SPEED    13.7


SKY COVER
  POSSIBLE SUNSHINE  MM
  AVERAGE SKY COVER 0.7


WEATHER CONDITIONS
 THE FOLLOWING WEATHER WAS RECORDED YESTERDAY.
  THUNDERSTORM
  LIGHT RAIN
  FOG


RELATIVE HUMIDITY (PERCENT)
 HIGHEST    93           200 AM
 LOWEST     55           200 PM
 AVERAGE    74

..........................................................


THE AKRON CANTON OH CLIMATE NORMALS FOR TODAY
                         NORMAL    RECORD    YEAR
 MAXIMUM TEMPERATURE (F)   75        94      1931
                                             1925
 MINIMUM TEMPERATURE (F)   55        38      1995


SUNRISE AND SUNSET
SEPTEMBER 11 2016.....SUNRISE   703 AM EDT   SUNSET   741 PM EDT
SEPTEMBER 12 2016.....SUNRISE   704 AM EDT   SUNSET   739 PM EDT


-  INDICATES NEGATIVE NUMBERS.
R  INDICATES RECORD WAS SET OR TIED.
MM INDICATES DATA IS MISSING.
T  INDICATES TRACE AMOUNT.




$$
