000
CDUS41 KCLE 120545
CLICAK


CLIMATE REPORT
NATIONAL WEATHER SERVICE CLEVELAND OH
145 AM EDT TUE AUG 12 2014


...................................

...THE AKRON CANTON OH CLIMATE SUMMARY FOR AUGUST 11 2014...

CLIMATE NORMAL PERIOD 1981 TO 2010
CLIMATE RECORD PERIOD 1887 TO 2014


WEATHER ITEM   OBSERVED TIME   RECORD YEAR NORMAL DEPARTURE LAST
                VALUE   (LST)  VALUE       VALUE  FROM      YEAR
                                                  NORMAL
..................................................................
TEMPERATURE (F)
 YESTERDAY
  MAXIMUM         73    137 PM  96    1944  81     -8       82
                                      1918
  MINIMUM         69   1017 PM  49    1965  61      8       62
                                      1919
  AVERAGE         71                        71      0       72

PRECIPITATION (IN)
  YESTERDAY        2.08                      0.11   1.97      T
  MONTH TO DATE    3.11                      1.32   1.79     0.95
  SINCE JUN 1     16.55                      9.23   7.32    13.97
  SINCE JAN 1     33.18                     24.96   8.22    26.23

SNOWFALL (IN)
  YESTERDAY        0.0                       0.0    0.0      0.0
  MONTH TO DATE    0.0                       0.0    0.0      0.0
  SINCE JUN 1      0.0                       0.0    0.0      0.0
  SINCE JUL 1      0.0                       0.0    0.0      0.0
  SNOW DEPTH       0

DEGREE DAYS
 HEATING
  YESTERDAY        0                         0      0        0
  MONTH TO DATE    0                         0      0        0
  SINCE JUN 1     25                        55    -30       32
  SINCE JUL 1     10                         6      4        5

 COOLING
  YESTERDAY        6                         6      0        7
  MONTH TO DATE   66                        75     -9       59
  SINCE JUN 1    426                       432     -6      492
  SINCE JAN 1    502                       474     28      598
..................................................................


WIND (MPH)
  HIGHEST WIND SPEED    22   HIGHEST WIND DIRECTION     S (160)
  HIGHEST GUST SPEED    29   HIGHEST GUST DIRECTION    SE (150)
  AVERAGE WIND SPEED    11.8


SKY COVER
  POSSIBLE SUNSHINE  MM
  AVERAGE SKY COVER 0.9


WEATHER CONDITIONS
 THE FOLLOWING WEATHER WAS RECORDED YESTERDAY.
  THUNDERSTORM
  HEAVY RAIN
  RAIN
  LIGHT RAIN
  FOG
  HAZE


RELATIVE HUMIDITY (PERCENT)
 HIGHEST    90          1100 AM
 LOWEST     73          1200 AM
 AVERAGE    82

..........................................................


THE AKRON CANTON OH CLIMATE NORMALS FOR TODAY
                         NORMAL    RECORD    YEAR
 MAXIMUM TEMPERATURE (F)   81        93      1947
                                             1944
 MINIMUM TEMPERATURE (F)   61        48      1967
                                             1930
                                             1889


SUNRISE AND SUNSET
AUGUST 12 2014........SUNRISE   633 AM EDT   SUNSET   828 PM EDT
AUGUST 13 2014........SUNRISE   634 AM EDT   SUNSET   827 PM EDT


-  INDICATES NEGATIVE NUMBERS.
R  INDICATES RECORD WAS SET OR TIED.
MM INDICATES DATA IS MISSING.
T  INDICATES TRACE AMOUNT.




$$
