000
CDUS41 KCLE 100545
CLICAK


CLIMATE REPORT
NATIONAL WEATHER SERVICE CLEVELAND OH
145 AM EDT SAT JUN 10 2017


...................................

...THE AKRON CANTON OH CLIMATE SUMMARY FOR JUNE 9 2017...

CLIMATE NORMAL PERIOD 1981 TO 2010
CLIMATE RECORD PERIOD 1887 TO 2017


WEATHER ITEM   OBSERVED TIME   RECORD YEAR NORMAL DEPARTURE LAST
                VALUE   (LST)  VALUE       VALUE  FROM      YEAR
                                                  NORMAL
..................................................................
TEMPERATURE (F)
 YESTERDAY
  MAXIMUM         79   1205 PM  93    1914  76      3       72
  MINIMUM         50    305 AM  39    1913  56     -6       47
  AVERAGE         65                        66     -1       60

PRECIPITATION (IN)
  YESTERDAY        T                         0.12  -0.12     0.00
  MONTH TO DATE    0.53                      1.16  -0.63     0.74
  SINCE JUN 1      0.53                      1.16  -0.63     0.74
  SINCE JAN 1     26.65                     16.89   9.76    15.41

SNOWFALL (IN)
  YESTERDAY        0.0                       0.0    0.0      0.0
  MONTH TO DATE    0.0                       0.0    0.0      0.0
  SINCE JUN 1      0.0                       0.0    0.0      0.0
  SINCE JUL 1     37.2                      47.5  -10.3     30.2
  SNOW DEPTH       0

DEGREE DAYS
 HEATING
  YESTERDAY        0                         2     -2        5
  MONTH TO DATE   18                        27     -9       14
  SINCE JUN 1     18                        27     -9       14
  SINCE JUL 1   4891                      6128  -1237     4995

 COOLING
  YESTERDAY        0                         3     -3        0
  MONTH TO DATE   13                        26    -13       42
  SINCE JUN 1     13                        26    -13       42
  SINCE JAN 1     77                        68      9      103
..................................................................


WIND (MPH)
  HIGHEST WIND SPEED    18   HIGHEST WIND DIRECTION     W (270)
  HIGHEST GUST SPEED    25   HIGHEST GUST DIRECTION     W (270)
  AVERAGE WIND SPEED     7.3


SKY COVER
  POSSIBLE SUNSHINE  MM
  AVERAGE SKY COVER 0.6


WEATHER CONDITIONS
 THE FOLLOWING WEATHER WAS RECORDED YESTERDAY.
  NO SIGNIFICANT WEATHER WAS OBSERVED.


RELATIVE HUMIDITY (PERCENT)
 HIGHEST    83           300 AM
 LOWEST     40          1200 PM
 AVERAGE    62

..........................................................


THE AKRON CANTON OH CLIMATE NORMALS FOR TODAY
                         NORMAL    RECORD    YEAR
 MAXIMUM TEMPERATURE (F)   77        94      1911
 MINIMUM TEMPERATURE (F)   56        37      1913


SUNRISE AND SUNSET
JUNE 10 2017..........SUNRISE   554 AM EDT   SUNSET   857 PM EDT
JUNE 11 2017..........SUNRISE   553 AM EDT   SUNSET   858 PM EDT


-  INDICATES NEGATIVE NUMBERS.
R  INDICATES RECORD WAS SET OR TIED.
MM INDICATES DATA IS MISSING.
T  INDICATES TRACE AMOUNT.




$$
