000
CDUS41 KCLE 230525
CLICAK


CLIMATE REPORT
NATIONAL WEATHER SERVICE CLEVELAND OH
1225 AM EST WED NOV 23 2016


...................................

...THE AKRON CANTON OH CLIMATE SUMMARY FOR NOVEMBER 22 2016...

CLIMATE NORMAL PERIOD 1981 TO 2010
CLIMATE RECORD PERIOD 1887 TO 2016


WEATHER ITEM   OBSERVED TIME   RECORD YEAR NORMAL DEPARTURE LAST
                VALUE   (LST)  VALUE       VALUE  FROM      YEAR
                                                  NORMAL
..................................................................
TEMPERATURE (F)
 YESTERDAY
  MAXIMUM         38    416 PM  70    1934  46     -8       38
  MINIMUM         21    724 AM  10    1964  32    -11       20
  AVERAGE         30                        39     -9       29

PRECIPITATION (IN)
  YESTERDAY        0.00                      0.11  -0.11      T
  MONTH TO DATE    1.20                      2.42  -1.22     1.24
  SINCE SEP 1     11.50                      8.70   2.80     7.67
  SINCE JAN 1     35.10                     35.90  -0.80    37.01

SNOWFALL (IN)
  YESTERDAY        0.0                       0.1   -0.1       T
  MONTH TO DATE    2.1                       1.7    0.4       T
  SINCE SEP 1      2.1                       2.1    0.0       T
  SINCE JUL 1      2.1                       2.1    0.0       T
  SNOW DEPTH       0

DEGREE DAYS
 HEATING
  YESTERDAY       35                        26      9       36
  MONTH TO DATE  395                       482    -87      315
  SINCE SEP 1    702                      1017   -315      684
  SINCE JUL 1    705                      1037   -332      693

 COOLING
  YESTERDAY        0                         0      0        0
  MONTH TO DATE    3                         0      3        5
  SINCE SEP 1    179                        70    109      174
  SINCE JAN 1   1133                       652    481      958
..................................................................


WIND (MPH)
  HIGHEST WIND SPEED    14   HIGHEST WIND DIRECTION    NW (310)
  HIGHEST GUST SPEED    17   HIGHEST GUST DIRECTION    NW (320)
  AVERAGE WIND SPEED     4.6


SKY COVER
  POSSIBLE SUNSHINE  MM
  AVERAGE SKY COVER 0.5


WEATHER CONDITIONS
 THE FOLLOWING WEATHER WAS RECORDED YESTERDAY.
  NO SIGNIFICANT WEATHER WAS OBSERVED.


RELATIVE HUMIDITY (PERCENT)
 HIGHEST    88           800 AM
 LOWEST     52           300 PM
 AVERAGE    70

..........................................................


THE AKRON CANTON OH CLIMATE NORMALS FOR TODAY
                         NORMAL    RECORD    YEAR
 MAXIMUM TEMPERATURE (F)   46        74      1931
 MINIMUM TEMPERATURE (F)   32        10      2000
                                             1971


SUNRISE AND SUNSET
NOVEMBER 23 2016......SUNRISE   723 AM EST   SUNSET   501 PM EST
NOVEMBER 24 2016......SUNRISE   724 AM EST   SUNSET   501 PM EST


-  INDICATES NEGATIVE NUMBERS.
R  INDICATES RECORD WAS SET OR TIED.
MM INDICATES DATA IS MISSING.
T  INDICATES TRACE AMOUNT.




$$
