000
CDUS41 KCLE 072115
CLICAK


CLIMATE REPORT
NATIONAL WEATHER SERVICE CLEVELAND OH
513 PM EDT WED SEP 7 2016


...................................

...THE AKRON CANTON OH CLIMATE SUMMARY FOR SEPTEMBER 7 2016...
VALID TODAY AS OF 0500 PM LOCAL TIME.

CLIMATE NORMAL PERIOD 1981 TO 2010
CLIMATE RECORD PERIOD 1887 TO 2016


WEATHER ITEM   OBSERVED TIME   RECORD YEAR NORMAL DEPARTURE LAST
                VALUE   (LST)  VALUE       VALUE  FROM      YEAR
                                                  NORMAL
..................................................................
TEMPERATURE (F)
 TODAY
  MAXIMUM         90    359 PM  97    1939  76     14       91
  MINIMUM         70    617 AM  42    1988  57     13       69
                                      1986
                                      1951
  AVERAGE         80                        66     14       80

PRECIPITATION (IN)
  TODAY            0.19                      0.11   0.08     0.00
  MONTH TO DATE    0.19                      0.82  -0.63     0.34
  SINCE SEP 1      0.19                      0.82  -0.63     0.34
  SINCE JAN 1     23.79                     28.02  -4.23    29.68

SNOWFALL (IN)
  TODAY            0.0                       0.0    0.0      0.0
  MONTH TO DATE    0.0                       0.0    0.0      0.0
  SINCE SEP 1      0.0                       0.0    0.0      0.0
  SINCE JUL 1      0.0                       0.0    0.0      0.0
  SNOW DEPTH       0

DEGREE DAYS
 HEATING
  TODAY            0                         2     -2        0
  MONTH TO DATE    0                         9     -9        0
  SINCE SEP 1      0                         9     -9        0
  SINCE JUL 1      3                        29    -26        9

 COOLING
  TODAY           15                         3     12       15
  MONTH TO DATE   44                        26     18       91
  SINCE SEP 1     44                        26     18       91
  SINCE JAN 1    998                       608    390      875
..................................................................


WIND (MPH)
  HIGHEST WIND SPEED    16   HIGHEST WIND DIRECTION     W (260)
  HIGHEST GUST SPEED    20   HIGHEST GUST DIRECTION    NW (300)


SKY COVER
  POSSIBLE SUNSHINE  MM
  AVERAGE SKY COVER 0.4


WEATHER CONDITIONS
 THE FOLLOWING WEATHER WAS RECORDED TODAY.
  THUNDERSTORM
  LIGHT RAIN
  FOG
  HAZE


RELATIVE HUMIDITY (PERCENT)
 HIGHEST    90           600 AM
 LOWEST     52           400 PM
 AVERAGE    71

..........................................................


THE AKRON CANTON OH CLIMATE NORMALS FOR TOMORROW
                         NORMAL    RECORD    YEAR
 MAXIMUM TEMPERATURE (F)   76        95      1933
 MINIMUM TEMPERATURE (F)   56        38      1951


SUNRISE AND SUNSET
SEPTEMBER  7 2016.....SUNRISE   659 AM EDT   SUNSET   747 PM EDT
SEPTEMBER  8 2016.....SUNRISE   700 AM EDT   SUNSET   746 PM EDT


-  INDICATES NEGATIVE NUMBERS.
R  INDICATES RECORD WAS SET OR TIED.
MM INDICATES DATA IS MISSING.
T  INDICATES TRACE AMOUNT.




$$
