000
CDUS41 KCLE 032118
CLICAK


CLIMATE REPORT
NATIONAL WEATHER SERVICE CLEVELAND OH
517 PM EDT FRI NOV 3 2017


...................................

...THE AKRON CANTON OH CLIMATE SUMMARY FOR NOVEMBER 3 2017...
VALID TODAY AS OF 0500 PM LOCAL TIME.

CLIMATE NORMAL PERIOD 1981 TO 2010
CLIMATE RECORD PERIOD 1887 TO 2017


WEATHER ITEM   OBSERVED TIME   RECORD YEAR NORMAL DEPARTURE LAST
                VALUE   (LST)  VALUE       VALUE  FROM      YEAR
                                                  NORMAL
..................................................................
TEMPERATURE (F)
 TODAY
  MAXIMUM         65    255 AM  80    1961  55     10       70
  MINIMUM         51    357 PM  18    1991  38     13       47
                                      1951
  AVERAGE         58                        46     12       59

PRECIPITATION (IN)
  TODAY            0.17                      0.11   0.06     0.04
  MONTH TO DATE    0.95                      0.33   0.62     0.04
  SINCE SEP 1      6.52                      6.61  -0.09    10.34
  SINCE JAN 1     41.19                     33.81   7.38    33.94

SNOWFALL (IN)
  TODAY            0.0                       0.0    0.0      0.0
  MONTH TO DATE    0.0                       0.1   -0.1      0.0
  SINCE SEP 1      0.0                       0.5   -0.5      0.0
  SINCE JUL 1      0.0                       0.5   -0.5      0.0
  SNOW DEPTH       0

DEGREE DAYS
 HEATING
  TODAY            7                        19    -12        6
  MONTH TO DATE   36                        56    -20       11
  SINCE SEP 1    341                       591   -250      318
  SINCE JUL 1    347                       611   -264      321

 COOLING
  TODAY            0                         0      0        0
  MONTH TO DATE    0                         0      0        3
  SINCE SEP 1    184                        70    114      179
  SINCE JAN 1    926                       652    274     1133
..................................................................


WIND (MPH)
  HIGHEST WIND SPEED    22   HIGHEST WIND DIRECTION    SW (220)
  HIGHEST GUST SPEED    26   HIGHEST GUST DIRECTION    SW (220)


SKY COVER
  POSSIBLE SUNSHINE  MM
  AVERAGE SKY COVER 1.0


WEATHER CONDITIONS
 THE FOLLOWING WEATHER WAS RECORDED TODAY.
  HEAVY RAIN
  RAIN
  LIGHT RAIN
  FOG


RELATIVE HUMIDITY (PERCENT)
 HIGHEST    89           800 AM
 LOWEST     59           400 PM
 AVERAGE    74

..........................................................


THE AKRON CANTON OH CLIMATE NORMALS FOR TOMORROW
                         NORMAL    RECORD    YEAR
 MAXIMUM TEMPERATURE (F)   54        76      2015
                                             2003
 MINIMUM TEMPERATURE (F)   37        13      1991


SUNRISE AND SUNSET
NOVEMBER  3 2017......SUNRISE   759 AM EDT   SUNSET   619 PM EDT
NOVEMBER  4 2017......SUNRISE   800 AM EDT   SUNSET   618 PM EDT


-  INDICATES NEGATIVE NUMBERS.
R  INDICATES RECORD WAS SET OR TIED.
MM INDICATES DATA IS MISSING.
T  INDICATES TRACE AMOUNT.




$$
