000
CDUS41 KCLE 090545
CLICAK


CLIMATE REPORT
NATIONAL WEATHER SERVICE CLEVELAND OH
145 AM EDT TUE SEP 9 2014


...................................

...THE AKRON CANTON OH CLIMATE SUMMARY FOR SEPTEMBER 8 2014...

CLIMATE NORMAL PERIOD 1981 TO 2010
CLIMATE RECORD PERIOD 1887 TO 2014


WEATHER ITEM   OBSERVED TIME   RECORD YEAR NORMAL DEPARTURE LAST
                VALUE   (LST)  VALUE       VALUE  FROM      YEAR
                                                  NORMAL
..................................................................
TEMPERATURE (F)
 YESTERDAY
  MAXIMUM         78    341 PM  95    1933  76      2       76
  MINIMUM         54    613 AM  38    1951  56     -2       57
  AVERAGE         66                        66      0       67

PRECIPITATION (IN)
  YESTERDAY        0.00                      0.12  -0.12     0.01
  MONTH TO DATE    0.30                      0.94  -0.64     0.63
  SINCE SEP 1      0.30                      0.94  -0.64     0.63
  SINCE JAN 1     36.09                     28.14   7.95    27.70

SNOWFALL (IN)
  YESTERDAY        0.0                       0.0    0.0      0.0
  MONTH TO DATE    0.0                       0.0    0.0      0.0
  SINCE SEP 1      0.0                       0.0    0.0      0.0
  SINCE JUL 1      0.0                       0.0    0.0      0.0
  SNOW DEPTH       0

DEGREE DAYS
 HEATING
  YESTERDAY        0                         2     -2        0
  MONTH TO DATE    2                        11     -9        9
  SINCE SEP 1      2                        11     -9        9
  SINCE JUL 1     18                        31    -13       22

 COOLING
  YESTERDAY        1                         3     -2        2
  MONTH TO DATE   53                        29     24       25
  SINCE SEP 1     53                        29     24       25
  SINCE JAN 1    689                       611     78      749
..................................................................


WIND (MPH)
  HIGHEST WIND SPEED    16   HIGHEST WIND DIRECTION    SE (150)
  HIGHEST GUST SPEED    22   HIGHEST GUST DIRECTION    SE (130)
  AVERAGE WIND SPEED     8.5


SKY COVER
  POSSIBLE SUNSHINE  MM
  AVERAGE SKY COVER 0.5


WEATHER CONDITIONS
 THE FOLLOWING WEATHER WAS RECORDED YESTERDAY.
  NO SIGNIFICANT WEATHER WAS OBSERVED.


RELATIVE HUMIDITY (PERCENT)
 HIGHEST    89           600 AM
 LOWEST     43           100 PM
 AVERAGE    66

..........................................................


THE AKRON CANTON OH CLIMATE NORMALS FOR TODAY
                         NORMAL    RECORD    YEAR
 MAXIMUM TEMPERATURE (F)   76        92      1897
 MINIMUM TEMPERATURE (F)   56        42      1986
                                             1979


SUNRISE AND SUNSET
SEPTEMBER  9 2014.....SUNRISE   700 AM EDT   SUNSET   745 PM EDT
SEPTEMBER 10 2014.....SUNRISE   701 AM EDT   SUNSET   743 PM EDT


-  INDICATES NEGATIVE NUMBERS.
R  INDICATES RECORD WAS SET OR TIED.
MM INDICATES DATA IS MISSING.
T  INDICATES TRACE AMOUNT.




$$
