000
CDUS41 KCLE 120542
CLICAK


CLIMATE REPORT
NATIONAL WEATHER SERVICE CLEVELAND OH
1241 AM EST MON FEB 12 2018


...................................

...THE AKRON CANTON OH CLIMATE SUMMARY FOR FEBRUARY 11 2018...

CLIMATE NORMAL PERIOD 1981 TO 2010
CLIMATE RECORD PERIOD 1887 TO 2018


WEATHER ITEM   OBSERVED TIME   RECORD YEAR NORMAL DEPARTURE LAST
                VALUE   (LST)  VALUE       VALUE  FROM      YEAR
                                                  NORMAL
..................................................................
TEMPERATURE (F)
 YESTERDAY
  MAXIMUM         48    127 PM  71    1932  36     12       52
  MINIMUM         28   1159 PM -11    1899  21      7       32
  AVERAGE         38                        28     10       42

PRECIPITATION (IN)
  YESTERDAY        0.12                      0.08   0.04     0.00
  MONTH TO DATE    0.95                      0.90   0.05     1.12
  SINCE DEC 1      5.04                      6.35  -1.31    10.26
  SINCE JAN 1      3.14                      3.51  -0.37     7.26

SNOWFALL (IN)
  YESTERDAY        0.0                       0.4   -0.4      0.0
  MONTH TO DATE   10.4                       4.1    6.3      2.7
  SINCE DEC 1     36.6                      26.7    9.9     17.6
  SINCE JUL 1     36.7                      30.1    6.6     19.7
  SNOW DEPTH       3

DEGREE DAYS
 HEATING
  YESTERDAY       27                        37    -10       23
  MONTH TO DATE  439                       414     25      355
  SINCE DEC 1   2794                      2691    103     2381
  SINCE JUL 1   3784                      3950   -166     3259

 COOLING
  YESTERDAY        0                         0      0        0
  MONTH TO DATE    0                         0      0        0
  SINCE DEC 1      0                         0      0        0
  SINCE JAN 1      0                         0      0        0
..................................................................


WIND (MPH)
  HIGHEST WIND SPEED    20   HIGHEST WIND DIRECTION    NW (300)
  HIGHEST GUST SPEED    26   HIGHEST GUST DIRECTION     W (280)
  AVERAGE WIND SPEED    11.1


SKY COVER
  POSSIBLE SUNSHINE  MM
  AVERAGE SKY COVER 1.0


WEATHER CONDITIONS
 THE FOLLOWING WEATHER WAS RECORDED YESTERDAY.
  RAIN
  LIGHT RAIN
  FOG
  FOG W/VISIBILITY <= 1/4 MILE


RELATIVE HUMIDITY (PERCENT)
 HIGHEST    93          1100 AM
 LOWEST     78          1200 AM
 AVERAGE    86

..........................................................


THE AKRON CANTON OH CLIMATE NORMALS FOR TODAY
                         NORMAL    RECORD    YEAR
 MAXIMUM TEMPERATURE (F)   36        65      1999
                                             1984
 MINIMUM TEMPERATURE (F)   21       -12      1917


SUNRISE AND SUNSET
FEBRUARY 12 2018......SUNRISE   724 AM EST   SUNSET   557 PM EST
FEBRUARY 13 2018......SUNRISE   722 AM EST   SUNSET   558 PM EST


-  INDICATES NEGATIVE NUMBERS.
R  INDICATES RECORD WAS SET OR TIED.
MM INDICATES DATA IS MISSING.
T  INDICATES TRACE AMOUNT.




$$
