000
CDUS41 KCLE 282211
CLICAK


CLIMATE REPORT
NATIONAL WEATHER SERVICE CLEVELAND OH
511 PM EST THU JAN 28 2016


...................................

...THE AKRON CANTON OH CLIMATE SUMMARY FOR JANUARY 28 2016...
VALID TODAY AS OF 0500 PM LOCAL TIME.

CLIMATE NORMAL PERIOD 1981 TO 2010
CLIMATE RECORD PERIOD 1887 TO 2016


WEATHER ITEM   OBSERVED TIME   RECORD YEAR NORMAL DEPARTURE LAST
                VALUE   (LST)  VALUE       VALUE  FROM      YEAR
                                                  NORMAL
..................................................................
TEMPERATURE (F)
 TODAY
  MAXIMUM         43    349 PM  60    2002  34      9       31
  MINIMUM         21    145 AM -13    1977  19      2        4
  AVERAGE         32                        26      6       18

PRECIPITATION (IN)
  TODAY            0.00                      0.08  -0.08     0.00
  MONTH TO DATE    1.15                      2.37  -1.22     3.20
  SINCE DEC 1      4.85                      5.21  -0.36     5.51
  SINCE JAN 1      1.15                      2.37  -1.22     3.20

SNOWFALL (IN)
  TODAY            0.0                       0.4   -0.4      0.0
  MONTH TO DATE    5.4                      11.2   -5.8     19.8
  SINCE DEC 1      5.6                      21.4  -15.8     20.3
  SINCE JUL 1      5.6                      24.8  -19.2     28.3
  SNOW DEPTH       0

DEGREE DAYS
 HEATING
  TODAY           33                        39     -6       47
  MONTH TO DATE 1090                      1090      0     1136
  SINCE DEC 1   1742                      2161   -419     2058
  SINCE JUL 1   2622                      3420   -798     3341

 COOLING
  TODAY            0                         0      0        0
  MONTH TO DATE    0                         0      0        0
  SINCE DEC 1      0                         0      0        0
  SINCE JAN 1      0                         0      0        0
..................................................................


WIND (MPH)
  HIGHEST WIND SPEED    25   HIGHEST WIND DIRECTION    SW (210)
  HIGHEST GUST SPEED    29   HIGHEST GUST DIRECTION    SW (220)


SKY COVER
  POSSIBLE SUNSHINE  MM
  AVERAGE SKY COVER 0.6


WEATHER CONDITIONS
 THE FOLLOWING WEATHER WAS RECORDED TODAY.
  NO SIGNIFICANT WEATHER WAS OBSERVED.


RELATIVE HUMIDITY (PERCENT)
 HIGHEST    81           300 AM
 LOWEST     45           300 PM
 AVERAGE    63

..........................................................


THE AKRON CANTON OH CLIMATE NORMALS FOR TOMORROW
                         NORMAL    RECORD    YEAR
 MAXIMUM TEMPERATURE (F)   34        64      1975
 MINIMUM TEMPERATURE (F)   19       -13      1977


SUNRISE AND SUNSET
JANUARY 28 2016.......SUNRISE   740 AM EST   SUNSET   537 PM EST
JANUARY 29 2016.......SUNRISE   739 AM EST   SUNSET   539 PM EST


-  INDICATES NEGATIVE NUMBERS.
R  INDICATES RECORD WAS SET OR TIED.
MM INDICATES DATA IS MISSING.
T  INDICATES TRACE AMOUNT.




$$
