000
CDUS41 KCLE 080545
CLICAK


CLIMATE REPORT
NATIONAL WEATHER SERVICE CLEVELAND OH
145 AM EDT THU JUN 8 2017


...................................

...THE AKRON CANTON OH CLIMATE SUMMARY FOR JUNE 7 2017...

CLIMATE NORMAL PERIOD 1981 TO 2010
CLIMATE RECORD PERIOD 1887 TO 2017


WEATHER ITEM   OBSERVED TIME   RECORD YEAR NORMAL DEPARTURE LAST
                VALUE   (LST)  VALUE       VALUE  FROM      YEAR
                                                  NORMAL
..................................................................
TEMPERATURE (F)
 YESTERDAY
  MAXIMUM         62    609 PM  95    1933  76    -14       70
  MINIMUM         52   1159 PM  38    1945  55     -3       56
  AVERAGE         57                        66     -9       63

PRECIPITATION (IN)
  YESTERDAY        T                         0.13  -0.13     0.10
  MONTH TO DATE    0.53                      0.91  -0.38     0.74
  SINCE JUN 1      0.53                      0.91  -0.38     0.74
  SINCE JAN 1     26.65                     16.64  10.01    15.41

SNOWFALL (IN)
  YESTERDAY        0.0                       0.0    0.0      0.0
  MONTH TO DATE    0.0                       0.0    0.0      0.0
  SINCE JUN 1      0.0                       0.0    0.0      0.0
  SINCE JUL 1     37.2                      47.5  -10.3     30.2
  SNOW DEPTH       0

DEGREE DAYS
 HEATING
  YESTERDAY        8                         3      5        2
  MONTH TO DATE   14                        23     -9        2
  SINCE JUN 1     14                        23     -9        2
  SINCE JUL 1   4887                      6124  -1237     4983

 COOLING
  YESTERDAY        0                         3     -3        0
  MONTH TO DATE   13                        20     -7       42
  SINCE JUN 1     13                        20     -7       42
  SINCE JAN 1     77                        62     15      103
..................................................................


WIND (MPH)
  HIGHEST WIND SPEED    17   HIGHEST WIND DIRECTION    NE (30)
  HIGHEST GUST SPEED    22   HIGHEST GUST DIRECTION    NE (40)
  AVERAGE WIND SPEED     8.2


SKY COVER
  POSSIBLE SUNSHINE  MM
  AVERAGE SKY COVER 0.9


WEATHER CONDITIONS
 THE FOLLOWING WEATHER WAS RECORDED YESTERDAY.
  LIGHT RAIN
  HAZE


RELATIVE HUMIDITY (PERCENT)
 HIGHEST    83          1100 PM
 LOWEST     60           600 PM
 AVERAGE    72

..........................................................


THE AKRON CANTON OH CLIMATE NORMALS FOR TODAY
                         NORMAL    RECORD    YEAR
 MAXIMUM TEMPERATURE (F)   76        99      1933
 MINIMUM TEMPERATURE (F)   56        36      1912


SUNRISE AND SUNSET
JUNE  8 2017..........SUNRISE   554 AM EDT   SUNSET   856 PM EDT
JUNE  9 2017..........SUNRISE   554 AM EDT   SUNSET   857 PM EDT


-  INDICATES NEGATIVE NUMBERS.
R  INDICATES RECORD WAS SET OR TIED.
MM INDICATES DATA IS MISSING.
T  INDICATES TRACE AMOUNT.




$$
