000
CDUS41 KCLE 190545
CLICAK


CLIMATE REPORT
NATIONAL WEATHER SERVICE CLEVELAND OH
145 AM EDT SUN JUL 19 2015


...................................

...THE AKRON CANTON OH CLIMATE SUMMARY FOR JULY 18 2015...

CLIMATE NORMAL PERIOD 1981 TO 2010
CLIMATE RECORD PERIOD 1887 TO 2015


WEATHER ITEM   OBSERVED TIME   RECORD YEAR NORMAL DEPARTURE LAST
                VALUE   (LST)  VALUE       VALUE  FROM      YEAR
                                                  NORMAL
..................................................................
TEMPERATURE (F)
 YESTERDAY
  MAXIMUM         91    314 PM  96    1930  82      9       78
                                      1904
  MINIMUM         73    415 AM  50    1924  62     11       53
  AVERAGE         82                        72     10       66

PRECIPITATION (IN)
  YESTERDAY        0.00                      0.14  -0.14     0.02
  MONTH TO DATE    2.71                      2.39   0.32     2.01
  SINCE JUN 1     11.02                      6.22   4.80    11.29
  SINCE JAN 1     27.43                     21.95   5.48    27.92

SNOWFALL (IN)
  YESTERDAY        0.0                       0.0    0.0      0.0
  MONTH TO DATE    0.0                       0.0    0.0      0.0
  SINCE JUN 1      0.0                       0.0    0.0      0.0
  SINCE JUL 1      0.0                       0.0    0.0      0.0
  SNOW DEPTH       0

DEGREE DAYS
 HEATING
  YESTERDAY        0                         0      0        0
  MONTH TO DATE    0                         0      0        2
  SINCE JUN 1     25                        49    -24       17
  SINCE JUL 1      0                         0      0        2

 COOLING
  YESTERDAY       17                         7     10        1
  MONTH TO DATE  106                       126    -20      117
  SINCE JUN 1    292                       261     31      300
  SINCE JAN 1    436                       303    133      376
..................................................................


WIND (MPH)
  HIGHEST WIND SPEED    15   HIGHEST WIND DIRECTION     W (270)
  HIGHEST GUST SPEED    19   HIGHEST GUST DIRECTION     W (270)
  AVERAGE WIND SPEED     7.9


SKY COVER
  POSSIBLE SUNSHINE  MM
  AVERAGE SKY COVER 0.6


WEATHER CONDITIONS
 THE FOLLOWING WEATHER WAS RECORDED YESTERDAY.
  FOG
  HAZE


RELATIVE HUMIDITY (PERCENT)
 HIGHEST    93           300 AM
 LOWEST     55           500 PM
 AVERAGE    74

..........................................................


THE AKRON CANTON OH CLIMATE NORMALS FOR TODAY
                         NORMAL    RECORD    YEAR
 MAXIMUM TEMPERATURE (F)   82        98      1930
 MINIMUM TEMPERATURE (F)   62        49      1924
                                             1909


SUNRISE AND SUNSET
JULY 19 2015..........SUNRISE   610 AM EDT   SUNSET   854 PM EDT
JULY 20 2015..........SUNRISE   611 AM EDT   SUNSET   853 PM EDT


-  INDICATES NEGATIVE NUMBERS.
R  INDICATES RECORD WAS SET OR TIED.
MM INDICATES DATA IS MISSING.
T  INDICATES TRACE AMOUNT.




$$
