000
CDUS41 KCLE 180532
CLICAK


CLIMATE REPORT
NATIONAL WEATHER SERVICE CLEVELAND OH
1232 AM EST TUE NOV 18 2014


...................................

...THE AKRON CANTON OH CLIMATE SUMMARY FOR NOVEMBER 17 2014...

CLIMATE NORMAL PERIOD 1981 TO 2010
CLIMATE RECORD PERIOD 1887 TO 2014


WEATHER ITEM   OBSERVED TIME   RECORD YEAR NORMAL DEPARTURE LAST
                VALUE   (LST)  VALUE       VALUE  FROM      YEAR
                                                  NORMAL
..................................................................
TEMPERATURE (F)
 YESTERDAY
  MAXIMUM         34    259 AM  72    1958  49    -15       60
                                      1931
  MINIMUM         15   1159 PM   9    1933  34    -19       54
  AVERAGE         25                        41    -16       57

PRECIPITATION (IN)
  YESTERDAY        0.57                      0.12   0.45     0.96
  MONTH TO DATE    1.70                      1.85  -0.15     2.26
  SINCE SEP 1      6.72                      8.13  -1.41    10.75
  SINCE JAN 1     42.51                     35.33   7.18    37.82

SNOWFALL (IN)
  YESTERDAY        6.1                       0.1    6.0      0.0
  MONTH TO DATE    6.5                       1.2    5.3      3.2
  SINCE SEP 1      6.5                       1.6    4.9      3.2
  SINCE JUL 1      6.5                       1.6    4.9      3.2
  SNOW DEPTH       4

DEGREE DAYS
 HEATING
  YESTERDAY       40                        24     16        8
  MONTH TO DATE  417                       357     60      356
  SINCE SEP 1    859                       892    -33      807
  SINCE JUL 1    875                       912    -37      820

 COOLING
  YESTERDAY        0                         0      0        0
  MONTH TO DATE    0                         0      0        0
  SINCE SEP 1     83                        70     13      105
  SINCE JAN 1    719                       652     67      829
..................................................................


WIND (MPH)
  HIGHEST WIND SPEED    26   HIGHEST WIND DIRECTION     W (270)
  HIGHEST GUST SPEED    36   HIGHEST GUST DIRECTION     W (260)
  AVERAGE WIND SPEED     9.7


SKY COVER
  POSSIBLE SUNSHINE  MM
  AVERAGE SKY COVER 1.0


WEATHER CONDITIONS
 THE FOLLOWING WEATHER WAS RECORDED YESTERDAY.
  HEAVY SNOW
  SNOW
  LIGHT SNOW
  FOG
  FOG W/VISIBILITY <= 1/4 MILE
  HAZE
  BLOWING SNOW


RELATIVE HUMIDITY (PERCENT)
 HIGHEST    92           100 PM
 LOWEST     62           800 PM
 AVERAGE    77

..........................................................


THE AKRON CANTON OH CLIMATE NORMALS FOR TODAY
                         NORMAL    RECORD    YEAR
 MAXIMUM TEMPERATURE (F)   48        70      1958
                                             1954
 MINIMUM TEMPERATURE (F)   33         9      1959


SUNRISE AND SUNSET
NOVEMBER 18 2014......SUNRISE   717 AM EST   SUNSET   505 PM EST
NOVEMBER 19 2014......SUNRISE   718 AM EST   SUNSET   504 PM EST


-  INDICATES NEGATIVE NUMBERS.
R  INDICATES RECORD WAS SET OR TIED.
MM INDICATES DATA IS MISSING.
T  INDICATES TRACE AMOUNT.




$$
