000
CDUS41 KCLE 060545
CLICAK


CLIMATE REPORT
NATIONAL WEATHER SERVICE CLEVELAND OH
145 AM EDT THU APR 6 2017


...................................

...THE AKRON CANTON OH CLIMATE SUMMARY FOR APRIL 5 2017...

CLIMATE NORMAL PERIOD 1981 TO 2010
CLIMATE RECORD PERIOD 1887 TO 2017


WEATHER ITEM   OBSERVED TIME   RECORD YEAR NORMAL DEPARTURE LAST
                VALUE   (LST)  VALUE       VALUE  FROM      YEAR
                                                  NORMAL
..................................................................
TEMPERATURE (F)
 YESTERDAY
  MAXIMUM         66    549 PM  81    1910  55     11       41
  MINIMUM         42    615 AM  15    1995  35      7       18
  AVERAGE         54                        45      9       30

PRECIPITATION (IN)
  YESTERDAY        0.20                      0.12   0.08     0.00
  MONTH TO DATE    0.49                      0.59  -0.10     0.51
  SINCE MAR 1      6.02                      3.57   2.45     5.09
  SINCE JAN 1     14.53                      8.49   6.04     9.68

SNOWFALL (IN)
  YESTERDAY        0.0                       0.1   -0.1      0.0
  MONTH TO DATE    0.0                       0.8   -0.8      2.2
  SINCE MAR 1     13.5                       9.0    4.5      4.6
  SINCE JUL 1     34.7                      45.5  -10.8     27.3
  SNOW DEPTH       0

DEGREE DAYS
 HEATING
  YESTERDAY       11                        20     -9       35
  MONTH TO DATE   76                       103    -27      132
  SINCE MAR 1    879                       954    -75      734
  SINCE JUL 1   4479                      5498  -1019     4381

 COOLING
  YESTERDAY        0                         0      0        0
  MONTH TO DATE    0                         0      0        0
  SINCE MAR 1      0                         0      0        0
  SINCE JAN 1      2                         0      2        0
..................................................................


WIND (MPH)
  HIGHEST WIND SPEED    24   HIGHEST WIND DIRECTION     W (270)
  HIGHEST GUST SPEED    29   HIGHEST GUST DIRECTION     W (270)
  AVERAGE WIND SPEED    11.5


SKY COVER
  POSSIBLE SUNSHINE  MM
  AVERAGE SKY COVER 0.7


WEATHER CONDITIONS
 THE FOLLOWING WEATHER WAS RECORDED YESTERDAY.
  THUNDERSTORM
  LIGHT RAIN
  FOG


RELATIVE HUMIDITY (PERCENT)
 HIGHEST    83           700 AM
 LOWEST     42           500 PM
 AVERAGE    63

..........................................................


THE AKRON CANTON OH CLIMATE NORMALS FOR TODAY
                         NORMAL    RECORD    YEAR
 MAXIMUM TEMPERATURE (F)   56        83      2010
                                             1929
 MINIMUM TEMPERATURE (F)   36        19      1982


SUNRISE AND SUNSET
APRIL  6 2017.........SUNRISE   701 AM EDT   SUNSET   756 PM EDT
APRIL  7 2017.........SUNRISE   659 AM EDT   SUNSET   757 PM EDT


-  INDICATES NEGATIVE NUMBERS.
R  INDICATES RECORD WAS SET OR TIED.
MM INDICATES DATA IS MISSING.
T  INDICATES TRACE AMOUNT.




$$
