000
CDUS41 KCLE 140543
CLICAK


CLIMATE REPORT
NATIONAL WEATHER SERVICE CLEVELAND OH
142 AM EDT TUE OCT 14 2014


...................................

...THE AKRON CANTON OH CLIMATE SUMMARY FOR OCTOBER 13 2014...

CLIMATE NORMAL PERIOD 1981 TO 2010
CLIMATE RECORD PERIOD 1887 TO 2014


WEATHER ITEM   OBSERVED TIME   RECORD YEAR NORMAL DEPARTURE LAST
                VALUE   (LST)  VALUE       VALUE  FROM      YEAR
                                                  NORMAL
..................................................................
TEMPERATURE (F)
 YESTERDAY
  MAXIMUM         74    403 PM  82    1969  62     12       69
  MINIMUM         57    236 AM  29    1895  43     14       59
  AVERAGE         66                        53     13       64

PRECIPITATION (IN)
  YESTERDAY        T                         0.09  -0.09     0.02
  MONTH TO DATE    1.04                      1.20  -0.16     3.76
  SINCE SEP 1      2.24                      4.65  -2.41     6.66
  SINCE JAN 1     38.03                     31.85   6.18    33.73

SNOWFALL (IN)
  YESTERDAY        0.0                       0.0    0.0      0.0
  MONTH TO DATE    0.0                       0.0    0.0      0.0
  SINCE SEP 1      0.0                       0.0    0.0      0.0
  SINCE JUL 1      0.0                       0.0    0.0      0.0
  SNOW DEPTH       0

DEGREE DAYS
 HEATING
  YESTERDAY        0                        13    -13        1
  MONTH TO DATE  135                       139     -4       45
  SINCE SEP 1    222                       258    -36      147
  SINCE JUL 1    238                       278    -40      160

 COOLING
  YESTERDAY        1                         0      1        0
  MONTH TO DATE    1                         3     -2       28
  SINCE SEP 1     80                        67     13      105
  SINCE JAN 1    716                       649     67      829
..................................................................


WIND (MPH)
  HIGHEST WIND SPEED    18   HIGHEST WIND DIRECTION     S (170)
  HIGHEST GUST SPEED    23   HIGHEST GUST DIRECTION     S (170)
  AVERAGE WIND SPEED    11.2


SKY COVER
  POSSIBLE SUNSHINE  MM
  AVERAGE SKY COVER 0.8


WEATHER CONDITIONS
 THE FOLLOWING WEATHER WAS RECORDED YESTERDAY.
  NO SIGNIFICANT WEATHER WAS OBSERVED.


RELATIVE HUMIDITY (PERCENT)
 HIGHEST    86           300 AM
 LOWEST     61           500 PM
 AVERAGE    74

..........................................................


THE AKRON CANTON OH CLIMATE NORMALS FOR TODAY
                         NORMAL    RECORD    YEAR
 MAXIMUM TEMPERATURE (F)   62        83      1899
                                             1897
 MINIMUM TEMPERATURE (F)   43        23      1895


SUNRISE AND SUNSET
OCTOBER 14 2014.......SUNRISE   736 AM EDT   SUNSET   647 PM EDT
OCTOBER 15 2014.......SUNRISE   737 AM EDT   SUNSET   645 PM EDT


-  INDICATES NEGATIVE NUMBERS.
R  INDICATES RECORD WAS SET OR TIED.
MM INDICATES DATA IS MISSING.
T  INDICATES TRACE AMOUNT.




$$
