706
CDUS41 KCLE 140532
CLICAK


CLIMATE REPORT
NATIONAL WEATHER SERVICE CLEVELAND OH
130 AM EDT THU JUL 14 2016


...................................

...THE AKRON CANTON OH CLIMATE SUMMARY FOR JULY 13 2016...

CLIMATE NORMAL PERIOD 1981 TO 2010
CLIMATE RECORD PERIOD 1887 TO 2016


WEATHER ITEM   OBSERVED TIME   RECORD YEAR NORMAL DEPARTURE LAST
                VALUE   (LST)  VALUE       VALUE  FROM      YEAR
                                                  NORMAL
..................................................................
TEMPERATURE (F)
 YESTERDAY
  MAXIMUM         91    405 PM  99    1936  82      9       82
  MINIMUM         69    941 PM  43    1904  62      7       65
  AVERAGE         80                        72      8       74

PRECIPITATION (IN)
  YESTERDAY        0.31                      0.13   0.18      T
  MONTH TO DATE    0.84                      1.71  -0.87     1.72
  SINCE JUN 1      4.35                      5.54  -1.19    10.03
  SINCE JAN 1     19.02                     21.27  -2.25    26.44

SNOWFALL (IN)
  YESTERDAY        0.0                       0.0    0.0      0.0
  MONTH TO DATE    0.0                       0.0    0.0      0.0
  SINCE JUN 1      0.0                       0.0    0.0      0.0
  SINCE JUL 1      0.0                       0.0    0.0      0.0
  SNOW DEPTH       0

DEGREE DAYS
 HEATING
  YESTERDAY        0                         0      0        0
  MONTH TO DATE    3                         0      3        0
  SINCE JUN 1     22                        49    -27       25
  SINCE JUL 1      3                         0      3        0

 COOLING
  YESTERDAY       15                         7      8        9
  MONTH TO DATE  110                        91     19       69
  SINCE JUN 1    304                       226     78      255
  SINCE JAN 1    365                       268     97      399
..................................................................


WIND (MPH)
  HIGHEST WIND SPEED    26   HIGHEST WIND DIRECTION     W (280)
  HIGHEST GUST SPEED    37   HIGHEST GUST DIRECTION     W (280)
  AVERAGE WIND SPEED     9.2


SKY COVER
  POSSIBLE SUNSHINE  MM
  AVERAGE SKY COVER 0.7


WEATHER CONDITIONS
 THE FOLLOWING WEATHER WAS RECORDED YESTERDAY.
  THUNDERSTORM
  HEAVY RAIN
  RAIN
  LIGHT RAIN
  FOG
  HAZE


RELATIVE HUMIDITY (PERCENT)
 HIGHEST    93           400 AM
 LOWEST     47           400 PM
 AVERAGE    70

..........................................................


THE AKRON CANTON OH CLIMATE NORMALS FOR TODAY
                         NORMAL    RECORD    YEAR
 MAXIMUM TEMPERATURE (F)   82       102      1936
 MINIMUM TEMPERATURE (F)   62        46      1926


SUNRISE AND SUNSET
JULY 14 2016..........SUNRISE   606 AM EDT   SUNSET   857 PM EDT
JULY 15 2016..........SUNRISE   607 AM EDT   SUNSET   856 PM EDT


-  INDICATES NEGATIVE NUMBERS.
R  INDICATES RECORD WAS SET OR TIED.
MM INDICATES DATA IS MISSING.
T  INDICATES TRACE AMOUNT.




$$
