965
CDUS41 KCLE 140532
CLICAK


CLIMATE REPORT
NATIONAL WEATHER SERVICE CLEVELAND OH
1230 AM EST TUE FEB 14 2017


...................................

...THE AKRON CANTON OH CLIMATE SUMMARY FOR FEBRUARY 13 2017...

CLIMATE NORMAL PERIOD 1981 TO 2010
CLIMATE RECORD PERIOD 1887 TO 2017


WEATHER ITEM   OBSERVED TIME   RECORD YEAR NORMAL DEPARTURE LAST
                VALUE   (LST)  VALUE       VALUE  FROM      YEAR
                                                  NORMAL
..................................................................
TEMPERATURE (F)
 YESTERDAY
  MAXIMUM         41    316 PM  66    1938  36      5       14
  MINIMUM         28   1159 PM -12    1905  21      7        0
  AVERAGE         35                        28      7        7

PRECIPITATION (IN)
  YESTERDAY        T                         0.08  -0.08     0.03
  MONTH TO DATE    1.31                      1.06   0.25     1.14
  SINCE DEC 1     10.45                      6.51   3.94     6.05
  SINCE JAN 1      7.45                      3.67   3.78     2.35

SNOWFALL (IN)
  YESTERDAY        T                         0.4   -0.4      1.1
  MONTH TO DATE    2.7                       4.8   -2.1      8.8
  SINCE DEC 1     17.6                      27.4   -9.8     15.1
  SINCE JUL 1     19.7                      30.8  -11.1     15.1
  SNOW DEPTH       0

DEGREE DAYS
 HEATING
  YESTERDAY       30                        37     -7       58
  MONTH TO DATE  410                       488    -78      463
  SINCE DEC 1   2436                      2765   -329     2283
  SINCE JUL 1   3314                      4024   -710     3163

 COOLING
  YESTERDAY        0                         0      0        0
  MONTH TO DATE    0                         0      0        0
  SINCE DEC 1      0                         0      0        0
  SINCE JAN 1      0                         0      0        0
..................................................................


WIND (MPH)
  HIGHEST WIND SPEED    29   HIGHEST WIND DIRECTION    NW (310)
  HIGHEST GUST SPEED    36   HIGHEST GUST DIRECTION    NW (320)
  AVERAGE WIND SPEED    11.2


SKY COVER
  POSSIBLE SUNSHINE  MM
  AVERAGE SKY COVER 0.5


WEATHER CONDITIONS
 THE FOLLOWING WEATHER WAS RECORDED YESTERDAY.
  LIGHT SNOW


RELATIVE HUMIDITY (PERCENT)
 HIGHEST    69          1100 PM
 LOWEST     44           400 PM
 AVERAGE    57

..........................................................


THE AKRON CANTON OH CLIMATE NORMALS FOR TODAY
                         NORMAL    RECORD    YEAR
 MAXIMUM TEMPERATURE (F)   36        63      1918
 MINIMUM TEMPERATURE (F)   21        -7      1905


SUNRISE AND SUNSET
FEBRUARY 14 2017......SUNRISE   721 AM EST   SUNSET   559 PM EST
FEBRUARY 15 2017......SUNRISE   720 AM EST   SUNSET   601 PM EST


-  INDICATES NEGATIVE NUMBERS.
R  INDICATES RECORD WAS SET OR TIED.
MM INDICATES DATA IS MISSING.
T  INDICATES TRACE AMOUNT.




$$
