000
CDUS41 KCLE 180529
CLICAK


CLIMATE REPORT
NATIONAL WEATHER SERVICE CLEVELAND OH
1229 AM EST SUN JAN 18 2015


...................................

...THE AKRON CANTON OH CLIMATE SUMMARY FOR JANUARY 17 2015...

CLIMATE NORMAL PERIOD 1981 TO 2010
CLIMATE RECORD PERIOD 1887 TO 2015


WEATHER ITEM   OBSERVED TIME   RECORD YEAR NORMAL DEPARTURE LAST
                VALUE   (LST)  VALUE       VALUE  FROM      YEAR
                                                  NORMAL
..................................................................
TEMPERATURE (F)
 YESTERDAY
  MAXIMUM         45   1156 PM  59    1952  33     12       37
  MINIMUM         18    458 AM -22    1982  19     -1       14
  AVERAGE         32                        26      6       26

PRECIPITATION (IN)
  YESTERDAY        0.00                      0.08  -0.08     0.01
  MONTH TO DATE    2.32                      1.46   0.86     1.37
  SINCE DEC 1      4.63                      4.30   0.33     4.86
  SINCE JAN 1      2.32                      1.46   0.86     1.37

SNOWFALL (IN)
  YESTERDAY        0.0                       0.4   -0.4      0.1
  MONTH TO DATE    9.3                       6.8    2.5      7.9
  SINCE DEC 1      9.8                      17.0   -7.2     20.4
  SINCE JUL 1     17.8                      20.4   -2.6     31.1
  SNOW DEPTH       3

DEGREE DAYS
 HEATING
  YESTERDAY       33                        39     -6       39
  MONTH TO DATE  734                       661     73      667
  SINCE DEC 1   1656                      1732    -76     1696
  SINCE JUL 1   2939                      2991    -52     2946

 COOLING
  YESTERDAY        0                         0      0        0
  MONTH TO DATE    0                         0      0        0
  SINCE DEC 1      0                         0      0        0
  SINCE JAN 1      0                         0      0        0
..................................................................


WIND (MPH)
  HIGHEST WIND SPEED    24   HIGHEST WIND DIRECTION     S (200)
  HIGHEST GUST SPEED    32   HIGHEST GUST DIRECTION    SW (210)
  AVERAGE WIND SPEED    13.7


SKY COVER
  POSSIBLE SUNSHINE  MM
  AVERAGE SKY COVER 0.4


WEATHER CONDITIONS
 THE FOLLOWING WEATHER WAS RECORDED YESTERDAY.
  HAZE


RELATIVE HUMIDITY (PERCENT)
 HIGHEST    77           900 AM
 LOWEST     49           900 PM
 AVERAGE    63

..........................................................


THE AKRON CANTON OH CLIMATE NORMALS FOR TODAY
                         NORMAL    RECORD    YEAR
 MAXIMUM TEMPERATURE (F)   33        63      1929
 MINIMUM TEMPERATURE (F)   19       -22      1994


SUNRISE AND SUNSET
JANUARY 18 2015.......SUNRISE   747 AM EST   SUNSET   526 PM EST
JANUARY 19 2015.......SUNRISE   746 AM EST   SUNSET   527 PM EST


-  INDICATES NEGATIVE NUMBERS.
R  INDICATES RECORD WAS SET OR TIED.
MM INDICATES DATA IS MISSING.
T  INDICATES TRACE AMOUNT.




$$
