000
CDUS41 KCLE 172112
CLICAK


CLIMATE REPORT
NATIONAL WEATHER SERVICE CLEVELAND OH
511 PM EDT SUN JUL 17 2016


...................................

...THE AKRON CANTON OH CLIMATE SUMMARY FOR JULY 17 2016...
VALID TODAY AS OF 0500 PM LOCAL TIME.

CLIMATE NORMAL PERIOD 1981 TO 2010
CLIMATE RECORD PERIOD 1887 TO 2016


WEATHER ITEM   OBSERVED TIME   RECORD YEAR NORMAL DEPARTURE LAST
                VALUE   (LST)  VALUE       VALUE  FROM      YEAR
                                                  NORMAL
..................................................................
TEMPERATURE (F)
 TODAY
  MAXIMUM         86    358 PM  99    1931  82      4       83
  MINIMUM         61    515 AM  48    1939  62     -1       64
                                      1892
  AVERAGE         74                        72      2       74

PRECIPITATION (IN)
  TODAY            0.00                      0.13  -0.13     0.11
  MONTH TO DATE    1.06                      2.25  -1.19     2.71
  SINCE JUN 1      4.57                      6.08  -1.51    11.02
  SINCE JAN 1     19.24                     21.81  -2.57    27.43

SNOWFALL (IN)
  TODAY            0.0                       0.0    0.0      0.0
  MONTH TO DATE    0.0                       0.0    0.0      0.0
  SINCE JUN 1      0.0                       0.0    0.0      0.0
  SINCE JUL 1      0.0                       0.0    0.0      0.0
  SNOW DEPTH       0

DEGREE DAYS
 HEATING
  TODAY            0                         0      0        0
  MONTH TO DATE    3                         0      3        0
  SINCE JUN 1     22                        49    -27       25
  SINCE JUL 1      3                         0      3        0

 COOLING
  TODAY            9                         7      2        9
  MONTH TO DATE  150                       119     31       89
  SINCE JUN 1    344                       254     90      275
  SINCE JAN 1    405                       296    109      419
..................................................................


WIND (MPH)
  HIGHEST WIND SPEED    17   HIGHEST WIND DIRECTION    SW (240)
  HIGHEST GUST SPEED    26   HIGHEST GUST DIRECTION    NW (310)


SKY COVER
  POSSIBLE SUNSHINE  MM
  AVERAGE SKY COVER 0.4


WEATHER CONDITIONS
 THE FOLLOWING WEATHER WAS RECORDED TODAY.
  NO SIGNIFICANT WEATHER WAS OBSERVED.


RELATIVE HUMIDITY (PERCENT)
 HIGHEST    90           200 AM
 LOWEST     43          1200 PM
 AVERAGE    67

..........................................................


THE AKRON CANTON OH CLIMATE NORMALS FOR TOMORROW
                         NORMAL    RECORD    YEAR
 MAXIMUM TEMPERATURE (F)   82        96      1930
                                             1904
 MINIMUM TEMPERATURE (F)   62        50      1924


SUNRISE AND SUNSET
JULY 17 2016..........SUNRISE   609 AM EDT   SUNSET   855 PM EDT
JULY 18 2016..........SUNRISE   610 AM EDT   SUNSET   854 PM EDT


-  INDICATES NEGATIVE NUMBERS.
R  INDICATES RECORD WAS SET OR TIED.
MM INDICATES DATA IS MISSING.
T  INDICATES TRACE AMOUNT.




$$
