425
CDUS41 KCLE 040527
CLICAK


CLIMATE REPORT
NATIONAL WEATHER SERVICE CLEVELAND OH
1226 AM EST MON DEC 4 2017


...................................

...THE AKRON CANTON OH CLIMATE SUMMARY FOR DECEMBER 3 2017...

CLIMATE NORMAL PERIOD 1981 TO 2010
CLIMATE RECORD PERIOD 1887 TO 2017


WEATHER ITEM   OBSERVED TIME   RECORD YEAR NORMAL DEPARTURE LAST
                VALUE   (LST)  VALUE       VALUE  FROM      YEAR
                                                  NORMAL
..................................................................
TEMPERATURE (F)
 YESTERDAY
  MAXIMUM         54    239 PM  76    1982  41     13       38
  MINIMUM         29    746 AM  -5    1976  28      1       34
  AVERAGE         42                        35      7       36

PRECIPITATION (IN)
  YESTERDAY        0.00                      0.10  -0.10      T
  MONTH TO DATE    0.00                      0.29  -0.29     0.01
  SINCE DEC 1      0.00                      0.29  -0.29     0.01
  SINCE JAN 1     46.58                     37.07   9.51    35.66

SNOWFALL (IN)
  YESTERDAY        0.0                       0.2   -0.2       T
  MONTH TO DATE    0.0                       0.7   -0.7       T
  SINCE DEC 1      0.0                       0.7   -0.7       T
  SINCE JUL 1      0.1                       4.1   -4.0      2.1
  SNOW DEPTH       0

DEGREE DAYS
 HEATING
  YESTERDAY       23                        30     -7       29
  MONTH TO DATE   76                        90    -14       83
  SINCE DEC 1     76                        90    -14       83
  SINCE JUL 1   1058                      1349   -291      961

 COOLING
  YESTERDAY        0                         0      0        0
  MONTH TO DATE    0                         0      0        0
  SINCE DEC 1      0                         0      0        0
  SINCE JAN 1    926                       652    274     1133
..................................................................


WIND (MPH)
  HIGHEST WIND SPEED    10   HIGHEST WIND DIRECTION     W (290)
  HIGHEST GUST SPEED    15   HIGHEST GUST DIRECTION    NW (300)
  AVERAGE WIND SPEED     4.5


SKY COVER
  POSSIBLE SUNSHINE  MM
  AVERAGE SKY COVER 0.3


WEATHER CONDITIONS
 THE FOLLOWING WEATHER WAS RECORDED YESTERDAY.
  FOG
  HAZE


RELATIVE HUMIDITY (PERCENT)
 HIGHEST    89           900 AM
 LOWEST     38           200 PM
 AVERAGE    64

..........................................................


THE AKRON CANTON OH CLIMATE NORMALS FOR TODAY
                         NORMAL    RECORD    YEAR
 MAXIMUM TEMPERATURE (F)   41        68      1941
 MINIMUM TEMPERATURE (F)   28         4      1940


SUNRISE AND SUNSET
DECEMBER  4 2017......SUNRISE   734 AM EST   SUNSET   458 PM EST
DECEMBER  5 2017......SUNRISE   735 AM EST   SUNSET   458 PM EST


-  INDICATES NEGATIVE NUMBERS.
R  INDICATES RECORD WAS SET OR TIED.
MM INDICATES DATA IS MISSING.
T  INDICATES TRACE AMOUNT.




$$
