000
CDUS41 KCLE 160527
CLICAK


CLIMATE REPORT
NATIONAL WEATHER SERVICE CLEVELAND OH
125 AM EDT SAT MAY 16 2015


...................................

...THE AKRON CANTON OH CLIMATE SUMMARY FOR MAY 15 2015...

CLIMATE NORMAL PERIOD 1981 TO 2010
CLIMATE RECORD PERIOD 1887 TO 2015


WEATHER ITEM   OBSERVED TIME   RECORD YEAR NORMAL DEPARTURE LAST
                VALUE   (LST)  VALUE       VALUE  FROM      YEAR
                                                  NORMAL
..................................................................
TEMPERATURE (F)
 YESTERDAY
  MAXIMUM         81    427 PM  91    1991  69     12       69
  MINIMUM         55    520 AM  30    1910  48      7       49
  AVERAGE         68                        59      9       59

PRECIPITATION (IN)
  YESTERDAY        T                         0.15  -0.15     0.33
  MONTH TO DATE    0.22                      2.00  -1.78     2.83
  SINCE MAR 1      6.82                      8.53  -1.71    11.65
  SINCE JAN 1     12.30                     13.45  -1.15    15.16

SNOWFALL (IN)
  YESTERDAY        0.0                       0.0    0.0      0.0
  MONTH TO DATE    0.0                       0.1   -0.1      0.0
  SINCE MAR 1      6.9                      11.0   -4.1     10.6
  SINCE JUL 1     59.8                      47.5   12.3     69.9
  SNOW DEPTH       0

DEGREE DAYS
 HEATING
  YESTERDAY        0                         7     -7        6
  MONTH TO DATE   53                       136    -83       90
  SINCE MAR 1   1383                      1468    -85     1518
  SINCE JUL 1   6226                      6012    214     6341

 COOLING
  YESTERDAY        3                         1      2        0
  MONTH TO DATE   62                         9     53       38
  SINCE MAR 1     64                        15     49       41
  SINCE JAN 1     64                        15     49       41
..................................................................


WIND (MPH)
  HIGHEST WIND SPEED    23   HIGHEST WIND DIRECTION    SW (210)
  HIGHEST GUST SPEED    28   HIGHEST GUST DIRECTION    SW (210)
  AVERAGE WIND SPEED     9.0


SKY COVER
  POSSIBLE SUNSHINE  MM
  AVERAGE SKY COVER 0.8


WEATHER CONDITIONS
 THE FOLLOWING WEATHER WAS RECORDED YESTERDAY.
  LIGHT RAIN


RELATIVE HUMIDITY (PERCENT)
 HIGHEST    70          1100 PM
 LOWEST     48           900 AM
 AVERAGE    59

..........................................................


THE AKRON CANTON OH CLIMATE NORMALS FOR TODAY
                         NORMAL    RECORD    YEAR
 MAXIMUM TEMPERATURE (F)   69        90      1962
 MINIMUM TEMPERATURE (F)   49        30      1910


SUNRISE AND SUNSET
MAY 16 2015...........SUNRISE   607 AM EDT   SUNSET   837 PM EDT
MAY 17 2015...........SUNRISE   607 AM EDT   SUNSET   838 PM EDT


-  INDICATES NEGATIVE NUMBERS.
R  INDICATES RECORD WAS SET OR TIED.
MM INDICATES DATA IS MISSING.
T  INDICATES TRACE AMOUNT.




$$
