000
CDUS41 KCLE 180527
CLICAK


CLIMATE REPORT
NATIONAL WEATHER SERVICE CLEVELAND OH
126 AM EDT WED MAR 18 2015


...................................

...THE AKRON CANTON OH CLIMATE SUMMARY FOR MARCH 17 2015...

CLIMATE NORMAL PERIOD 1981 TO 2010
CLIMATE RECORD PERIOD 1887 TO 2015


WEATHER ITEM   OBSERVED TIME   RECORD YEAR NORMAL DEPARTURE LAST
                VALUE   (LST)  VALUE       VALUE  FROM      YEAR
                                                  NORMAL
..................................................................
TEMPERATURE (F)
 YESTERDAY
  MAXIMUM         59    310 AM  77    2012  47     12       39
  MINIMUM         26   1046 PM  -2    1900  29     -3       12
  AVERAGE         43                        38      5       26

PRECIPITATION (IN)
  YESTERDAY        0.00                      0.10  -0.10     0.00
  MONTH TO DATE    1.87                      1.52   0.35     0.74
  SINCE MAR 1      1.87                      1.52   0.35     0.74
  SINCE JAN 1      7.35                      6.44   0.91     4.25

SNOWFALL (IN)
  YESTERDAY        0.0                       0.3   -0.3      0.0
  MONTH TO DATE    5.9                       5.3    0.6      5.2
  SINCE MAR 1      5.9                       5.3    0.6      5.2
  SINCE JUL 1     58.8                      41.8   17.0     64.5
  SNOW DEPTH       0

DEGREE DAYS
 HEATING
  YESTERDAY       22                        27     -5       39
  MONTH TO DATE  528                       510     18      604
  SINCE MAR 1    528                       510     18      604
  SINCE JUL 1   5371                      5054    317     5427

 COOLING
  YESTERDAY        0                         0      0        0
  MONTH TO DATE    0                         0      0        0
  SINCE MAR 1      0                         0      0        0
  SINCE JAN 1      0                         0      0        0
..................................................................


WIND (MPH)
  HIGHEST WIND SPEED    30   HIGHEST WIND DIRECTION    NW (330)
  HIGHEST GUST SPEED    41   HIGHEST GUST DIRECTION    NW (310)
  AVERAGE WIND SPEED    14.4


SKY COVER
  POSSIBLE SUNSHINE  MM
  AVERAGE SKY COVER 0.6


WEATHER CONDITIONS
 THE FOLLOWING WEATHER WAS RECORDED YESTERDAY.
  FOG
  HAZE


RELATIVE HUMIDITY (PERCENT)
 HIGHEST    82           600 AM
 LOWEST     25           200 PM
 AVERAGE    54

..........................................................


THE AKRON CANTON OH CLIMATE NORMALS FOR TODAY
                         NORMAL    RECORD    YEAR
 MAXIMUM TEMPERATURE (F)   47        75      2012
 MINIMUM TEMPERATURE (F)   29         3      1916


SUNRISE AND SUNSET
MARCH 18 2015.........SUNRISE   733 AM EDT   SUNSET   735 PM EDT
MARCH 19 2015.........SUNRISE   731 AM EDT   SUNSET   737 PM EDT


-  INDICATES NEGATIVE NUMBERS.
R  INDICATES RECORD WAS SET OR TIED.
MM INDICATES DATA IS MISSING.
T  INDICATES TRACE AMOUNT.




$$
