000
CDUS41 KCLE 310529
CLICAK


CLIMATE REPORT
NATIONAL WEATHER SERVICE CLEVELAND OH
128 AM EDT MON MAR 31 2014


...................................

...THE AKRON CANTON OH CLIMATE SUMMARY FOR MARCH 30 2014...

CLIMATE NORMAL PERIOD 1981 TO 2010
CLIMATE RECORD PERIOD 1887 TO 2014


WEATHER ITEM   OBSERVED TIME   RECORD YEAR NORMAL DEPARTURE LAST
                VALUE   (LST)  VALUE       VALUE  FROM      YEAR
                                                  NORMAL
..................................................................
TEMPERATURE (F)
 YESTERDAY
  MAXIMUM         43    351 PM  81    1986  53    -10       54
  MINIMUM         31    751 AM  12    1887  33     -2       29
  AVERAGE         37                        43     -6       42

PRECIPITATION (IN)
  YESTERDAY        0.03                      0.12  -0.09     0.00
  MONTH TO DATE    2.58                      2.87  -0.29     2.06
  SINCE MAR 1      2.58                      2.87  -0.29     2.06
  SINCE JAN 1      6.09                      7.79  -1.70     6.25

SNOWFALL (IN)
  YESTERDAY        0.3                       0.1    0.2      0.0
  MONTH TO DATE   10.2                       8.0    2.2     10.5
  SINCE MAR 1     10.2                       8.0    2.2     10.5
  SINCE JUL 1     69.5                      44.5   25.0     46.9
  SNOW DEPTH       1

DEGREE DAYS
 HEATING
  YESTERDAY       28                        22      6       23
  MONTH TO DATE  994                       829    165      924
  SINCE MAR 1    994                       829    165      924
  SINCE JUL 1   5817                      5373    444     5185

 COOLING
  YESTERDAY        0                         0      0        0
  MONTH TO DATE    0                         0      0        0
  SINCE MAR 1      0                         0      0        0
  SINCE JAN 1      0                         0      0        0
..................................................................


WIND (MPH)
  HIGHEST WIND SPEED    21   HIGHEST WIND DIRECTION     N (360)
  HIGHEST GUST SPEED    21   HIGHEST GUST DIRECTION     N (360)
  AVERAGE WIND SPEED    14.4


SKY COVER
  POSSIBLE SUNSHINE  MM
  AVERAGE SKY COVER 0.5


WEATHER CONDITIONS
 THE FOLLOWING WEATHER WAS RECORDED YESTERDAY.
  LIGHT SNOW
  FOG


RELATIVE HUMIDITY (PERCENT)
 HIGHEST    96          1200 AM
 LOWEST     41           300 PM
 AVERAGE    69

..........................................................


THE AKRON CANTON OH CLIMATE NORMALS FOR TODAY
                         NORMAL    RECORD    YEAR
 MAXIMUM TEMPERATURE (F)   53        80      1998
 MINIMUM TEMPERATURE (F)   33         9      1923


SUNRISE AND SUNSET
MARCH 31 2014.........SUNRISE   711 AM EDT   SUNSET   750 PM EDT
APRIL  1 2014.........SUNRISE   709 AM EDT   SUNSET   751 PM EDT


-  INDICATES NEGATIVE NUMBERS.
R  INDICATES RECORD WAS SET OR TIED.
MM INDICATES DATA IS MISSING.
T  INDICATES TRACE AMOUNT.




$$
