850
CDUS41 KCLE 050532
CLICAK


CLIMATE REPORT
NATIONAL WEATHER SERVICE CLEVELAND OH
1231 AM EST FRI FEB 5 2016


...................................

...THE AKRON CANTON OH CLIMATE SUMMARY FOR FEBRUARY 4 2016...

CLIMATE NORMAL PERIOD 1981 TO 2010
CLIMATE RECORD PERIOD 1887 TO 2016


WEATHER ITEM   OBSERVED TIME   RECORD YEAR NORMAL DEPARTURE LAST
                VALUE   (LST)  VALUE       VALUE  FROM      YEAR
                                                  NORMAL
..................................................................
TEMPERATURE (F)
 YESTERDAY
  MAXIMUM         38   1213 AM  64    1890  34      4       38
  MINIMUM         28   1159 PM  -8    1996  20      8       23
  AVERAGE         33                        27      6       31

PRECIPITATION (IN)
  YESTERDAY        T                         0.08  -0.08     0.28
  MONTH TO DATE    0.68                      0.32   0.36     1.08
  SINCE DEC 1      5.59                      5.77  -0.18     6.88
  SINCE JAN 1      1.89                      2.93  -1.04     4.57

SNOWFALL (IN)
  YESTERDAY        T                         0.3   -0.3      2.3
  MONTH TO DATE    T                         1.5   -1.5      7.7
  SINCE DEC 1      6.3                      24.1  -17.8     29.5
  SINCE JUL 1      6.3                      27.5  -21.2     37.5
  SNOW DEPTH       0

DEGREE DAYS
 HEATING
  YESTERDAY       32                        38     -6       34
  MONTH TO DATE   95                       152    -57      159
  SINCE DEC 1   1915                      2429   -514     2346
  SINCE JUL 1   2795                      3688   -893     3629

 COOLING
  YESTERDAY        0                         0      0        0
  MONTH TO DATE    0                         0      0        0
  SINCE DEC 1      0                         0      0        0
  SINCE JAN 1      0                         0      0        0
..................................................................


WIND (MPH)
  HIGHEST WIND SPEED    18   HIGHEST WIND DIRECTION     W (270)
  HIGHEST GUST SPEED    24   HIGHEST GUST DIRECTION     N (10)
  AVERAGE WIND SPEED     9.8


SKY COVER
  POSSIBLE SUNSHINE  MM
  AVERAGE SKY COVER 1.0


WEATHER CONDITIONS
 THE FOLLOWING WEATHER WAS RECORDED YESTERDAY.
  LIGHT SNOW
  HAZE


RELATIVE HUMIDITY (PERCENT)
 HIGHEST    75           600 AM
 LOWEST     61           400 PM
 AVERAGE    68

..........................................................


THE AKRON CANTON OH CLIMATE NORMALS FOR TODAY
                         NORMAL    RECORD    YEAR
 MAXIMUM TEMPERATURE (F)   35        63      1890
 MINIMUM TEMPERATURE (F)   20       -15      1918


SUNRISE AND SUNSET
FEBRUARY  5 2016......SUNRISE   733 AM EST   SUNSET   547 PM EST
FEBRUARY  6 2016......SUNRISE   731 AM EST   SUNSET   549 PM EST


-  INDICATES NEGATIVE NUMBERS.
R  INDICATES RECORD WAS SET OR TIED.
MM INDICATES DATA IS MISSING.
T  INDICATES TRACE AMOUNT.




$$
