000
CDUS41 KCLE 180526
CLICAK


CLIMATE REPORT
NATIONAL WEATHER SERVICE CLEVELAND OH
126 AM EDT MON AUG 18 2014


...................................

...THE AKRON CANTON OH CLIMATE SUMMARY FOR AUGUST 17 2014...

CLIMATE NORMAL PERIOD 1981 TO 2010
CLIMATE RECORD PERIOD 1887 TO 2014


WEATHER ITEM   OBSERVED TIME   RECORD YEAR NORMAL DEPARTURE LAST
                VALUE   (LST)  VALUE       VALUE  FROM      YEAR
                                                  NORMAL
..................................................................
TEMPERATURE (F)
 YESTERDAY
  MAXIMUM         79    324 PM  97    1988  80     -1       79
  MINIMUM         63   1159 PM  46    1902  61      2       56
  AVERAGE         71                        71      0       68

PRECIPITATION (IN)
  YESTERDAY        0.03                      0.11  -0.08     0.00
  MONTH TO DATE    3.25                      1.98   1.27     0.95
  SINCE JUN 1     16.69                      9.89   6.80    13.97
  SINCE JAN 1     33.32                     25.62   7.70    26.23

SNOWFALL (IN)
  YESTERDAY        0.0                       0.0    0.0      0.0
  MONTH TO DATE    0.0                       0.0    0.0      0.0
  SINCE JUN 1      0.0                       0.0    0.0      0.0
  SINCE JUL 1      0.0                       0.0    0.0      0.0
  SNOW DEPTH       0

DEGREE DAYS
 HEATING
  YESTERDAY        0                         0      0        0
  MONTH TO DATE    6                         0      6        8
  SINCE JUN 1     31                        55    -24       40
  SINCE JUL 1     16                         6     10       13

 COOLING
  YESTERDAY        6                         6      0        3
  MONTH TO DATE   83                       111    -28       70
  SINCE JUN 1    443                       468    -25      503
  SINCE JAN 1    519                       510      9      609
..................................................................


WIND (MPH)
  HIGHEST WIND SPEED    14   HIGHEST WIND DIRECTION     W (270)
  HIGHEST GUST SPEED    17   HIGHEST GUST DIRECTION     W (280)
  AVERAGE WIND SPEED     4.2


SKY COVER
  POSSIBLE SUNSHINE  MM
  AVERAGE SKY COVER 0.8


WEATHER CONDITIONS
 THE FOLLOWING WEATHER WAS RECORDED YESTERDAY.
  LIGHT RAIN
  FOG


RELATIVE HUMIDITY (PERCENT)
 HIGHEST    87           100 AM
 LOWEST     58           300 PM
 AVERAGE    73

..........................................................


THE AKRON CANTON OH CLIMATE NORMALS FOR TODAY
                         NORMAL    RECORD    YEAR
 MAXIMUM TEMPERATURE (F)   80        93      1922
 MINIMUM TEMPERATURE (F)   61        47      1981


SUNRISE AND SUNSET
AUGUST 18 2014........SUNRISE   639 AM EDT   SUNSET   820 PM EDT
AUGUST 19 2014........SUNRISE   640 AM EDT   SUNSET   818 PM EDT


-  INDICATES NEGATIVE NUMBERS.
R  INDICATES RECORD WAS SET OR TIED.
MM INDICATES DATA IS MISSING.
T  INDICATES TRACE AMOUNT.




$$
