000
CDUS41 KCLE 272220
CLICAK


CLIMATE REPORT
NATIONAL WEATHER SERVICE CLEVELAND OH
518 PM EST WED DEC 27 2017


...................................

...THE AKRON CANTON OH CLIMATE SUMMARY FOR DECEMBER 27 2017...
VALID TODAY AS OF 0500 PM LOCAL TIME.

CLIMATE NORMAL PERIOD 1981 TO 2010
CLIMATE RECORD PERIOD 1887 TO 2017


WEATHER ITEM   OBSERVED TIME   RECORD YEAR NORMAL DEPARTURE LAST
                VALUE   (LST)  VALUE       VALUE  FROM      YEAR
                                                  NORMAL
..................................................................
TEMPERATURE (F)
 TODAY
  MAXIMUM         15    215 PM  64    2015  34    -19       51
                                      2008
  MINIMUM          2    823 AM  -9    1950  21    -19       32
  AVERAGE          9                        28    -19       42

PRECIPITATION (IN)
  TODAY            0.00                      0.08  -0.08     0.00
  MONTH TO DATE    1.76                      2.49  -0.73     2.91
  SINCE DEC 1      1.76                      2.49  -0.73     2.91
  SINCE JAN 1     48.34                     39.27   9.07    38.56

SNOWFALL (IN)
  TODAY            0.0                       0.4   -0.4      0.0
  MONTH TO DATE   10.4                       8.7    1.7      6.7
  SINCE DEC 1     10.4                       8.7    1.7      6.7
  SINCE JUL 1     10.5                      12.1   -1.6      8.8
  SNOW DEPTH       T

DEGREE DAYS
 HEATING
  TODAY           56                        38     18       23
  MONTH TO DATE  911                       921    -10      938
  SINCE DEC 1    911                       921    -10      938
  SINCE JUL 1   1901                      2180   -279     1816

 COOLING
  TODAY            0                         0      0        0
  MONTH TO DATE    0                         0      0        0
  SINCE DEC 1      0                         0      0        0
  SINCE JAN 1    926                       652    274     1133
..................................................................


WIND (MPH)
  HIGHEST WIND SPEED    16   HIGHEST WIND DIRECTION     W (290)
  HIGHEST GUST SPEED    21   HIGHEST GUST DIRECTION     W (290)


SKY COVER
  POSSIBLE SUNSHINE  MM
  AVERAGE SKY COVER 0.3


WEATHER CONDITIONS
 THE FOLLOWING WEATHER WAS RECORDED TODAY.
  HAZE


RELATIVE HUMIDITY (PERCENT)
 HIGHEST    87           800 AM
 LOWEST     51           200 PM
 AVERAGE    69

..........................................................


THE AKRON CANTON OH CLIMATE NORMALS FOR TOMORROW
                         NORMAL    RECORD    YEAR
 MAXIMUM TEMPERATURE (F)   34        66      1982
 MINIMUM TEMPERATURE (F)   21        -5      1924


SUNRISE AND SUNSET
DECEMBER 27 2017......SUNRISE   749 AM EST   SUNSET   505 PM EST
DECEMBER 28 2017......SUNRISE   750 AM EST   SUNSET   505 PM EST


-  INDICATES NEGATIVE NUMBERS.
R  INDICATES RECORD WAS SET OR TIED.
MM INDICATES DATA IS MISSING.
T  INDICATES TRACE AMOUNT.




$$
