000
CDUS41 KCLE 222111
CLICAK


CLIMATE REPORT
NATIONAL WEATHER SERVICE CLEVELAND OH
510 PM EDT TUE JUL 22 2014


...................................

...THE AKRON CANTON OH CLIMATE SUMMARY FOR JULY 22 2014...
VALID TODAY AS OF 0500 PM LOCAL TIME.

CLIMATE NORMAL PERIOD 1981 TO 2010
CLIMATE RECORD PERIOD 1887 TO 2014


WEATHER ITEM   OBSERVED TIME   RECORD YEAR NORMAL DEPARTURE LAST
                VALUE   (LST)  VALUE       VALUE  FROM      YEAR
                                                  NORMAL
..................................................................
TEMPERATURE (F)
 TODAY
  MAXIMUM         89    220 PM  99    1933  82      7       75
  MINIMUM         67    522 AM  48    1904  62      5       66
  AVERAGE         78                        72      6       71

PRECIPITATION (IN)
  TODAY            0.00                      0.13  -0.13     0.21
  MONTH TO DATE    2.73                      2.91  -0.18     5.76
  SINCE JUN 1     12.01                      6.74   5.27    11.67
  SINCE JAN 1     28.64                     22.47   6.17    23.93

SNOWFALL (IN)
  TODAY            0.0                       0.0    0.0      0.0
  MONTH TO DATE    0.0                       0.0    0.0      0.0
  SINCE JUN 1      0.0                       0.0    0.0      0.0
  SINCE JUL 1      0.0                       0.0    0.0      0.0
  SNOW DEPTH       0

DEGREE DAYS
 HEATING
  TODAY            0                         0      0        0
  MONTH TO DATE    2                         0      2        0
  SINCE JUN 1     17                        49    -32       27
  SINCE JUL 1      2                         0      2        0

 COOLING
  TODAY           13                         7      6        6
  MONTH TO DATE  155                       154      1      253
  SINCE JUN 1    338                       289     49      414
  SINCE JAN 1    414                       331     83      520
..................................................................


WIND (MPH)
  HIGHEST WIND SPEED    13   HIGHEST WIND DIRECTION    SW (230)
  HIGHEST GUST SPEED    18   HIGHEST GUST DIRECTION     W (250)


SKY COVER
  POSSIBLE SUNSHINE  MM
  AVERAGE SKY COVER 0.2


WEATHER CONDITIONS
 THE FOLLOWING WEATHER WAS RECORDED TODAY.
  FOG
  HAZE


RELATIVE HUMIDITY (PERCENT)
 HIGHEST    87           500 AM
 LOWEST     50           200 PM
 AVERAGE    69

..........................................................


THE AKRON CANTON OH CLIMATE NORMALS FOR TOMORROW
                         NORMAL    RECORD    YEAR
 MAXIMUM TEMPERATURE (F)   82       101      1933
 MINIMUM TEMPERATURE (F)   62        45      1904


SUNRISE AND SUNSET
JULY 22 2014..........SUNRISE   613 AM EDT   SUNSET   851 PM EDT
JULY 23 2014..........SUNRISE   614 AM EDT   SUNSET   850 PM EDT


-  INDICATES NEGATIVE NUMBERS.
R  INDICATES RECORD WAS SET OR TIED.
MM INDICATES DATA IS MISSING.
T  INDICATES TRACE AMOUNT.




$$
