000
CDUS41 KCLE 102115
CLICAK


CLIMATE REPORT
NATIONAL WEATHER SERVICE CLEVELAND OH
514 PM EDT FRI OCT 10 2014


...................................

...THE AKRON CANTON OH CLIMATE SUMMARY FOR OCTOBER 10 2014...
VALID TODAY AS OF 0500 PM LOCAL TIME.

CLIMATE NORMAL PERIOD 1981 TO 2010
CLIMATE RECORD PERIOD 1887 TO 2014


WEATHER ITEM   OBSERVED TIME   RECORD YEAR NORMAL DEPARTURE LAST
                VALUE   (LST)  VALUE       VALUE  FROM      YEAR
                                                  NORMAL
..................................................................
TEMPERATURE (F)
 TODAY
  MAXIMUM         62    126 PM  85    1949  63     -1       70
  MINIMUM         41   1248 AM  29    1897  44     -3       43
                                      1888
  AVERAGE         52                        54     -2       57

PRECIPITATION (IN)
  TODAY            0.00                      0.10  -0.10     0.00
  MONTH TO DATE    1.03                      0.93   0.10     3.74
  SINCE SEP 1      2.23                      4.38  -2.15     6.64
  SINCE JAN 1     38.02                     31.58   6.44    33.71

SNOWFALL (IN)
  TODAY            0.0                       0.0    0.0      0.0
  MONTH TO DATE    0.0                       0.0    0.0      0.0
  SINCE SEP 1      0.0                       0.0    0.0      0.0
  SINCE JUL 1      0.0                       0.0    0.0      0.0
  SNOW DEPTH       0

DEGREE DAYS
 HEATING
  TODAY           13                        12      1        8
  MONTH TO DATE  104                       102      2       37
  SINCE SEP 1    191                       221    -30      139
  SINCE JUL 1    207                       241    -34      152

 COOLING
  TODAY            0                         0      0        0
  MONTH TO DATE    0                         3     -3       28
  SINCE SEP 1     79                        67     12      105
  SINCE JAN 1    715                       649     66      829
..................................................................


WIND (MPH)
  HIGHEST WIND SPEED     9   HIGHEST WIND DIRECTION     N (20)
  HIGHEST GUST SPEED    18   HIGHEST GUST DIRECTION     N (20)


SKY COVER
  POSSIBLE SUNSHINE  MM
  AVERAGE SKY COVER 0.8


WEATHER CONDITIONS
 THE FOLLOWING WEATHER WAS RECORDED TODAY.
  FOG
  FOG W/VISIBILITY <= 1/4 MILE
  HAZE


RELATIVE HUMIDITY (PERCENT)
 HIGHEST    93           900 AM
 LOWEST     42           200 PM
 AVERAGE    68

..........................................................


THE AKRON CANTON OH CLIMATE NORMALS FOR TOMORROW
                         NORMAL    RECORD    YEAR
 MAXIMUM TEMPERATURE (F)   63        87      1928
 MINIMUM TEMPERATURE (F)   44        25      1964


SUNRISE AND SUNSET
OCTOBER 10 2014.......SUNRISE   732 AM EDT   SUNSET   653 PM EDT
OCTOBER 11 2014.......SUNRISE   733 AM EDT   SUNSET   651 PM EDT


-  INDICATES NEGATIVE NUMBERS.
R  INDICATES RECORD WAS SET OR TIED.
MM INDICATES DATA IS MISSING.
T  INDICATES TRACE AMOUNT.




$$
