000
CDUS41 KCLE 040545
CLICAK


CLIMATE REPORT
NATIONAL WEATHER SERVICE CLEVELAND OH
145 AM EDT TUE JUL 4 2017


...................................

...THE AKRON CANTON OH CLIMATE SUMMARY FOR JULY 3 2017...

CLIMATE NORMAL PERIOD 1981 TO 2010
CLIMATE RECORD PERIOD 1887 TO 2017


WEATHER ITEM   OBSERVED TIME   RECORD YEAR NORMAL DEPARTURE LAST
                VALUE   (LST)  VALUE       VALUE  FROM      YEAR
                                                  NORMAL
..................................................................
TEMPERATURE (F)
 YESTERDAY
  MAXIMUM         85    133 PM  97    1911  82      3       74
                                      1898
  MINIMUM         63    400 AM  42    1907  61      2       54
  AVERAGE         74                        72      2       64

PRECIPITATION (IN)
  YESTERDAY        0.09                      0.13  -0.04     0.00
  MONTH TO DATE    0.23                      0.40  -0.17     0.07
  SINCE JUN 1      4.96                      4.23   0.73     3.58
  SINCE JAN 1     31.08                     19.96  11.12    18.25

SNOWFALL (IN)
  YESTERDAY        0.0                       0.0    0.0      0.0
  MONTH TO DATE    0.0                       0.0    0.0      0.0
  SINCE JUN 1      0.0                       0.0    0.0      0.0
  SINCE JUL 1      0.0                       0.0    0.0      0.0
  SNOW DEPTH       0

DEGREE DAYS
 HEATING
  YESTERDAY        0                         0      0        1
  MONTH TO DATE    0                         0      0        3
  SINCE JUN 1     23                        49    -26       22
  SINCE JUL 1      0                         0      0        3

 COOLING
  YESTERDAY        9                         7      2        0
  MONTH TO DATE   30                        21      9        4
  SINCE JUN 1    219                       156     63      198
  SINCE JAN 1    283                       198     85      259
..................................................................


WIND (MPH)
  HIGHEST WIND SPEED    16   HIGHEST WIND DIRECTION     W (290)
  HIGHEST GUST SPEED    21   HIGHEST GUST DIRECTION    SW (220)
  AVERAGE WIND SPEED     4.5


SKY COVER
  POSSIBLE SUNSHINE  MM
  AVERAGE SKY COVER 0.6


WEATHER CONDITIONS
 THE FOLLOWING WEATHER WAS RECORDED YESTERDAY.
  THUNDERSTORM
  RAIN
  LIGHT RAIN
  FOG


RELATIVE HUMIDITY (PERCENT)
 HIGHEST    84           500 AM
 LOWEST     51          1100 AM
 AVERAGE    68

..........................................................


THE AKRON CANTON OH CLIMATE NORMALS FOR TODAY
                         NORMAL    RECORD    YEAR
 MAXIMUM TEMPERATURE (F)   82        99      1911
 MINIMUM TEMPERATURE (F)   62        41      1904


SUNRISE AND SUNSET
JULY  4 2017..........SUNRISE   559 AM EDT   SUNSET   901 PM EDT
JULY  5 2017..........SUNRISE   600 AM EDT   SUNSET   901 PM EDT


-  INDICATES NEGATIVE NUMBERS.
R  INDICATES RECORD WAS SET OR TIED.
MM INDICATES DATA IS MISSING.
T  INDICATES TRACE AMOUNT.




$$
