000
CDUS41 KCLE 282116
CLICAK


CLIMATE REPORT
NATIONAL WEATHER SERVICE CLEVELAND OH
515 PM EDT SAT OCT 28 2017


...................................

...THE AKRON CANTON OH CLIMATE SUMMARY FOR OCTOBER 28 2017...
VALID TODAY AS OF 0500 PM LOCAL TIME.

CLIMATE NORMAL PERIOD 1981 TO 2010
CLIMATE RECORD PERIOD 1887 TO 2017


WEATHER ITEM   OBSERVED TIME   RECORD YEAR NORMAL DEPARTURE LAST
                VALUE   (LST)  VALUE       VALUE  FROM      YEAR
                                                  NORMAL
..................................................................
TEMPERATURE (F)
 TODAY
  MAXIMUM         49   1236 AM  80    1927  57     -8       55
  MINIMUM         38    224 PM  23    1976  39     -1       43
                                      1936
  AVERAGE         44                        48     -4       49

PRECIPITATION (IN)
  TODAY            0.17                      0.10   0.07      T
  MONTH TO DATE    3.43                      2.54   0.89     3.51
  SINCE SEP 1      5.45                      5.99  -0.54    10.05
  SINCE JAN 1     40.12                     33.19   6.93    33.65

SNOWFALL (IN)
  TODAY            0.0                       0.0    0.0      0.0
  MONTH TO DATE    0.0                       0.3   -0.3      0.0
  SINCE SEP 1      0.0                       0.3   -0.3      0.0
  SINCE JUL 1      0.0                       0.3   -0.3      0.0
  SNOW DEPTH       0

DEGREE DAYS
 HEATING
  TODAY           21                        17      4       16
  MONTH TO DATE  154                       363   -209      248
  SINCE SEP 1    223                       482   -259      278
  SINCE JUL 1    229                       502   -273      281

 COOLING
  TODAY            0                         0      0        0
  MONTH TO DATE   35                         3     32       21
  SINCE SEP 1    184                        67    117      176
  SINCE JAN 1    926                       649    277     1130
..................................................................


WIND (MPH)
  HIGHEST WIND SPEED    14   HIGHEST WIND DIRECTION    NW (300)
  HIGHEST GUST SPEED    18   HIGHEST GUST DIRECTION    NW (300)


SKY COVER
  POSSIBLE SUNSHINE  MM
  AVERAGE SKY COVER 0.9


WEATHER CONDITIONS
 THE FOLLOWING WEATHER WAS RECORDED TODAY.
  LIGHT RAIN
  FOG


RELATIVE HUMIDITY (PERCENT)
 HIGHEST    92           400 AM
 LOWEST     76           300 PM
 AVERAGE    84

..........................................................


THE AKRON CANTON OH CLIMATE NORMALS FOR TOMORROW
                         NORMAL    RECORD    YEAR
 MAXIMUM TEMPERATURE (F)   56        77      1900
 MINIMUM TEMPERATURE (F)   39        25      1965
                                             1925


SUNRISE AND SUNSET
OCTOBER 28 2017.......SUNRISE   752 AM EDT   SUNSET   626 PM EDT
OCTOBER 29 2017.......SUNRISE   753 AM EDT   SUNSET   625 PM EDT


-  INDICATES NEGATIVE NUMBERS.
R  INDICATES RECORD WAS SET OR TIED.
MM INDICATES DATA IS MISSING.
T  INDICATES TRACE AMOUNT.




$$
